- using R version 4.4.2 (2024-10-31 ucrt)
- using platform: x86_64-w64-mingw32
- R was compiled by
gcc.exe (GCC) 13.3.0
GNU Fortran (GCC) 13.3.0
- running under: Windows Server 2022 x64 (build 20348)
- using session charset: UTF-8
- checking for file 'shiny.info/DESCRIPTION' ... OK
- checking extension type ... Package
- this is package 'shiny.info' version '0.2.0'
- package encoding: UTF-8
- checking package namespace information ... OK
- checking package dependencies ... OK
- checking if this is a source package ... OK
- checking if there is a namespace ... OK
- checking for hidden files and directories ... OK
- checking for portable file names ... OK
- checking whether package 'shiny.info' can be installed ... OK
See the install log for details.
- checking installed package size ... OK
- checking package directory ... OK
- checking DESCRIPTION meta-information ... OK
- checking top-level files ... OK
- checking for left-over files ... OK
- checking index information ... OK
- checking package subdirectories ... OK
- checking code files for non-ASCII characters ... OK
- checking R files for syntax errors ... OK
- checking whether the package can be loaded ... [1s] OK
- checking whether the package can be loaded with stated dependencies ... [1s] OK
- checking whether the package can be unloaded cleanly ... [1s] OK
- checking whether the namespace can be loaded with stated dependencies ... [1s] OK
- checking whether the namespace can be unloaded cleanly ... [1s] OK
- checking loading without being on the library search path ... [1s] OK
- checking use of S3 registration ... OK
- checking dependencies in R code ... OK
- checking S3 generic/method consistency ... OK
- checking replacement functions ... OK
- checking foreign function calls ... OK
- checking R code for possible problems ... [3s] OK
- checking Rd files ... [1s] NOTE
checkRd: (-1) display.Rd:17: Lost braces; missing escapes or markup?
17 | div which wraps your message to display it in the {position} corner of your shiny app.
| ^
checkRd: (-1) info_value.Rd:15: Lost braces; missing escapes or markup?
15 | div which wraps rendered value to display it in the {position} corner of your shiny app.
| ^
- checking Rd metadata ... OK
- checking Rd cross-references ... OK
- checking for missing documentation entries ... OK
- checking for code/documentation mismatches ... OK
- checking Rd \usage sections ... OK
- checking Rd contents ... OK
- checking for unstated dependencies in examples ... OK
- checking examples ... [1s] OK
- checking for unstated dependencies in 'tests' ... OK
- checking tests ... [2s] ERROR
Running 'testthat.R' [2s]
Running the tests in 'tests/testthat.R' failed.
Complete output:
> library(testthat)
> library(shiny.info)
>
> test_check("shiny.info")
[ FAIL 1 | WARN 0 | SKIP 0 | PASS 24 ]
══ Failed tests ════════════════════════════════════════════════════════════════
── Error ('test-lintr.R:1:1'): (code run outside of `test_that()`) ─────────────
Error: Function with_defaults was deprecated in lintr version 3.0.0. Use linters_with_defaults or modify_defaults instead.
Backtrace:
▆
1. └─lintr::with_defaults(...) at test-lintr.R:1:1
2. └─lintr:::lintr_deprecated(...)
[ FAIL 1 | WARN 0 | SKIP 0 | PASS 24 ]
Error: Test failures
Execution halted
- checking PDF version of manual ... [20s] OK
- checking HTML version of manual ... [3s] OK
- DONE
Status: 1 ERROR, 1 NOTE