- using R version 4.4.2 (2024-10-31 ucrt)
- using platform: x86_64-w64-mingw32
- R was compiled by
gcc.exe (GCC) 13.3.0
GNU Fortran (GCC) 13.3.0
- running under: Windows Server 2022 x64 (build 20348)
- using session charset: UTF-8
- checking for file 'ARUtools/DESCRIPTION' ... OK
- checking extension type ... Package
- this is package 'ARUtools' version '0.7.1'
- package encoding: UTF-8
- checking package namespace information ... OK
- checking package dependencies ... OK
- checking if this is a source package ... OK
- checking if there is a namespace ... OK
- checking for hidden files and directories ... OK
- checking for portable file names ... OK
- checking whether package 'ARUtools' can be installed ... OK
See the install log for details.
- checking installed package size ... OK
- checking package directory ... OK
- checking 'build' directory ... OK
- checking DESCRIPTION meta-information ... OK
- checking top-level files ... OK
- checking for left-over files ... OK
- checking index information ... OK
- checking package subdirectories ... OK
- checking code files for non-ASCII characters ... OK
- checking R files for syntax errors ... OK
- checking whether the package can be loaded ... [1s] OK
- checking whether the package can be loaded with stated dependencies ... [0s] OK
- checking whether the package can be unloaded cleanly ... [1s] OK
- checking whether the namespace can be loaded with stated dependencies ... [0s] OK
- checking whether the namespace can be unloaded cleanly ... [1s] OK
- checking loading without being on the library search path ... [0s] OK
- checking whether startup messages can be suppressed ... [1s] OK
- checking use of S3 registration ... OK
- checking dependencies in R code ... OK
- checking S3 generic/method consistency ... OK
- checking replacement functions ... OK
- checking foreign function calls ... OK
- checking R code for possible problems ... [5s] OK
- checking Rd files ... [1s] OK
- checking Rd metadata ... OK
- checking Rd cross-references ... OK
- checking for missing documentation entries ... OK
- checking for code/documentation mismatches ... OK
- checking Rd \usage sections ... OK
- checking Rd contents ... OK
- checking for unstated dependencies in examples ... OK
- checking contents of 'data' directory ... OK
- checking data for non-ASCII characters ... [0s] OK
- checking LazyData ... OK
- checking data for ASCII and uncompressed saves ... OK
- checking installed files from 'inst/doc' ... OK
- checking files in 'vignettes' ... OK
- checking examples ... [30s] OK
- checking for unstated dependencies in 'tests' ... OK
- checking tests ... [46s] ERROR
Running 'testthat.R' [45s]
Running the tests in 'tests/testthat.R' failed.
Complete output:
> library(testthat)
> library(ARUtools)
>
> test_check("ARUtools")
ERROR: Unknown command "TMPDIR=D:/temp/2025_02_20_01_50_00_13994/Rtmp0k4XiT/file112d82247336c". Did you mean command "preview"?
ERROR: Unknown command "TMPDIR=D:/temp/2025_02_20_01_50_00_13994/Rtmp0k4XiT/file112d830eb2f83". Did you mean command "render"?
Extracting Dates and Times...
! Omitted 1 extra, non-json/GPS files
! Detected 2 log files
[ FAIL 2 | WARN 0 | SKIP 6 | PASS 566 ]
══ Skipped tests (6) ═══════════════════════════════════════════════════════════
• On CRAN (5): 'test-08_selections.R:27:3', 'test-08_selections.R:91:3',
'test-08_selections.R:198:3', 'test-10_clean_logs.R:29:3',
'test-10_clean_logs.R:61:3'
• SoX not available (1): 'test-07_wave_files.R:193:3'
══ Failed tests ════════════════════════════════════════════════════════════════
── Failure ('test-09_create_dirs.R:35:3'): create_dirs() ───────────────────────
`... <- NULL` produced warnings.
── Failure ('test-09_create_dirs.R:78:3'): create_dirs() ───────────────────────
`... <- NULL` produced warnings.
[ FAIL 2 | WARN 0 | SKIP 6 | PASS 566 ]
Deleting unused snapshots:
• 08_selections/sim-selection-weights2.svg
• 08_selections/sim-selection-weights3.svg
Error: Test failures
Execution halted
- checking for unstated dependencies in vignettes ... OK
- checking package vignettes ... OK
- checking re-building of vignette outputs ... [64s] OK
- checking PDF version of manual ... [29s] OK
- checking HTML version of manual ... [7s] OK
- DONE
Status: 1 ERROR