- using R version 4.4.1 (2024-06-14)
- using platform: aarch64-apple-darwin20
- R was compiled by
Apple clang version 14.0.0 (clang-1400.0.29.202)
GNU Fortran (GCC) 12.2.0
- running under: macOS Ventura 13.4
- using session charset: UTF-8
- checking for file ‘fs/DESCRIPTION’ ... OK
- this is package ‘fs’ version ‘1.6.5’
- package encoding: UTF-8
- checking package namespace information ... OK
- checking package dependencies ... OK
- checking if this is a source package ... OK
- checking if there is a namespace ... OK
- checking for executable files ... OK
- checking for hidden files and directories ... OK
- checking for portable file names ... OK
- checking for sufficient/correct file permissions ... OK
- checking whether package ‘fs’ can be installed ... [28s/36s] OK
See the install log for details.
- used C++ compiler: ‘Apple clang version 14.0.0 (clang-1400.0.29.202)’
- used SDK: ‘MacOSX11.3.sdk’
- checking installed package size ... OK
- checking package directory ... OK
- checking ‘build’ directory ... OK
- checking DESCRIPTION meta-information ... OK
- checking top-level files ... OK
- checking for left-over files ... OK
- checking index information ... OK
- checking package subdirectories ... OK
- checking code files for non-ASCII characters ... OK
- checking R files for syntax errors ... OK
- checking whether the package can be loaded ... [0s/0s] OK
- checking whether the package can be loaded with stated dependencies ... [0s/0s] OK
- checking whether the package can be unloaded cleanly ... [0s/0s] OK
- checking whether the namespace can be loaded with stated dependencies ... [0s/0s] OK
- checking whether the namespace can be unloaded cleanly ... [0s/0s] OK
- checking loading without being on the library search path ... [0s/0s] OK
- checking whether startup messages can be suppressed ... [0s/0s] OK
- checking dependencies in R code ... OK
- checking S3 generic/method consistency ... OK
- checking replacement functions ... OK
- checking foreign function calls ... OK
- checking R code for possible problems ... [1s/2s] OK
- checking Rd files ... [0s/0s] OK
- checking Rd metadata ... OK
- checking Rd cross-references ... OK
- checking for missing documentation entries ... OK
- checking for code/documentation mismatches ... OK
- checking Rd \usage sections ... OK
- checking Rd contents ... OK
- checking for unstated dependencies in examples ... OK
- checking line endings in shell scripts ... OK
- checking line endings in C/C++/Fortran sources/headers ... OK
- checking line endings in Makefiles ... OK
- checking compilation flags in Makevars ... OK
- checking for GNU extensions in Makefiles ... NOTE
GNU make is a SystemRequirements.
- checking for portable use of $(BLAS_LIBS) and $(LAPACK_LIBS) ... OK
- checking use of PKG_*FLAGS in Makefiles ... OK
- checking include directives in Makefiles ... OK
- checking compiled code ... OK
- checking installed files from ‘inst/doc’ ... OK
- checking files in ‘vignettes’ ... OK
- checking examples ... [1s/1s] OK
- checking for unstated dependencies in ‘tests’ ... OK
- checking tests ... [8s/9s] ERROR
Running ‘spelling.R’ [0s/0s]
Running ‘testthat.R’ [8s/9s]
Running the tests in ‘tests/testthat.R’ failed.
Complete output:
> library(testthat)
> library(fs)
>
> test_check("fs")
[ FAIL 1 | WARN 0 | SKIP 3 | PASS 3482 ]
══ Skipped tests (3) ═══════════════════════════════════════════════════════════
Error in base::nchar(wide_chars$test, type = "width") :
cannot open file '/Volumes/Builds/packages/big-sur-arm64/Rlib/4.4/cli/R/sysdata.rdb': No such file or directory
Calls: test_check ... unicode_pre -> setup_unicode_width_fix -> <Anonymous>
Execution halted
- checking for unstated dependencies in vignettes ... OK
- checking package vignettes ... OK
- checking re-building of vignette outputs ... [5s/5s] ERROR
Error(s) in re-building vignettes:
--- re-building ‘function-comparisons.Rmd’ using rmarkdown
Error: processing vignette 'function-comparisons.Rmd' failed with diagnostics:
there is no package called ‘rlang’
--- failed re-building ‘function-comparisons.Rmd’
SUMMARY: processing the following file failed:
‘function-comparisons.Rmd’
Error: Vignette re-building failed.
Execution halted
- checking PDF version of manual ... [4s/4s] OK
- DONE
Status: 2 ERRORs, 1 NOTE
- using check arguments '--no-clean-on-error '