- using R version 4.4.0 alpha (2024-03-31 r86238)
- using platform: aarch64-apple-darwin20
- R was compiled by
Apple clang version 14.0.0 (clang-1400.0.29.202)
GNU Fortran (GCC) 12.2.0
- running under: macOS Ventura 13.4
- using session charset: UTF-8
- checking for file ‘BFS/DESCRIPTION’ ... OK
- checking extension type ... Package
- this is package ‘BFS’ version ‘0.5.8’
- package encoding: UTF-8
- checking package namespace information ... OK
- checking package dependencies ... OK
- checking if this is a source package ... OK
- checking if there is a namespace ... OK
- checking for executable files ... OK
- checking for hidden files and directories ... OK
- checking for portable file names ... OK
- checking for sufficient/correct file permissions ... OK
- checking whether package ‘BFS’ can be installed ... [3s/4s] OK
See the install log for details.
- checking installed package size ... OK
- checking package directory ... OK
- checking DESCRIPTION meta-information ... OK
- checking top-level files ... OK
- checking for left-over files ... OK
- checking index information ... OK
- checking package subdirectories ... OK
- checking code files for non-ASCII characters ... OK
- checking R files for syntax errors ... OK
- checking whether the package can be loaded ... [1s/1s] OK
- checking whether the package can be loaded with stated dependencies ... [1s/1s] OK
- checking whether the package can be unloaded cleanly ... [1s/1s] OK
- checking whether the namespace can be loaded with stated dependencies ... [1s/1s] OK
- checking whether the namespace can be unloaded cleanly ... [1s/1s] OK
- checking loading without being on the library search path ... [1s/1s] OK
- checking dependencies in R code ... OK
- checking S3 generic/method consistency ... OK
- checking replacement functions ... OK
- checking foreign function calls ... OK
- checking R code for possible problems ... [2s/3s] OK
- checking Rd files ... [0s/0s] OK
- checking Rd metadata ... OK
- checking Rd cross-references ... OK
- checking for missing documentation entries ... OK
- checking for code/documentation mismatches ... OK
- checking Rd \usage sections ... OK
- checking Rd contents ... OK
- checking for unstated dependencies in examples ... OK
- checking contents of ‘data’ directory ... OK
- checking data for non-ASCII characters ... [0s/0s] OK
- checking LazyData ... OK
- checking data for ASCII and uncompressed saves ... OK
- checking examples ... [1s/1s] OK
- checking for unstated dependencies in ‘tests’ ... OK
- checking tests ... [17s/271s] ERROR
Running ‘testthat.R’ [17s/271s]
Running the tests in ‘tests/testthat.R’ failed.
Last 13 lines of output:
4. └─rstac:::assets_download.doc_items(...)
5. ├─rstac::assets_download(...)
6. └─rstac:::assets_download.doc_item(...)
7. └─base::lapply(...)
8. └─rstac (local) FUN(X[[i]], ...)
9. └─rstac:::make_get_request(...)
10. └─base::tryCatch(...)
11. └─base (local) tryCatchList(expr, classes, parentenv, handlers)
12. └─base (local) tryCatchOne(expr, names, parentenv, handlers[[1L]])
13. └─value[[3L]](cond)
14. └─rstac:::.error(paste(error_msg, "'%s'. \n%s"), url, e$message)
[ FAIL 1 | WARN 2 | SKIP 0 | PASS 49 ]
Error: Test failures
Execution halted
- checking PDF version of manual ... [4s/4s] OK
- DONE
Status: 1 ERROR
- using check arguments '--no-clean-on-error '