- using R version 4.4.1 (2024-06-14)
- using platform: x86_64-pc-linux-gnu
- R was compiled by
gcc-13 (Debian 13.2.0-25) 13.2.0
GNU Fortran (Debian 13.2.0-25) 13.2.0
- running under: Debian GNU/Linux trixie/sid
- using session charset: UTF-8
- checking for file ‘blavaan/DESCRIPTION’ ... OK
- this is package ‘blavaan’ version ‘0.5-5’
- checking package namespace information ... OK
- checking package dependencies ... NOTE
Package suggested but not available for checking: ‘cmdstanr’
- checking if this is a source package ... OK
- checking if there is a namespace ... OK
- checking for executable files ... OK
- checking for hidden files and directories ... OK
- checking for portable file names ... OK
- checking for sufficient/correct file permissions ... OK
- checking whether package ‘blavaan’ can be installed ... ERROR
Installation failed.
See the install log for details.
- DONE
Status: 1 ERROR, 1 NOTE