- using R version 4.4.2 Patched (2025-01-28 r87669)
- using platform: x86_64-pc-linux-gnu
- R was compiled by
gcc-14 (Debian 14.2.0-12) 14.2.0
GNU Fortran (Debian 14.2.0-12) 14.2.0
- running under: Debian GNU/Linux trixie/sid
- using session charset: UTF-8
- checking for file ‘TukeyC/DESCRIPTION’ ... OK
- checking extension type ... Package
- this is package ‘TukeyC’ version ‘1.3-42’
- package encoding: UTF-8
- checking package namespace information ... OK
- checking package dependencies ... OK
- checking if this is a source package ... OK
- checking if there is a namespace ... OK
- checking for executable files ... OK
- checking for hidden files and directories ... OK
- checking for portable file names ... OK
- checking for sufficient/correct file permissions ... OK
- checking serialization versions ... OK
- checking whether package ‘TukeyC’ can be installed ... OK
See the install log for details.
- checking package directory ... OK
- checking for future file timestamps ... OK
- checking DESCRIPTION meta-information ... OK
- checking top-level files ... OK
- checking for left-over files ... OK
- checking index information ... OK
- checking package subdirectories ... OK
- checking code files for non-ASCII characters ... OK
- checking R files for syntax errors ... OK
- checking whether the package can be loaded ... [3s/4s] OK
- checking whether the package can be loaded with stated dependencies ... [3s/4s] OK
- checking whether the package can be unloaded cleanly ... [2s/3s] OK
- checking whether the namespace can be loaded with stated dependencies ... [2s/3s] OK
- checking whether the namespace can be unloaded cleanly ... [3s/3s] OK
- checking loading without being on the library search path ... [3s/3s] OK
- checking use of S3 registration ... OK
- checking dependencies in R code ... OK
- checking S3 generic/method consistency ... OK
- checking replacement functions ... OK
- checking foreign function calls ... OK
- checking R code for possible problems ... [16s/20s] OK
- checking Rd files ... [0s/1s] OK
- checking Rd metadata ... OK
- checking Rd line widths ... OK
- checking Rd cross-references ... OK
- checking for missing documentation entries ... OK
- checking for code/documentation mismatches ... OK
- checking Rd \usage sections ... OK
- checking Rd contents ... OK
- checking for unstated dependencies in examples ... OK
- checking contents of ‘data’ directory ... OK
- checking data for non-ASCII characters ... [0s/0s] OK
- checking data for ASCII and uncompressed saves ... OK
- checking examples ... [3s/4s] ERROR
Running examples in ‘TukeyC-Ex.R’ failed
The error most likely occurred in:
> base::assign(".ptime", proc.time(), pos = "CheckExEnv")
> ### Name: TukeyC
> ### Title: The TukeyC Test for Single Experiments
> ### Aliases: TukeyC TukeyC.default TukeyC.lm TukeyC.formula TukeyC.aovlist
> ### TukeyC.lmerMod
> ### Keywords: package
>
> ### ** Examples
>
> ##
> ## Examples:Randomized Complete Block Design (RCBD)
> ## More details: demo(package='TukeyC')
> ##
>
> ## The parameters can be: formula, aov, lm, aovlist and lmerMod
>
> data(RCBD)
>
> ## From: formula
> tk1 <- with(RCBD,
+ TukeyC(y ~ blk + tra,
+ data=dfm,
+ which='tra'))
Error in data.frame(means = aux_mt1, reps = reps) :
arguments imply differing number of rows: 0, 5
Calls: with ... TukeyC.formula -> TukeyC -> TukeyC.lm -> data.frame
Execution halted
- checking PDF version of manual ... [6s/9s] OK
- checking HTML version of manual ... [1s/1s] OK
- checking for non-standard things in the check directory ... OK
- DONE
Status: 1 ERROR