- using R version 4.3.3 (2024-02-29 ucrt)
- using platform: x86_64-w64-mingw32 (64-bit)
- R was compiled by
gcc.exe (GCC) 12.3.0
GNU Fortran (GCC) 12.3.0
- running under: Windows Server 2022 x64 (build 20348)
- using session charset: UTF-8
- checking for file 'wikiTools/DESCRIPTION' ... OK
- checking extension type ... Package
- this is package 'wikiTools' version '1.2.7'
- package encoding: UTF-8
- checking package namespace information ... OK
- checking package dependencies ... OK
- checking if this is a source package ... OK
- checking if there is a namespace ... OK
- checking for hidden files and directories ... OK
- checking for portable file names ... OK
- checking whether package 'wikiTools' can be installed ... OK
See the install log for details.
- checking installed package size ... OK
- checking package directory ... OK
- checking 'build' directory ... OK
- checking DESCRIPTION meta-information ... OK
- checking top-level files ... OK
- checking for left-over files ... OK
- checking index information ... OK
- checking package subdirectories ... OK
- checking R files for non-ASCII characters ... OK
- checking R files for syntax errors ... OK
- checking whether the package can be loaded ... [0s] OK
- checking whether the package can be loaded with stated dependencies ... [0s] OK
- checking whether the package can be unloaded cleanly ... [1s] OK
- checking whether the namespace can be loaded with stated dependencies ... [0s] OK
- checking whether the namespace can be unloaded cleanly ... [1s] OK
- checking loading without being on the library search path ... [0s] OK
- checking use of S3 registration ... OK
- checking dependencies in R code ... OK
- checking S3 generic/method consistency ... OK
- checking replacement functions ... OK
- checking foreign function calls ... OK
- checking R code for possible problems ... [8s] OK
- checking Rd files ... [1s] OK
- checking Rd metadata ... OK
- checking Rd cross-references ... OK
- checking for missing documentation entries ... OK
- checking for code/documentation mismatches ... OK
- checking Rd \usage sections ... OK
- checking Rd contents ... OK
- checking for unstated dependencies in examples ... OK
- checking installed files from 'inst/doc' ... OK
- checking files in 'vignettes' ... OK
- checking examples ... [14s] OK
- checking for unstated dependencies in vignettes ... OK
- checking package vignettes in 'inst/doc' ... OK
- checking re-building of vignette outputs ... [106s] ERROR
Error(s) in re-building vignettes:
--- re-building 'wiki_utils.Rmd' using rmarkdown
INFO: The number of entities (337) exceeds chunksize (50).
INFO: Requesting elements from 1 to 50
INFO: Requesting elements from 51 to 100
INFO: Requesting elements from 101 to 150
INFO: Requesting elements from 151 to 200
INFO: Requesting elements from 201 to 250
INFO: Requesting elements from 251 to 300
INFO: Requesting elements from 301 to 337
INFO: Searching labels, latitude and longitude coordinates, and countries for places.
INFO: Searching labels for Wikidata entities.
INFO: Getting the number of views of 'Miguel de Cervantes' page.
INFO: Getting the number of views of 'Miguel de Cerbantes' page.
INFO: Getting the number of views of 'Miguel de Cervantes y Saavedra' page.
INFO: Getting the number of views of 'Miguel De Cervantes y Saavedra' page.
INFO: Getting the number of views of 'El manco de Lepanto' page.
INFO: Getting the number of views of 'Miguel de cervantes' page.
INFO: Getting the number of views of 'Manco de Lepanto' page.
INFO: Getting the number of views of 'Don Miguel de Cervantes' page.
INFO: Getting the number of views of 'Cervantino' page.
INFO: Getting the number of views of 'Cervantina' page.
INFO: Getting the number of views of 'Miguel de Cervantes Saavedra' page.
INFO: Getting the number of views of 'Cervantes Saavedra, Miguel de' page.
INFO: Getting the number of views of 'Miguel de Cervantes y Cortinas' page.
INFO: Getting the number of views of 'Cervantesco' page.
INFO: Getting the number of views of 'Cervántico' page.
INFO: Getting the number of views of 'Cervantes' page.
INFO: Getting information of the 'Miguel de Cervantes' page.
INFO: Getting information of the 'Miguel de Cervantes' page.
INFO: Adding the number of links_in_count of the 'Miguel de Cerbantes' page.
INFO: Adding the number of links_in_count of the 'Miguel de Cervantes y Saavedra' page.
INFO: Adding the number of links_in_count of the 'Miguel De Cervantes y Saavedra' page.
INFO: Adding the number of links_in_count of the 'El manco de Lepanto' page.
INFO: Adding the number of links_in_count of the 'Miguel de cervantes' page.
INFO: Adding the number of links_in_count of the 'Manco de Lepanto' page.
INFO: Adding the number of links_in_count of the 'Don Miguel de Cervantes' page.
INFO: Adding the number of links_in_count of the 'Cervantino' page.
INFO: Adding the number of links_in_count of the 'Cervantina' page.
INFO: Adding the number of links_in_count of the 'Miguel de Cervantes Saavedra' page.
INFO: Adding the number of links_in_count of the 'Cervantes Saavedra, Miguel de' page.
INFO: Adding the number of links_in_count of the 'Miguel de Cervantes y Cortinas' page.
INFO: Adding the number of links_in_count of the 'Cervantesco' page.
INFO: Adding the number of links_in_count of the 'Cervántico' page.
INFO: Adding the number of links_in_count of the 'Cervantes' page.
INFO: Getting information of the 'Miguel de Cervantes' page.
INFO: Getting information of the 'Miguel de Cervantes' page.
INFO: Getting information of the 'Miguel de Cervantes' page.
INFO: Adding the number of links_in_count of the 'Miguel de Cerbantes' page.
INFO: Adding the number of links_in_count of the 'Miguel de Cervantes y Saavedra' page.
INFO: Adding the number of links_in_count of the 'Miguel De Cervantes y Saavedra' page.
INFO: Adding the number of links_in_count of the 'El manco de Lepanto' page.
INFO: Adding the number of links_in_count of the 'Miguel de cervantes' page.
INFO: Adding the number of links_in_count of the 'Manco de Lepanto' page.
INFO: Adding the number of links_in_count of the 'Don Miguel de Cervantes' page.
INFO: Adding the number of links_in_count of the 'Cervantino' page.
INFO: Adding the number of links_in_count of the 'Cervantina' page.
INFO: Adding the number of links_in_count of the 'Miguel de Cervantes Saavedra' page.
INFO: Adding the number of links_in_count of the 'Cervantes Saavedra, Miguel de' page.
INFO: Adding the number of links_in_count of the 'Miguel de Cervantes y Cortinas' page.
INFO: Adding the number of links_in_count of the 'Cervantesco' page.
Quitting from lines 301-304 [unnamed-chunk-23] (wiki_utils.Rmd)
Error: processing vignette 'wiki_utils.Rmd' failed with diagnostics:
replacement has length zero
--- failed re-building 'wiki_utils.Rmd'
SUMMARY: processing the following file failed:
'wiki_utils.Rmd'
Error: Vignette re-building failed.
Execution halted
- checking PDF version of manual ... [18s] OK
- checking HTML version of manual ... [8s] OK
- DONE
Status: 1 ERROR