- using R version 4.3.3 (2024-02-29 ucrt)
- using platform: x86_64-w64-mingw32 (64-bit)
- R was compiled by
gcc.exe (GCC) 12.3.0
GNU Fortran (GCC) 12.3.0
- running under: Windows Server 2022 x64 (build 20348)
- using session charset: UTF-8
- checking for file 'tinytable/DESCRIPTION' ... OK
- checking extension type ... Package
- this is package 'tinytable' version '0.7.0'
- package encoding: UTF-8
- checking package namespace information ... OK
- checking package dependencies ... OK
- checking if this is a source package ... OK
- checking if there is a namespace ... OK
- checking for hidden files and directories ... OK
- checking for portable file names ... OK
- checking whether package 'tinytable' can be installed ... OK
See the install log for details.
- checking installed package size ... OK
- checking package directory ... OK
- checking DESCRIPTION meta-information ... OK
- checking top-level files ... OK
- checking for left-over files ... OK
- checking index information ... OK
- checking package subdirectories ... OK
- checking R files for non-ASCII characters ... OK
- checking R files for syntax errors ... OK
- checking whether the package can be loaded ... [0s] OK
- checking whether the package can be loaded with stated dependencies ... [0s] OK
- checking whether the package can be unloaded cleanly ... [0s] OK
- checking whether the namespace can be loaded with stated dependencies ... [0s] OK
- checking whether the namespace can be unloaded cleanly ... [0s] OK
- checking loading without being on the library search path ... [0s] OK
- checking use of S3 registration ... OK
- checking dependencies in R code ... OK
- checking S3 generic/method consistency ... OK
- checking replacement functions ... OK
- checking foreign function calls ... OK
- checking R code for possible problems ... [14s] OK
- checking Rd files ... [1s] OK
- checking Rd metadata ... OK
- checking Rd cross-references ... OK
- checking for missing documentation entries ... OK
- checking for code/documentation mismatches ... OK
- checking Rd \usage sections ... OK
- checking Rd contents ... OK
- checking for unstated dependencies in examples ... OK
- checking examples ... [4s] OK
- checking for unstated dependencies in 'tests' ... OK
- checking tests ... [7s] ERROR
Running 'tinytest.R' [6s]
Running the tests in 'tests/tinytest.R' failed.
Complete output:
> if (requireNamespace("tinytest", quietly = TRUE)) {
+ tinytest::test_package("tinytable")
+ }
test-assert.R................. 0 tests
test-assert.R................. 0 tests
test-assert.R................. 1 tests [0;32mOK [0m
test-assert.R................. 2 tests [0;32mOK [0m [0;34m0.2s [0m
test-colrowspan.R............. 0 tests
test-colrowspan.R............. 0 tests
test-colrowspan.R............. 0 tests
test-colrowspan.R............. 0 tests
test-colrowspan.R............. 0 tests
test-colrowspan.R............. 0 tests
test-colrowspan.R............. 0 tests
test-colrowspan.R............. 0 tests
test-colrowspan.R............. 1 tests [0;32mOK [0m
test-colrowspan.R............. 1 tests [0;32mOK [0m [0;34m0.5s [0m
test-docx.R................... 0 tests
test-docx.R................... 0 tests
test-docx.R................... 0 tests
test-docx.R................... 0 tests
test-docx.R................... 0 tests
test-docx.R................... 1 tests [0;32mOK [0m
test-docx.R................... 1 tests [0;32mOK [0m
test-docx.R................... 2 tests [0;32mOK [0m
test-docx.R................... 2 tests [0;32mOK [0m
test-docx.R................... 3 tests [0;32mOK [0m
test-docx.R................... 3 tests [0;32mOK [0m
test-docx.R................... 4 tests [0;32mOK [0m
test-docx.R................... 4 tests [0;32mOK [0m [0;34m0.4s [0m
test-escape.R................. 0 tests
test-escape.R................. 0 tests
test-escape.R................. 0 tests
test-escape.R................. 0 tests
test-escape.R................. 0 tests
test-escape.R................. 1 tests [0;32mOK [0m
test-escape.R................. 1 tests [0;32mOK [0m
test-escape.R................. 2 tests [0;32mOK [0m
test-escape.R................. 2 tests [0;32mOK [0m
test-escape.R................. 2 tests [0;32mOK [0m
test-escape.R................. 3 tests [0;32mOK [0m
test-escape.R................. 3 tests [0;32mOK [0m
test-escape.R................. 3 tests [0;32mOK [0m
test-escape.R................. 3 tests [0;32mOK [0m
test-escape.R................. 4 tests [0;32mOK [0m
test-escape.R................. 4 tests [0;32mOK [0m
test-escape.R................. 4 tests [0;32mOK [0m
test-escape.R................. 5 tests [0;32mOK [0m
test-escape.R................. 5 tests [0;32mOK [0m
test-escape.R................. 5 tests [0;32mOK [0m
test-escape.R................. 6 tests [0;32mOK [0m
test-escape.R................. 6 tests [0;32mOK [0m
test-escape.R................. 6 tests [0;32mOK [0m
test-escape.R................. 7 tests [0;32mOK [0m [0;34m0.8s [0m
test-format_tt.R.............. 0 tests
test-format_tt.R.............. 0 tests
test-format_tt.R.............. 0 tests
test-format_tt.R.............. 0 tests
test-format_tt.R.............. 0 tests
test-format_tt.R.............. 1 tests [0;32mOK [0m
test-format_tt.R.............. 1 tests [0;32mOK [0m
test-format_tt.R.............. 1 tests [0;32mOK [0m
test-format_tt.R.............. 2 tests [0;32mOK [0m
test-format_tt.R.............. 2 tests [0;32mOK [0m
test-format_tt.R.............. 2 tests [0;32mOK [0m
test-format_tt.R.............. 2 tests [0;32mOK [0m
test-format_tt.R.............. 3 tests [0;32mOK [0m
test-format_tt.R.............. 3 tests [0;32mOK [0m
test-format_tt.R.............. 3 tests [0;32mOK [0m
test-format_tt.R.............. 3 tests [0;32mOK [0m
test-format_tt.R.............. 4 tests [0;32mOK [0m
test-format_tt.R.............. 4 tests [0;32mOK [0m
test-format_tt.R.............. 5 tests [0;32mOK [0m
test-format_tt.R.............. 6 tests [0;32mOK [0m
test-format_tt.R.............. 6 tests [0;32mOK [0m
test-format_tt.R.............. 6 tests [0;32mOK [0m
test-format_tt.R.............. 7 tests [0;32mOK [0m
test-format_tt.R.............. 7 tests [0;32mOK [0m
test-format_tt.R.............. 7 tests [0;32mOK [0m
test-format_tt.R.............. 8 tests [0;32mOK [0m
test-format_tt.R.............. 8 tests [0;32mOK [0m
test-format_tt.R.............. 8 tests [0;32mOK [0m
test-format_tt.R.............. 9 tests [0;32mOK [0m
test-format_tt.R.............. 9 tests [0;32mOK [0m
test-format_tt.R.............. 10 tests [0;32mOK [0m
test-format_tt.R.............. 10 tests [0;32mOK [0m
test-format_tt.R.............. 10 tests [0;32mOK [0m
test-format_tt.R.............. 10 tests [0;32mOK [0m
test-format_tt.R.............. 11 tests [0;32mOK [0m
test-format_tt.R.............. 11 tests [0;32mOK [0m
test-format_tt.R.............. 12 tests [0;32mOK [0m
test-format_tt.R.............. 12 tests [0;32mOK [0m
test-format_tt.R.............. 13 tests [0;32mOK [0m
test-format_tt.R.............. 13 tests [0;32mOK [0m
test-format_tt.R.............. 13 tests [0;32mOK [0m
test-format_tt.R.............. 13 tests [0;32mOK [0m
test-format_tt.R.............. 14 tests [0;32mOK [0m
test-format_tt.R.............. 14 tests [0;32mOK [0m
test-format_tt.R.............. 14 tests [0;32mOK [0m
test-format_tt.R.............. 15 tests [0;32mOK [0m
test-format_tt.R.............. 15 tests [0;32mOK [0m
test-format_tt.R.............. 16 tests [0;32mOK [0m
test-format_tt.R.............. 16 tests [0;32mOK [0m
test-format_tt.R.............. 17 tests [0;32mOK [0m
test-format_tt.R.............. 17 tests [0;32mOK [0m
test-format_tt.R.............. 18 tests [0;32mOK [0m
test-format_tt.R.............. 18 tests [0;32mOK [0m
test-format_tt.R.............. 19 tests [0;32mOK [0m
test-format_tt.R.............. 19 tests [0;32mOK [0m
test-format_tt.R.............. 20 tests [0;32mOK [0m
test-format_tt.R.............. 20 tests [0;32mOK [0m
test-format_tt.R.............. 21 tests [0;32mOK [0m
test-format_tt.R.............. 21 tests [0;32mOK [0m
test-format_tt.R.............. 21 tests [0;32mOK [0m
test-format_tt.R.............. 21 tests [0;32mOK [0m
test-format_tt.R.............. 22 tests [0;32mOK [0m
test-format_tt.R.............. 22 tests [0;32mOK [0m
test-format_tt.R.............. 23 tests [0;32mOK [0m
test-format_tt.R.............. 23 tests [0;32mOK [0m
test-format_tt.R.............. 23 tests [0;32mOK [0m
test-format_tt.R.............. 23 tests [0;32mOK [0m
test-format_tt.R.............. 24 tests [0;32mOK [0m
test-format_tt.R.............. 24 tests [0;32mOK [0m
test-format_tt.R.............. 24 tests [0;32mOK [0m
test-format_tt.R.............. 25 tests [0;32mOK [0m
test-format_tt.R.............. 25 tests [0;32mOK [0m
test-format_tt.R.............. 25 tests [0;32mOK [0m
test-format_tt.R.............. 26 tests [0;32mOK [0m
test-format_tt.R.............. 26 tests [0;32mOK [0m
test-format_tt.R.............. 26 tests [0;32mOK [0m
test-format_tt.R.............. 26 tests [0;32mOK [0m
test-format_tt.R.............. 26 tests [0;32mOK [0m
test-format_tt.R.............. 26 tests [0;32mOK [0m
test-format_tt.R.............. 27 tests [0;32mOK [0m
test-format_tt.R.............. 27 tests [0;32mOK [0m
test-format_tt.R.............. 27 tests [0;32mOK [0m
test-format_tt.R.............. 28 tests [0;32mOK [0m
test-format_tt.R.............. 29 tests [0;32mOK [0m
test-format_tt.R.............. 30 tests [0;32mOK [0m
test-format_tt.R.............. 31 tests [0;32mOK [0m
test-format_tt.R.............. 31 tests [0;32mOK [0m
test-format_tt.R.............. 31 tests [0;32mOK [0m
test-format_tt.R.............. 31 tests [0;32mOK [0m
test-format_tt.R.............. 31 tests [0;32mOK [0m
test-format_tt.R.............. 31 tests [0;32mOK [0m
test-format_tt.R.............. 32 tests [0;32mOK [0m
test-format_tt.R.............. 33 tests [0;32mOK [0m
test-format_tt.R.............. 34 tests [0;32mOK [0m [0;34m1.4s [0m
test-group_tt.R............... 0 tests
test-group_tt.R............... 0 tests
test-group_tt.R............... 0 tests
test-group_tt.R............... 0 tests
test-group_tt.R............... 0 tests
test-group_tt.R............... 1 tests [0;32mOK [0m
test-group_tt.R............... 1 tests [0;32mOK [0m
test-group_tt.R............... 1 tests [0;32mOK [0m
test-group_tt.R............... 1 tests [0;32mOK [0m
test-group_tt.R............... 2 tests [0;32mOK [0m
test-group_tt.R............... 2 tests [0;32mOK [0m
test-group_tt.R............... 2 tests [0;32mOK [0m
test-group_tt.R............... 2 tests [0;32mOK [0m
test-group_tt.R............... 2 tests [0;32mOK [0m
test-group_tt.R............... 2 tests [0;32mOK [0m
test-group_tt.R............... 3 tests [0;32mOK [0m
test-group_tt.R............... 3 tests [0;32mOK [0m
test-group_tt.R............... 3 tests [0;32mOK [0m
test-group_tt.R............... 3 tests [0;32mOK [0m
test-group_tt.R............... 3 tests [0;32mOK [0m
test-group_tt.R............... 4 tests [0;32mOK [0m
test-group_tt.R............... 4 tests [0;32mOK [0m
test-group_tt.R............... 5 tests [0;32mOK [0m
test-group_tt.R............... 5 tests [0;32mOK [0m
test-group_tt.R............... 5 tests [0;32mOK [0m
test-group_tt.R............... 5 tests [0;32mOK [0m
test-group_tt.R............... 6 tests [0;32mOK [0m
test-group_tt.R............... 6 tests [0;32mOK [0m
test-group_tt.R............... 6 tests [0;32mOK [0m
test-group_tt.R............... 7 tests [0;32mOK [0m
test-group_tt.R............... 15 tests [0;32mOK [0m
test-group_tt.R............... 15 tests [0;32mOK [0m
test-group_tt.R............... 15 tests [0;32mOK [0m
test-group_tt.R............... 16 tests [0;32mOK [0m Error in sort_by(head(mtcars, 10), ~am) :
could not find function "sort_by"
Calls: <Anonymous> -> run_test_dir -> lapply -> FUN -> eval -> eval
Execution halted
- checking PDF version of manual ... [17s] OK
- checking HTML version of manual ... [6s] OK
- DONE
Status: 1 ERROR