- using R version 4.3.3 (2024-02-29 ucrt)
- using platform: x86_64-w64-mingw32 (64-bit)
- R was compiled by
gcc.exe (GCC) 12.3.0
GNU Fortran (GCC) 12.3.0
- running under: Windows Server 2022 x64 (build 20348)
- using session charset: UTF-8
- checking for file 'sessioninfo/DESCRIPTION' ... OK
- this is package 'sessioninfo' version '1.2.2'
- package encoding: UTF-8
- checking package namespace information ... OK
- checking package dependencies ... OK
- checking if this is a source package ... OK
- checking if there is a namespace ... OK
- checking for hidden files and directories ... OK
- checking for portable file names ... OK
- checking whether package 'sessioninfo' can be installed ... OK
See the install log for details.
- checking installed package size ... OK
- checking package directory ... OK
- checking DESCRIPTION meta-information ... OK
- checking top-level files ... OK
- checking for left-over files ... OK
- checking index information ... OK
- checking package subdirectories ... OK
- checking R files for non-ASCII characters ... OK
- checking R files for syntax errors ... OK
- checking whether the package can be loaded ... [1s] OK
- checking whether the package can be loaded with stated dependencies ... [0s] OK
- checking whether the package can be unloaded cleanly ... [0s] OK
- checking whether the namespace can be loaded with stated dependencies ... [0s] OK
- checking whether the namespace can be unloaded cleanly ... [1s] OK
- checking loading without being on the library search path ... [1s] OK
- checking use of S3 registration ... OK
- checking dependencies in R code ... OK
- checking S3 generic/method consistency ... OK
- checking replacement functions ... OK
- checking foreign function calls ... OK
- checking R code for possible problems ... [5s] OK
- checking Rd files ... [1s] OK
- checking Rd metadata ... OK
- checking Rd cross-references ... OK
- checking for missing documentation entries ... OK
- checking for code/documentation mismatches ... OK
- checking Rd \usage sections ... OK
- checking Rd contents ... OK
- checking for unstated dependencies in examples ... OK
- checking R/sysdata.rda ... OK
- checking examples ... [1s] OK
- checking for unstated dependencies in 'tests' ... OK
- checking tests ... [8s] ERROR
Running 'testthat.R' [7s]
Running the tests in 'tests/testthat.R' failed.
Complete output:
> library(testthat)
> library(sessioninfo)
>
> test_check("sessioninfo")
Starting 2 test processes
[ FAIL 1 | WARN 0 | SKIP 15 | PASS 115 ]
══ Skipped tests (15) ══════════════════════════════════════════════════════════
• On CRAN (14): 'test-dependent-packages.R:84:3',
'test-dependent-packages.R:92:3', 'test-warnings.R:4:3',
'test-warnings.R:37:3', 'test-warnings.R:63:3', 'test-warnings.R:101:3',
'test-diff.R:15:3', 'test-diff.R:27:3', 'test-diff.R:168:3',
'test-diff.R:235:3', 'test-diff.R:243:3', 'test-diff.R:300:3',
'test-diff.R:342:3', 'test-diff.R:356:3'
• On Windows (1): 'test-diff.R:126:3'
══ Failed tests ════════════════════════════════════════════════════════════════
── Error ('test-diff.R:114:3'): get_session_info_url ───────────────────────────
Error in `find_session_info_in_html(url, html)`: Cannot parse session info from 'https://github.com/r-lib/sessioninfo/issues/6'.
Backtrace:
▆
1. ├─testthat::expect_equal(...) at test-diff.R:114:3
2. │ └─testthat::quasi_label(enquo(object), label, arg = "object")
3. │ └─rlang::eval_bare(expr, quo_get_env(quo))
4. └─sessioninfo:::get_session_info_url(url)
5. └─sessioninfo:::find_session_info_in_html(url, html)
[ FAIL 1 | WARN 0 | SKIP 15 | PASS 115 ]
Error: Test failures
Execution halted
- checking PDF version of manual ... [17s] OK
- checking HTML version of manual ... [2s] OK
- DONE
Status: 1 ERROR