- using R version 4.3.3 (2024-02-29 ucrt)
- using platform: x86_64-w64-mingw32 (64-bit)
- R was compiled by
gcc.exe (GCC) 12.3.0
GNU Fortran (GCC) 12.3.0
- running under: Windows Server 2022 x64 (build 20348)
- using session charset: UTF-8
- checking for file 'rgrass/DESCRIPTION' ... OK
- this is package 'rgrass' version '0.5-2'
- package encoding: UTF-8
- checking package namespace information ... OK
- checking package dependencies ... OK
- checking if this is a source package ... OK
- checking if there is a namespace ... OK
- checking for hidden files and directories ... OK
- checking for portable file names ... OK
- checking whether package 'rgrass' can be installed ... OK
See the install log for details.
- checking installed package size ... OK
- checking package directory ... OK
- checking 'build' directory ... OK
- checking DESCRIPTION meta-information ... OK
- checking top-level files ... OK
- checking for left-over files ... OK
- checking index information ... OK
- checking package subdirectories ... OK
- checking R files for non-ASCII characters ... OK
- checking R files for syntax errors ... OK
- checking whether the package can be loaded ... [1s] OK
- checking whether the package can be loaded with stated dependencies ... [1s] OK
- checking whether the package can be unloaded cleanly ... [1s] OK
- checking whether the namespace can be loaded with stated dependencies ... [0s] OK
- checking whether the namespace can be unloaded cleanly ... [1s] OK
- checking loading without being on the library search path ... [1s] OK
- checking startup messages can be suppressed ... [1s] OK
- checking use of S3 registration ... OK
- checking dependencies in R code ... OK
- checking S3 generic/method consistency ... OK
- checking replacement functions ... OK
- checking foreign function calls ... OK
- checking R code for possible problems ... [8s] OK
- checking Rd files ... [1s] OK
- checking Rd metadata ... OK
- checking Rd cross-references ... OK
- checking for missing documentation entries ... OK
- checking for code/documentation mismatches ... OK
- checking Rd \usage sections ... OK
- checking Rd contents ... OK
- checking for unstated dependencies in examples ... OK
- checking installed files from 'inst/doc' ... OK
- checking files in 'vignettes' ... OK
- checking examples ... [9s] OK
- checking for unstated dependencies in 'tests' ... OK
- checking tests ... [62s] ERROR
Running 'testthat.R' [61s]
Running the tests in 'tests/testthat.R' failed.
Complete output:
> # This file is part of the standard setup for testthat.
> # It is recommended that you do not modify it.
> #
> # Where should you do additional test configuration?
> # Learn more about the roles of various files in:
> # * https://r-pkgs.org/testing-design.html#sec-tests-files-overview
> # * https://testthat.r-lib.org/articles/special-files.html
>
> library(testthat)
> library(rgrass)
GRASS GIS interface loaded with GRASS version: (GRASS not running)
>
> test_check("rgrass")
trying URL 'https://grass.osgeo.org/sampledata/north_carolina/nc_basic_spm_grass7.zip'
Content type 'application/zip' length 50937243 bytes (48.6 MB)
=
downloaded 1.6 MB
Error in `FUN()`:
! In path: "D:\\RCompile\\CRANpkg\\local\\4.3\\rgrass.Rcheck\\tests\\testthat\\setup.R"
Caused by error in `download.file()`:
! download from 'https://grass.osgeo.org/sampledata/north_carolina/nc_basic_spm_grass7.zip' failed
Backtrace:
▆
1. ├─testthat::test_check("rgrass")
2. │ └─testthat::test_dir(...)
3. │ └─testthat:::test_files(...)
4. │ └─testthat:::test_files_serial(...)
5. │ └─testthat:::test_files_setup_state(...)
6. │ └─testthat::source_test_setup(".", env)
7. │ └─testthat::source_dir(path, "^setup.*\\.[rR]$", env = env, wrap = FALSE)
8. │ └─base::lapply(...)
9. │ └─testthat (local) FUN(X[[i]], ...)
10. │ └─testthat::source_file(path, env = env, chdir = chdir, wrap = wrap)
11. │ ├─base::withCallingHandlers(...)
12. │ └─base::eval(exprs, env)
13. │ └─base::eval(exprs, env)
14. │ └─rgrass:::download_nc_basic() at D:\RCompile\CRANpkg\local\4.3\rgrass.Rcheck\tests\testthat\setup.R:1:1
15. │ └─utils::download.file(...) at D:\RCompile\CRANpkg\local\4.3\rgrass.Rcheck\tests\testthat\helper.R:9:5
16. └─base::.handleSimpleError(...)
17. └─testthat (local) h(simpleError(msg, call))
18. └─rlang::abort(...)
Warning messages:
1: In download.file(paste(base_url, path_url, file_url, sep = "/"), :
downloaded length 0 != reported length 0
2: In download.file(paste(base_url, path_url, file_url, sep = "/"), :
URL 'https://grass.osgeo.org/sampledata/north_carolina/nc_basic_spm_grass7.zip': Timeout of 60 seconds was reached
Execution halted
- checking for unstated dependencies in vignettes ... OK
- checking package vignettes in 'inst/doc' ... OK
- checking re-building of vignette outputs ... [21s] OK
- checking PDF version of manual ... [16s] OK
- checking HTML version of manual ... [2s] OK
- DONE
Status: 1 ERROR