- using R version 4.3.3 (2024-02-29 ucrt)
- using platform: x86_64-w64-mingw32 (64-bit)
- R was compiled by
gcc.exe (GCC) 12.3.0
GNU Fortran (GCC) 12.3.0
- running under: Windows Server 2022 x64 (build 20348)
- using session charset: UTF-8
- checking for file 'TukeyC/DESCRIPTION' ... OK
- checking extension type ... Package
- this is package 'TukeyC' version '1.3-42'
- package encoding: UTF-8
- checking package namespace information ... OK
- checking package dependencies ... OK
- checking if this is a source package ... OK
- checking if there is a namespace ... OK
- checking for hidden files and directories ... OK
- checking for portable file names ... OK
- checking whether package 'TukeyC' can be installed ... OK
See the install log for details.
- checking installed package size ... OK
- checking package directory ... OK
- checking DESCRIPTION meta-information ... OK
- checking top-level files ... OK
- checking for left-over files ... OK
- checking index information ... OK
- checking package subdirectories ... OK
- checking R files for non-ASCII characters ... OK
- checking R files for syntax errors ... OK
- checking whether the package can be loaded ... [4s] OK
- checking whether the package can be loaded with stated dependencies ... [3s] OK
- checking whether the package can be unloaded cleanly ... [3s] OK
- checking whether the namespace can be loaded with stated dependencies ... [3s] OK
- checking whether the namespace can be unloaded cleanly ... [3s] OK
- checking loading without being on the library search path ... [4s] OK
- checking use of S3 registration ... OK
- checking dependencies in R code ... OK
- checking S3 generic/method consistency ... OK
- checking replacement functions ... OK
- checking foreign function calls ... OK
- checking R code for possible problems ... [21s] OK
- checking Rd files ... [3s] OK
- checking Rd metadata ... OK
- checking Rd cross-references ... OK
- checking for missing documentation entries ... OK
- checking for code/documentation mismatches ... OK
- checking Rd \usage sections ... OK
- checking Rd contents ... OK
- checking for unstated dependencies in examples ... OK
- checking contents of 'data' directory ... OK
- checking data for non-ASCII characters ... [2s] OK
- checking data for ASCII and uncompressed saves ... OK
- checking examples ... [5s] ERROR
Running examples in 'TukeyC-Ex.R' failed
The error most likely occurred in:
> ### Name: TukeyC
> ### Title: The TukeyC Test for Single Experiments
> ### Aliases: TukeyC TukeyC.default TukeyC.lm TukeyC.formula TukeyC.aovlist
> ### TukeyC.lmerMod
> ### Keywords: package
>
> ### ** Examples
>
> ##
> ## Examples:Randomized Complete Block Design (RCBD)
> ## More details: demo(package='TukeyC')
> ##
>
> ## The parameters can be: formula, aov, lm, aovlist and lmerMod
>
> data(RCBD)
>
> ## From: formula
> tk1 <- with(RCBD,
+ TukeyC(y ~ blk + tra,
+ data=dfm,
+ which='tra'))
Error in data.frame(means = aux_mt1, reps = reps) :
arguments imply differing number of rows: 0, 5
Calls: with ... TukeyC.formula -> TukeyC -> TukeyC.lm -> data.frame
Execution halted
- checking PDF version of manual ... [33s] OK
- checking HTML version of manual ... [20s] OK
- DONE
Status: 1 ERROR