- using R version 4.3.3 (2024-02-29 ucrt)
- using platform: x86_64-w64-mingw32 (64-bit)
- R was compiled by
gcc.exe (GCC) 12.3.0
GNU Fortran (GCC) 12.3.0
- running under: Windows Server 2022 x64 (build 20348)
- using session charset: UTF-8
- checking for file 'STATcubeR/DESCRIPTION' ... OK
- checking extension type ... Package
- this is package 'STATcubeR' version '1.0.0'
- package encoding: UTF-8
- checking package namespace information ... OK
- checking package dependencies ... OK
- checking if this is a source package ... OK
- checking if there is a namespace ... OK
- checking for hidden files and directories ... OK
- checking for portable file names ... OK
- checking whether package 'STATcubeR' can be installed ... OK
See the install log for details.
- checking installed package size ... OK
- checking package directory ... OK
- checking DESCRIPTION meta-information ... OK
- checking top-level files ... OK
- checking for left-over files ... OK
- checking index information ... OK
- checking package subdirectories ... OK
- checking R files for non-ASCII characters ... OK
- checking R files for syntax errors ... OK
- checking whether the package can be loaded ... [1s] OK
- checking whether the package can be loaded with stated dependencies ... [1s] OK
- checking whether the package can be unloaded cleanly ... [1s] OK
- checking whether the namespace can be loaded with stated dependencies ... [1s] OK
- checking whether the namespace can be unloaded cleanly ... [1s] OK
- checking loading without being on the library search path ... [1s] OK
- checking startup messages can be suppressed ... [1s] OK
- checking use of S3 registration ... OK
- checking dependencies in R code ... OK
- checking S3 generic/method consistency ... OK
- checking replacement functions ... OK
- checking foreign function calls ... OK
- checking R code for possible problems ... [8s] OK
- checking Rd files ... [1s] OK
- checking Rd metadata ... OK
- checking Rd cross-references ... OK
- checking for missing documentation entries ... OK
- checking for code/documentation mismatches ... OK
- checking Rd \usage sections ... OK
- checking Rd contents ... OK
- checking for unstated dependencies in examples ... OK
- checking examples ... [1s] ERROR
Running examples in 'STATcubeR-Ex.R' failed
The error most likely occurred in:
> ### Name: od_cache
> ### Title: Cache management for Open Data
> ### Aliases: od_cache od_cache_summary od_downloads
>
> ### ** Examples
>
> ## make sure the cache is not empty
> od_table("OGD_krebs_ext_KREBS_1")
Error in parse_con(txt, bigint_as_char) :
lexical error: invalid char in json text.
<html><body><b></b>Aufgrund der
(right here) ------^
Calls: od_table ... parse_json -> parse_and_simplify -> parseJSON -> parse_con
Execution halted
- checking for unstated dependencies in 'tests' ... OK
- checking tests ... [1s] OK
Running 'spelling.R' [0s]
- checking PDF version of manual ... [23s] OK
- checking HTML version of manual ... [5s] OK
- DONE
Status: 1 ERROR