- using R version 4.3.3 (2024-02-29 ucrt)
- using platform: x86_64-w64-mingw32 (64-bit)
- R was compiled by
gcc.exe (GCC) 12.3.0
GNU Fortran (GCC) 12.3.0
- running under: Windows Server 2022 x64 (build 20348)
- using session charset: UTF-8
- checking for file 'DataPackageR/DESCRIPTION' ... OK
- checking extension type ... Package
- this is package 'DataPackageR' version '0.16.1'
- package encoding: UTF-8
- checking package namespace information ... OK
- checking package dependencies ... OK
- checking if this is a source package ... OK
- checking if there is a namespace ... OK
- checking for hidden files and directories ... OK
- checking for portable file names ... OK
- checking whether package 'DataPackageR' can be installed ... OK
See the install log for details.
- checking installed package size ... OK
- checking package directory ... OK
- checking 'build' directory ... OK
- checking DESCRIPTION meta-information ... OK
- checking top-level files ... OK
- checking for left-over files ... OK
- checking index information ... OK
- checking package subdirectories ... OK
- checking R files for non-ASCII characters ... OK
- checking R files for syntax errors ... OK
- checking whether the package can be loaded ... [1s] OK
- checking whether the package can be loaded with stated dependencies ... [1s] OK
- checking whether the package can be unloaded cleanly ... [1s] OK
- checking whether the namespace can be loaded with stated dependencies ... [1s] OK
- checking whether the namespace can be unloaded cleanly ... [1s] OK
- checking loading without being on the library search path ... [1s] OK
- checking startup messages can be suppressed ... [1s] OK
- checking use of S3 registration ... OK
- checking dependencies in R code ... OK
- checking S3 generic/method consistency ... OK
- checking replacement functions ... OK
- checking foreign function calls ... OK
- checking R code for possible problems ... [7s] OK
- checking Rd files ... [1s] OK
- checking Rd metadata ... OK
- checking Rd cross-references ... OK
- checking for missing documentation entries ... OK
- checking for code/documentation mismatches ... OK
- checking Rd \usage sections ... OK
- checking Rd contents ... OK
- checking for unstated dependencies in examples ... OK
- checking installed files from 'inst/doc' ... OK
- checking files in 'vignettes' ... OK
- checking examples ... [23s] OK
- checking for unstated dependencies in 'tests' ... OK
- checking tests ... [162s] ERROR
Running 'spelling.R' [0s]
Running 'testthat.R' [162s]
Running the tests in 'tests/testthat.R' failed.
Complete output:
> library(testthat)
> library(DataPackageR)
> # Test only if pandoc is available.
> if (rmarkdown::pandoc_available()) {
+ test_check("DataPackageR")
+ }
[ FAIL 1 | WARN 1 | SKIP 0 | PASS 247 ]
══ Failed tests ════════════════════════════════════════════════════════════════
── Error ('test-r-processing.R:20:5'): R file processing works and creates vignettes ──
Error in `abs_path(output_file)`: The file 'D:/temp/2025_02_21_01_50_00_1228/RtmpsDemRv/file2a0d834576480/rfiletest/inst/extdata/Logfiles/rfileTest.pdf' does not exist.
Backtrace:
▆
1. └─base::eval(...)
2. └─base::eval(...)
3. ├─testthat::expect_equal(...) at test-r-processing.R:20:5
4. │ └─testthat::quasi_label(enquo(object), label, arg = "object")
5. │ └─rlang::eval_bare(expr, quo_get_env(quo))
6. ├─base::basename(...)
7. └─DataPackageR::package_build(...)
8. └─DataPackageR:::DataPackageR(arg = package_path, deps = deps)
9. └─rmarkdown::render(...)
10. └─rmarkdown:::abs_path(output_file)
[ FAIL 1 | WARN 1 | SKIP 0 | PASS 247 ]
Error: Test failures
Execution halted
- checking for unstated dependencies in vignettes ... OK
- checking package vignettes in 'inst/doc' ... OK
- checking re-building of vignette outputs ... [16s] OK
- checking PDF version of manual ... [17s] OK
- checking HTML version of manual ... [3s] OK
- DONE
Status: 1 ERROR