- using R version 4.3.3 (2024-02-29)
- using platform: x86_64-apple-darwin20 (64-bit)
- R was compiled by
Apple clang version 14.0.0 (clang-1400.0.29.202)
GNU Fortran (GCC) 12.2.0
- running under: macOS Ventura 13.3.1
- using session charset: UTF-8
- checking for file ‘autonewsmd/DESCRIPTION’ ... OK
- this is package ‘autonewsmd’ version ‘0.0.8’
- package encoding: UTF-8
- checking package namespace information ... OK
- checking package dependencies ... OK
- checking if this is a source package ... OK
- checking if there is a namespace ... OK
- checking for executable files ... OK
- checking for hidden files and directories ... OK
- checking for portable file names ... OK
- checking for sufficient/correct file permissions ... OK
- checking whether package ‘autonewsmd’ can be installed ... [2s/2s] OK
See the install log for details.
- checking installed package size ... OK
- checking package directory ... OK
- checking ‘build’ directory ... OK
- checking DESCRIPTION meta-information ... OK
- checking top-level files ... OK
- checking for left-over files ... OK
- checking index information ... OK
- checking package subdirectories ... OK
- checking R files for non-ASCII characters ... OK
- checking R files for syntax errors ... OK
- checking whether the package can be loaded ... [0s/0s] OK
- checking whether the package can be loaded with stated dependencies ... [0s/0s] OK
- checking whether the package can be unloaded cleanly ... [0s/0s] OK
- checking whether the namespace can be loaded with stated dependencies ... [0s/0s] OK
- checking whether the namespace can be unloaded cleanly ... [0s/0s] OK
- checking loading without being on the library search path ... [0s/0s] OK
- checking dependencies in R code ... OK
- checking S3 generic/method consistency ... OK
- checking replacement functions ... OK
- checking foreign function calls ... OK
- checking R code for possible problems ... [2s/2s] OK
- checking Rd files ... [0s/0s] OK
- checking Rd metadata ... OK
- checking Rd cross-references ... OK
- checking for missing documentation entries ... OK
- checking for code/documentation mismatches ... OK
- checking Rd \usage sections ... OK
- checking Rd contents ... OK
- checking for unstated dependencies in examples ... OK
- checking installed files from ‘inst/doc’ ... OK
- checking files in ‘vignettes’ ... OK
- checking examples ... [1s/1s] OK
- checking for unstated dependencies in ‘tests’ ... OK
- checking tests ... [1s/3s] ERROR
Running ‘testthat.R’ [1s/3s]
Running the tests in ‘tests/testthat.R’ failed.
Last 13 lines of output:
Error in `find_quarto()`: Quarto command-line tools path not found!
Please make sure you have installed and added Quarto to your PATH or set the
QUARTO_PATH environment variable.
Backtrace:
▆
1. └─an$write(force = TRUE) at test-autonewsmd.R:83:3
2. └─autonewsmd:::write_autonewsmd(self, private, force, con)
3. └─quarto::quarto_render(input = template_file, output_format = "md")
4. └─quarto:::find_quarto()
5. └─cli::cli_abort(quarto_not_found_msg)
6. └─rlang::abort(...)
[ FAIL 1 | WARN 0 | SKIP 1 | PASS 7 ]
Error: Test failures
Execution halted
- checking for unstated dependencies in vignettes ... OK
- checking package vignettes in ‘inst/doc’ ... OK
- checking running R code from vignettes ... [1s/3s] ERROR
Errors in running code in vignettes:
when running code in ‘autonewsmd.Rmd’
...
> an$write(force = TRUE)
When sourcing ‘autonewsmd.R’:
Error: Quarto command-line tools path not found!
Please make sure you have installed and added Quarto to your PATH or set the
QUARTO_PATH environment variable.
Execution halted
‘autonewsmd.Rmd’ using ‘UTF-8’... failed
- checking re-building of vignette outputs ... [10s/13s] OK
- checking PDF version of manual ... [6s/9s] OK
- DONE
Status: 2 ERRORs
- using check arguments '--no-clean-on-error '