- using R version 4.3.0 RC (2023-04-13 r84266)
- using platform: x86_64-apple-darwin20 (64-bit)
- R was compiled by
Apple clang version 14.0.3 (clang-1403.0.22.14.1)
GNU Fortran (GCC) 12.2.0
- running under: macOS Ventura 13.3
- using session charset: UTF-8
- checking for file ‘BiplotGUI/DESCRIPTION’ ... OK
- checking extension type ... Package
- this is package ‘BiplotGUI’ version ‘0.0-7’
* this is a Windows-only package, skipping installation
- checking if this is a source package ... OK
- checking if there is a namespace ... OK
- checking for executable files ... OK
- checking for hidden files and directories ... OK
- checking for portable file names ... OK
- checking for sufficient/correct file permissions ... OK
- checking package directory ... OK
- checking DESCRIPTION meta-information ... NOTE
Package listed in more than one of Depends, Imports, Suggests, Enhances:
‘colorspace’
A package should be listed in only one of these fields.
- checking top-level files ... OK
- checking for left-over files ... OK
- checking index information ... OK
- checking package subdirectories ... OK
- checking R files for non-ASCII characters ... OK
- checking R files for syntax errors ... OK
- checking dependencies in R code ... NOTE
Packages in Depends field not imported from:
‘deldir’ ‘rgl’ ‘tcltk’ ‘tcltk2’ ‘tkrplot’
These packages need to be imported from (in the NAMESPACE file)
for when this namespace is loaded but not attached.
- checking S3 generic/method consistency ... OK
- checking replacement functions ... OK
- checking foreign function calls ... OK
- checking R code for possible problems ... [3s/3s] OK
- checking Rd files ... [0s/0s] NOTE
checkRd: (-1) FighterAircraft.Rd:32: Escaped LaTeX specials: \&
- checking Rd metadata ... OK
- checking Rd cross-references ... OK
- checking for missing documentation entries ... OK
- checking for code/documentation mismatches ... OK
- checking Rd \usage sections ... OK
- checking Rd contents ... OK
- checking contents of ‘data’ directory ... OK
- checking data for non-ASCII characters ... [0s/0s] OK
- checking data for ASCII and uncompressed saves ... OK
- checking line endings in C/C++/Fortran sources/headers ... OK
- checking sizes of PDF files under ‘inst/doc’ ... OK
- checking examples ... SKIPPED
- checking PDF version of manual ... [0s/0s] WARNING
LaTeX errors when creating PDF version.
This typically indicates Rd problems.
- checking PDF version of manual without index ... ERROR
Re-running with no redirection of stdout/stderr.
- DONE
Status: 1 ERROR, 1 WARNING, 3 NOTEs
- using check arguments '--no-clean-on-error '