* using log directory ‘/Volumes/Builds/packages/big-sur-arm64/results/4.3/FLASHMM.Rcheck’ * using R version 4.3.3 (2024-02-29) * using platform: aarch64-apple-darwin20 (64-bit) * R was compiled by Apple clang version 14.0.0 (clang-1400.0.29.202) GNU Fortran (GCC) 12.2.0 * running under: macOS Ventura 13.4 * using session charset: UTF-8 * checking for file ‘FLASHMM/DESCRIPTION’ ... OK * this is package ‘FLASHMM’ version ‘1.0.0’ * package encoding: UTF-8 * checking package namespace information ... OK * checking package dependencies ... NOTE Package suggested but not available for checking: ‘ExperimentHub’ * checking if this is a source package ... OK * checking if there is a namespace ... OK * checking for executable files ... OK * checking for hidden files and directories ... OK * checking for portable file names ... OK * checking for sufficient/correct file permissions ... OK * checking whether package ‘FLASHMM’ can be installed ... [3s/4s] OK See 'https://www.r-project.org/nosvn/R.check/r-oldrel-macos-arm64/FLASHMM-00install.html' for details. * checking installed package size ... OK * checking package directory ... OK * checking ‘build’ directory ... OK * checking DESCRIPTION meta-information ... OK * checking top-level files ... OK * checking for left-over files ... OK * checking index information ... OK * checking package subdirectories ... OK * checking R files for non-ASCII characters ... OK * checking R files for syntax errors ... OK * checking whether the package can be loaded ... [1s/1s] OK * checking whether the package can be loaded with stated dependencies ... [1s/1s] OK * checking whether the package can be unloaded cleanly ... [1s/1s] OK * checking whether the namespace can be loaded with stated dependencies ... [1s/1s] OK * checking whether the namespace can be unloaded cleanly ... [1s/1s] OK * checking loading without being on the library search path ... [1s/1s] OK * checking dependencies in R code ... OK * checking S3 generic/method consistency ... OK * checking replacement functions ... OK * checking foreign function calls ... OK * checking R code for possible problems ... [2s/2s] OK * checking Rd files ... [0s/0s] OK * checking Rd metadata ... OK * checking Rd cross-references ... OK * checking for missing documentation entries ... OK * checking for code/documentation mismatches ... OK * checking Rd \usage sections ... OK * checking Rd contents ... OK * checking for unstated dependencies in examples ... OK * checking installed files from ‘inst/doc’ ... OK * checking files in ‘vignettes’ ... OK * checking examples ... [1s/1s] OK * checking for unstated dependencies in vignettes ... OK * checking package vignettes in ‘inst/doc’ ... OK * checking re-building of vignette outputs ... [13s/27s] ERROR Error(s) in re-building vignettes: --- re-building ‘FLASHMM-vignette.Rmd’ using rmarkdown * installing *source* package ‘FLASHMM’ ... ** using staged installation ** R ** byte-compile and prepare package for lazy loading ** help *** installing help indices ** building package indices ** installing vignettes ** testing if installed package can be loaded from temporary location ** testing if installed package can be loaded from final location ** testing if installed package keeps a record of temporary installation path * DONE (FLASHMM) Quitting from lines 216-242 [Reference dataset] (FLASHMM-vignette.Rmd) Error: processing vignette 'FLASHMM-vignette.Rmd' failed with diagnostics: there is no package called 'ExperimentHub' --- failed re-building ‘FLASHMM-vignette.Rmd’ SUMMARY: processing the following file failed: ‘FLASHMM-vignette.Rmd’ Error: Vignette re-building failed. Execution halted * checking PDF version of manual ... [3s/3s] OK * DONE Status: 1 ERROR, 1 NOTE * using check arguments '--no-clean-on-error ' * elapsed time (check, wall clock): 1:06