- using R Under development (unstable) (2025-02-02 r87676 ucrt)
- using platform: x86_64-w64-mingw32
- R was compiled by
gcc.exe (GCC) 13.3.0
GNU Fortran (GCC) 13.3.0
- running under: Windows Server 2022 x64 (build 20348)
- using session charset: UTF-8
- checking for file 'pmparser/DESCRIPTION' ... OK
- this is package 'pmparser' version '1.0.21'
- package encoding: UTF-8
- checking package namespace information ... OK
- checking package dependencies ... OK
- checking if this is a source package ... OK
- checking if there is a namespace ... OK
- checking for hidden files and directories ... OK
- checking for portable file names ... OK
- checking whether package 'pmparser' can be installed ... OK
See the install log for details.
- checking installed package size ... OK
- checking package directory ... OK
- checking 'build' directory ... OK
- checking DESCRIPTION meta-information ... OK
- checking top-level files ... OK
- checking for left-over files ... OK
- checking index information ... OK
- checking package subdirectories ... OK
- checking code files for non-ASCII characters ... OK
- checking R files for syntax errors ... OK
- checking whether the package can be loaded ... [1s] OK
- checking whether the package can be loaded with stated dependencies ... [1s] OK
- checking whether the package can be unloaded cleanly ... [1s] OK
- checking whether the namespace can be loaded with stated dependencies ... [0s] OK
- checking whether the namespace can be unloaded cleanly ... [1s] OK
- checking loading without being on the library search path ... [1s] OK
- checking use of S3 registration ... OK
- checking dependencies in R code ... OK
- checking S3 generic/method consistency ... OK
- checking replacement functions ... OK
- checking foreign function calls ... OK
- checking R code for possible problems ... [5s] OK
- checking Rd files ... [0s] OK
- checking Rd metadata ... OK
- checking Rd cross-references ... OK
- checking for missing documentation entries ... OK
- checking for code/documentation mismatches ... OK
- checking Rd \usage sections ... OK
- checking Rd contents ... OK
- checking for unstated dependencies in examples ... OK
- checking installed files from 'inst/doc' ... OK
- checking files in 'vignettes' ... OK
- checking examples ... [1s] OK
- checking for unstated dependencies in 'tests' ... OK
- checking tests ... [22s] ERROR
Running 'testthat.R' [21s]
Running the tests in 'tests/testthat.R' failed.
Complete output:
> library(testthat)
> library(pmparser)
>
> test_check('pmparser')
[ FAIL 1 | WARN 0 | SKIP 4 | PASS 186 ]
══ Skipped tests (4) ═══════════════════════════════════════════════════════════
• On CRAN (4): 'test_get_citation.R:4:3', 'test_get_citation.R:13:3',
'test_get_pubmed_files.R:7:3', 'test_get_pubmed_files.R:20:3'
══ Failed tests ════════════════════════════════════════════════════════════════
── Failure ('test_utilities.R:18:3'): getFailed ────────────────────────────────
nrow(dFailed) not equal to 1L.
1/1 mismatches
[1] 0 - 1 == -1
[ FAIL 1 | WARN 0 | SKIP 4 | PASS 186 ]
Error: Test failures
In addition: Warning message:
call dbDisconnect() when finished working with a connection
Execution halted
- checking for unstated dependencies in vignettes ... OK
- checking package vignettes ... OK
- checking re-building of vignette outputs ... [2s] OK
- checking PDF version of manual ... [21s] OK
- checking HTML version of manual ... [1s] OK
- DONE
Status: 1 ERROR