* using log directory ‘/Volumes/Builds/packages/big-sur-x86_64/results/4.5/shinystan.Rcheck’ * using R Under development (unstable) (2025-01-24 r87627) * using platform: x86_64-apple-darwin20 * R was compiled by Apple clang version 14.0.0 (clang-1400.0.29.202) GNU Fortran (GCC) 14.2.0 * running under: macOS Ventura 13.3.1 * using session charset: UTF-8 * checking for file ‘shinystan/DESCRIPTION’ ... OK * this is package ‘shinystan’ version ‘2.6.0’ * package encoding: UTF-8 * checking package namespace information ... OK * checking package dependencies ... INFO Packages suggested but not available for checking: 'cmdstanr', 'rstanarm' * checking if this is a source package ... OK * checking if there is a namespace ... OK * checking for executable files ... OK * checking for hidden files and directories ... OK * checking for portable file names ... OK * checking for sufficient/correct file permissions ... OK * checking whether package ‘shinystan’ can be installed ... [9s/19s] OK See 'https://www.r-project.org/nosvn/R.check/r-devel-macos-x86_64/shinystan-00install.html' for details. * checking installed package size ... OK * checking package directory ... OK * checking ‘build’ directory ... OK * checking DESCRIPTION meta-information ... OK * checking top-level files ... OK * checking for left-over files ... OK * checking index information ... OK * checking package subdirectories ... OK * checking code files for non-ASCII characters ... OK * checking R files for syntax errors ... OK * checking whether the package can be loaded ... [2s/3s] OK * checking whether the package can be loaded with stated dependencies ... [2s/3s] OK * checking whether the package can be unloaded cleanly ... [2s/3s] OK * checking whether the namespace can be loaded with stated dependencies ... [2s/3s] OK * checking whether the namespace can be unloaded cleanly ... [2s/3s] OK * checking loading without being on the library search path ... [5s/6s] OK * checking whether startup messages can be suppressed ... [2s/3s] OK * checking dependencies in R code ... OK * checking S3 generic/method consistency ... OK * checking replacement functions ... OK * checking foreign function calls ... OK * checking R code for possible problems ... [7s/8s] OK * checking Rd files ... [0s/0s] OK * checking Rd metadata ... OK * checking Rd cross-references ... INFO Package unavailable to check Rd xrefs: ‘rstanarm’ * checking for missing documentation entries ... OK * checking for code/documentation mismatches ... OK * checking Rd \usage sections ... OK * checking Rd contents ... OK * checking for unstated dependencies in examples ... OK * checking contents of ‘data’ directory ... OK * checking data for non-ASCII characters ... [3s/4s] OK * checking LazyData ... OK * checking data for ASCII and uncompressed saves ... OK * checking installed files from ‘inst/doc’ ... OK * checking files in ‘vignettes’ ... OK * checking examples ... [3s/4s] OK * checking for unstated dependencies in ‘tests’ ... OK * checking tests ... [5s/8s] ERROR Running ‘testthat.R’ [5s/8s] Running the tests in ‘tests/testthat.R’ failed. Complete output: > library(testthat) > library(shinystan) Loading required package: shiny This is shinystan version 2.6.0 > > test_check("shinystan") [ FAIL 1 | WARN 0 | SKIP 6 | PASS 125 ] ══ Skipped tests (6) ═══════════════════════════════════════════════════════════ • On CRAN (1): 'test_creating_sso.R:197:3' • {rstanarm} is not installed (5): 'test_creating_sso.R:45:3', 'test_creating_sso.R:60:3', 'test_creating_sso.R:135:3', 'test_creating_sso.R:150:3', 'test_creating_sso.R:161:3' ══ Failed tests ════════════════════════════════════════════════════════════════ ── Error ('test_misc.R:2:1'): (code run outside of `test_that()`) ────────────── Error in `library(rstanarm)`: there is no package called 'rstanarm' Backtrace: ▆ 1. └─base::library(rstanarm) at test_misc.R:2:1 [ FAIL 1 | WARN 0 | SKIP 6 | PASS 125 ] Error: Test failures Execution halted * checking for unstated dependencies in vignettes ... OK * checking package vignettes ... OK * checking re-building of vignette outputs ... [11s/19s] OK * checking PDF version of manual ... [6s/15s] OK * DONE Status: 1 ERROR * using check arguments '--no-clean-on-error ' * elapsed time (check, wall clock): 2:36