* using log directory ‘/Volumes/Builds/packages/big-sur-x86_64/results/4.5/ormBigData.Rcheck’ * using R Under development (unstable) (2025-01-24 r87627) * using platform: x86_64-apple-darwin20 * R was compiled by Apple clang version 14.0.0 (clang-1400.0.29.202) GNU Fortran (GCC) 14.2.0 * running under: macOS Ventura 13.3.1 * using session charset: UTF-8 * checking for file ‘ormBigData/DESCRIPTION’ ... OK * this is package ‘ormBigData’ version ‘0.0.1’ * package encoding: UTF-8 * checking package namespace information ... OK * checking package dependencies ... OK * checking if this is a source package ... OK * checking if there is a namespace ... OK * checking for executable files ... OK * checking for hidden files and directories ... OK * checking for portable file names ... OK * checking for sufficient/correct file permissions ... OK * checking whether package ‘ormBigData’ can be installed ... [8s/10s] OK See 'https://www.r-project.org/nosvn/R.check/r-devel-macos-x86_64/ormBigData-00install.html' for details. * checking installed package size ... OK * checking package directory ... OK * checking DESCRIPTION meta-information ... OK * checking top-level files ... OK * checking for left-over files ... OK * checking index information ... OK * checking package subdirectories ... OK * checking code files for non-ASCII characters ... OK * checking R files for syntax errors ... OK * checking whether the package can be loaded ... [2s/3s] OK * checking whether the package can be loaded with stated dependencies ... [2s/3s] OK * checking whether the package can be unloaded cleanly ... [2s/3s] OK * checking whether the namespace can be loaded with stated dependencies ... [2s/3s] OK * checking whether the namespace can be unloaded cleanly ... [2s/3s] OK * checking loading without being on the library search path ... [2s/3s] OK * checking dependencies in R code ... OK * checking S3 generic/method consistency ... OK * checking replacement functions ... OK * checking foreign function calls ... OK * checking R code for possible problems ... [6s/8s] OK * checking Rd files ... [0s/0s] OK * checking Rd metadata ... OK * checking Rd cross-references ... OK * checking for missing documentation entries ... OK * checking for code/documentation mismatches ... OK * checking Rd \usage sections ... OK * checking Rd contents ... OK * checking for unstated dependencies in examples ... OK * checking examples ... [2s/3s] ERROR Running examples in ‘ormBigData-Ex.R’ failed The error most likely occurred in: > ### Name: ormBD > ### Title: Cumulative Probability Model for Big Data > ### Aliases: ormBD > > ### ** Examples > > ## generate a small example data and run one of the three methods > set.seed(1) > n <- 200 > x1 = rnorm(n); x2 = rnorm(n) > tmpdata = data.frame(x1 = x1, x2 = x2, y = rnorm(n) + x1 + 2*x2) > modbinning <- ormBD(y ~ x1 + x2, data = tmpdata, family = loglog, + approach = "binning", target_num = 100) Error: object 'loglog' not found Execution halted * checking PDF version of manual ... [6s/7s] OK * DONE Status: 1 ERROR * using check arguments '--no-clean-on-error ' * elapsed time (check, wall clock): 1:23