- using R Under development (unstable) (2025-01-24 r87627)
- using platform: x86_64-apple-darwin20
- R was compiled by
Apple clang version 14.0.0 (clang-1400.0.29.202)
GNU Fortran (GCC) 14.2.0
- running under: macOS Ventura 13.3.1
- using session charset: UTF-8
- checking for file ‘FuzzyDBScan/DESCRIPTION’ ... OK
- this is package ‘FuzzyDBScan’ version ‘0.0.3’
- package encoding: UTF-8
- checking package namespace information ... OK
- checking package dependencies ... INFO
Package suggested but not available for checking: ‘factoextra’
- checking if this is a source package ... OK
- checking if there is a namespace ... OK
- checking for executable files ... OK
- checking for hidden files and directories ... OK
- checking for portable file names ... OK
- checking for sufficient/correct file permissions ... OK
- checking whether package ‘FuzzyDBScan’ can be installed ... [4s/6s] OK
See the install log for details.
- checking installed package size ... OK
- checking package directory ... OK
- checking DESCRIPTION meta-information ... OK
- checking top-level files ... OK
- checking for left-over files ... OK
- checking index information ... OK
- checking package subdirectories ... OK
- checking code files for non-ASCII characters ... OK
- checking R files for syntax errors ... OK
- checking whether the package can be loaded ... [1s/1s] OK
- checking whether the package can be loaded with stated dependencies ... [1s/1s] OK
- checking whether the package can be unloaded cleanly ... [1s/1s] OK
- checking whether the namespace can be loaded with stated dependencies ... [1s/1s] OK
- checking whether the namespace can be unloaded cleanly ... [1s/2s] OK
- checking loading without being on the library search path ... [1s/1s] OK
- checking dependencies in R code ... OK
- checking S3 generic/method consistency ... OK
- checking replacement functions ... OK
- checking foreign function calls ... OK
- checking R code for possible problems ... [2s/3s] OK
- checking Rd files ... [0s/0s] OK
- checking Rd metadata ... OK
- checking Rd cross-references ... OK
- checking for missing documentation entries ... OK
- checking for code/documentation mismatches ... OK
- checking Rd \usage sections ... OK
- checking Rd contents ... OK
- checking for unstated dependencies in examples ... OK
- checking examples ... [1s/2s] ERROR
Running examples in ‘FuzzyDBScan-Ex.R’ failed
The error most likely occurred in:
> ### Name: Fuzzy_DBScan
> ### Title: Fuzzy DBScan
> ### Aliases: Fuzzy_DBScan FuzzyDBScan
>
> ### ** Examples
>
> # load factoextra for data and ggplot for plotting
> library(factoextra)
Error in library(factoextra) : there is no package called ‘factoextra’
Execution halted
- checking for unstated dependencies in ‘tests’ ... OK
- checking tests ... [2s/3s] ERROR
Running ‘spelling.R’ [0s/0s]
Running ‘testthat.R’ [1s/2s]
Running the tests in ‘tests/testthat.R’ failed.
Complete output:
> # This file is part of the standard setup for testthat.
> # It is recommended that you do not modify it.
> #
> # Where should you do additional test configuration?
> # Learn more about the roles of various files in:
> # * https://r-pkgs.org/tests.html
> # * https://testthat.r-lib.org/reference/test_package.html#special-files
>
> library(testthat)
> library(FuzzyDBScan)
>
> test_check("FuzzyDBScan")
[ FAIL 1 | WARN 0 | SKIP 0 | PASS 11 ]
══ Failed tests ════════════════════════════════════════════════════════════════
── Error ('test_initialize.R:23:3'): Output ────────────────────────────────────
<packageNotFoundError/error/condition>
Error in `loadNamespace(x)`: there is no package called 'factoextra'
Backtrace:
▆
1. └─base::loadNamespace(x) at test_initialize.R:23:3
2. └─base::withRestarts(stop(cond), retry_loadNamespace = function() NULL)
3. └─base (local) withOneRestart(expr, restarts[[1L]])
4. └─base (local) doWithOneRestart(return(expr), restart)
[ FAIL 1 | WARN 0 | SKIP 0 | PASS 11 ]
Error: Test failures
Execution halted
- checking PDF version of manual ... [7s/11s] OK
- DONE
Status: 2 ERRORs
- using check arguments '--no-clean-on-error '