* using log directory ‘/Volumes/Builds/packages/big-sur-arm64/results/4.5/websocket.Rcheck’ * using R Under development (unstable) (2025-01-24 r87627) * using platform: aarch64-apple-darwin20 * R was compiled by Apple clang version 14.0.0 (clang-1400.0.29.202) GNU Fortran (GCC) 14.2.0 * running under: macOS Ventura 13.4 * using session charset: UTF-8 * checking for file ‘websocket/DESCRIPTION’ ... OK * this is package ‘websocket’ version ‘1.4.2’ * package encoding: UTF-8 * checking package namespace information ... OK * checking package dependencies ... OK * checking if this is a source package ... OK * checking if there is a namespace ... OK * checking for executable files ... OK * checking for hidden files and directories ... OK * checking for portable file names ... OK * checking for sufficient/correct file permissions ... OK * checking whether package ‘websocket’ can be installed ... [30s/36s] WARNING Found the following significant warnings: /Volumes/Builds/packages/big-sur-arm64/Rlib/4.5/AsioHeaders/include/asio/associated_allocator.hpp:100:49: warning: 'allocator' is deprecated [-Wdeprecated-declarations] /Volumes/Builds/packages/big-sur-arm64/Rlib/4.5/AsioHeaders/include/asio/execution/any_executor.hpp:611:47: warning: 'allocator' is deprecated [-Wdeprecated-declarations] /Volumes/Builds/packages/big-sur-arm64/Rlib/4.5/AsioHeaders/include/asio/system_executor.hpp:171:54: warning: 'allocator' is deprecated [-Wdeprecated-declarations] /Volumes/Builds/packages/big-sur-arm64/Rlib/4.5/AsioHeaders/include/asio/system_executor.hpp:175:28: warning: 'allocator' is deprecated [-Wdeprecated-declarations] /Volumes/Builds/packages/big-sur-arm64/Rlib/4.5/AsioHeaders/include/asio/system_executor.hpp:444:45: warning: 'allocator' is deprecated [-Wdeprecated-declarations] /Volumes/Builds/packages/big-sur-arm64/Rlib/4.5/AsioHeaders/include/asio/system_context.hpp:39:12: warning: 'allocator' is deprecated [-Wdeprecated-declarations] /Volumes/Builds/packages/big-sur-arm64/Rlib/4.5/AsioHeaders/include/asio/io_context.hpp:231:36: warning: 'allocator' is deprecated [-Wdeprecated-declarations] /Volumes/Builds/packages/big-sur-arm64/Rlib/4.5/AsioHeaders/include/asio/io_context.hpp:856:43: warning: 'allocator' is deprecated [-Wdeprecated-declarations] /Volumes/Builds/packages/big-sur-arm64/Rlib/4.5/AsioHeaders/include/asio/io_context.hpp:859:37: warning: 'allocator' is deprecated [-Wdeprecated-declarations] /Volumes/Builds/packages/big-sur-arm64/Rlib/4.5/AsioHeaders/include/asio/io_context.hpp:860:29: warning: 'allocator' is deprecated [-Wdeprecated-declarations] /Volumes/Builds/packages/big-sur-arm64/Rlib/4.5/AsioHeaders/include/asio/buffer_registration.hpp:61:31: warning: 'allocator' is deprecated [-Wdeprecated-declarations] /Volumes/Builds/packages/big-sur-arm64/Rlib/4.5/AsioHeaders/include/asio/impl/compose.hpp:358:12: warning: 'allocator' is deprecated [-Wdeprecated-declarations] /Volumes/Builds/packages/big-sur-arm64/Rlib/4.5/AsioHeaders/include/asio/impl/compose.hpp:362:56: warning: 'allocator' is deprecated [-Wdeprecated-declarations] /Volumes/Builds/packages/big-sur-arm64/Rlib/4.5/AsioHeaders/include/asio/impl/executor.hpp:167:55: warning: 'allocator' is deprecated [-Wdeprecated-declarations] /Volumes/Builds/packages/big-sur-arm64/Rlib/4.5/AsioHeaders/include/asio/impl/executor.hpp:202:14: warning: 'allocator' is deprecated [-Wdeprecated-declarations] /Volumes/Builds/packages/big-sur-arm64/Rlib/4.5/AsioHeaders/include/asio/impl/executor.hpp:208:14: warning: 'allocator' is deprecated [-Wdeprecated-declarations] /Volumes/Builds/packages/big-sur-arm64/Rlib/4.5/AsioHeaders/include/asio/impl/executor.hpp:214:14: warning: 'allocator' is deprecated [-Wdeprecated-declarations] /Volumes/Builds/packages/big-sur-arm64/Rlib/4.5/AsioHeaders/include/asio/impl/executor.hpp:243:31: warning: 'allocator' is deprecated [-Wdeprecated-declarations] /Volumes/Builds/packages/big-sur-arm64/Rlib/4.5/AsioHeaders/include/asio/thread_pool.hpp:85:36: warning: 'allocator' is deprecated [-Wdeprecated-declarations] /Volumes/Builds/packages/big-sur-arm64/Rlib/4.5/AsioHeaders/include/asio/thread_pool.hpp:88:36: warning: 'allocator' is deprecated [-Wdeprecated-declarations] /Volumes/Builds/packages/big-sur-arm64/Rlib/4.5/AsioHeaders/include/asio/thread_pool.hpp:392:43: warning: 'allocator' is deprecated [-Wdeprecated-declarations] /Volumes/Builds/packages/big-sur-arm64/Rlib/4.5/AsioHeaders/include/asio/thread_pool.hpp:395:37: warning: 'allocator' is deprecated [-Wdeprecated-declarations] /Volumes/Builds/packages/big-sur-arm64/Rlib/4.5/AsioHeaders/include/asio/thread_pool.hpp:396:21: warning: 'allocator' is deprecated [-Wdeprecated-declarations] /Volumes/Builds/packages/big-sur-arm64/Rlib/4.5/AsioHeaders/include/asio/detail/impl/strand_executor_service.hpp:222:12: warning: 'allocator' is deprecated [-Wdeprecated-declarations] /Volumes/Builds/packages/big-sur-arm64/Rlib/4.5/AsioHeaders/include/asio/use_future.hpp:132:19: warning: 'allocator' is deprecated [-Wdeprecated-declarations] /Volumes/Builds/packages/big-sur-arm64/Rlib/4.5/AsioHeaders/include/asio/use_future.hpp:139:18: warning: 'allocator' is deprecated [-Wdeprecated-declarations] /Volumes/Builds/packages/big-sur-arm64/Rlib/4.5/AsioHeaders/include/asio/use_future.hpp:134:19: warning: 'allocator' is deprecated [-Wdeprecated-declarations] /Volumes/Builds/packages/big-sur-arm64/Rlib/4.5/AsioHeaders/include/asio/use_future.hpp:57:37: warning: 'allocator' is deprecated [-Wdeprecated-declarations] /Volumes/Builds/packages/big-sur-arm64/Rlib/4.5/AsioHeaders/include/asio/detail/handler_alloc_helpers.hpp:186:48: warning: 'allocator' is deprecated [-Wdeprecated-declarations] /Volumes/Builds/packages/big-sur-arm64/Rlib/4.5/AsioHeaders/include/asio/detail/recycling_allocator.hpp:97:30: warning: 'allocator' is deprecated [-Wdeprecated-declarations] See 'https://www.r-project.org/nosvn/R.check/r-devel-macos-arm64/websocket-00install.html' for details. * used C++ compiler: ‘Apple clang version 14.0.0 (clang-1400.0.29.202)’ * used SDK: ‘MacOSX11.3.sdk’ * checking installed package size ... INFO installed size is 29.4Mb sub-directories of 1Mb or more: libs 29.2Mb * checking package directory ... OK * checking ‘build’ directory ... OK * checking DESCRIPTION meta-information ... OK * checking top-level files ... OK * checking for left-over files ... OK * checking index information ... OK * checking package subdirectories ... OK * checking code files for non-ASCII characters ... OK * checking R files for syntax errors ... OK * checking whether the package can be loaded ... [0s/0s] OK * checking whether the package can be loaded with stated dependencies ... [0s/0s] OK * checking whether the package can be unloaded cleanly ... [0s/0s] OK * checking whether the namespace can be loaded with stated dependencies ... [0s/0s] OK * checking whether the namespace can be unloaded cleanly ... [0s/0s] OK * checking loading without being on the library search path ... [0s/0s] OK * checking dependencies in R code ... OK * checking S3 generic/method consistency ... OK * checking replacement functions ... OK * checking foreign function calls ... OK * checking R code for possible problems ... [1s/1s] OK * checking Rd files ... [0s/0s] OK * checking Rd metadata ... OK * checking Rd cross-references ... OK * checking for missing documentation entries ... OK * checking for code/documentation mismatches ... OK * checking Rd \usage sections ... OK * checking Rd contents ... OK * checking for unstated dependencies in examples ... OK * checking line endings in shell scripts ... OK * checking line endings in C/C++/Fortran sources/headers ... OK * checking line endings in Makefiles ... OK * checking compilation flags in Makevars ... OK * checking for GNU extensions in Makefiles ... INFO GNU make is a SystemRequirements. * checking for portable use of $(BLAS_LIBS) and $(LAPACK_LIBS) ... OK * checking use of PKG_*FLAGS in Makefiles ... OK * checking compiled code ... OK * checking installed files from ‘inst/doc’ ... OK * checking files in ‘vignettes’ ... OK * checking examples ... [0s/0s] OK * checking for unstated dependencies in ‘tests’ ... OK * checking tests ... [1s/8s] OK Running ‘testthat.R’ [1s/8s] * checking for unstated dependencies in vignettes ... OK * checking package vignettes ... OK * checking re-building of vignette outputs ... [6s/7s] OK * checking PDF version of manual ... [3s/4s] OK * DONE Status: 1 WARNING * using check arguments '--no-clean-on-error ' * elapsed time (check, wall clock): 1:12