- using R Under development (unstable) (2025-02-15 r87723)
- using platform: x86_64-pc-linux-gnu
- R was compiled by
gcc (GCC) 14.2.1 20240912 (Red Hat 14.2.1-3)
GNU Fortran (GCC) 14.2.1 20240912 (Red Hat 14.2.1-3)
- running under: Fedora Linux 40 (Workstation Edition)
- using session charset: UTF-8
- using option ‘--no-stop-on-test-error’
- checking for file ‘rim/DESCRIPTION’ ... OK
- checking extension type ... Package
- this is package ‘rim’ version ‘0.7.0’
- package encoding: UTF-8
- checking package namespace information ... OK
- checking package dependencies ... OK
- checking if this is a source package ... OK
- checking if there is a namespace ... OK
- checking for executable files ... OK
- checking for hidden files and directories ... OK
- checking for portable file names ... OK
- checking for sufficient/correct file permissions ... OK
- checking whether package ‘rim’ can be installed ... [31s/34s] OK
See the install log for details.
- used C++ compiler: ‘g++ (GCC) 14.2.1 20240912 (Red Hat 14.2.1-3)’
- checking package directory ... OK
- checking DESCRIPTION meta-information ... OK
- checking top-level files ... OK
- checking for left-over files ... OK
- checking index information ... OK
- checking package subdirectories ... OK
- checking code files for non-ASCII characters ... OK
- checking R files for syntax errors ... OK
- checking whether the package can be loaded ... OK
- checking whether the package can be loaded with stated dependencies ... OK
- checking whether the package can be unloaded cleanly ... OK
- checking whether the namespace can be loaded with stated dependencies ... OK
- checking whether the namespace can be unloaded cleanly ... OK
- checking loading without being on the library search path ... OK
- checking whether startup messages can be suppressed ... OK
- checking use of S3 registration ... OK
- checking dependencies in R code ... OK
- checking S3 generic/method consistency ... OK
- checking replacement functions ... OK
- checking foreign function calls ... OK
- checking R code for possible problems ... OK
- checking Rd files ... OK
- checking Rd metadata ... OK
- checking Rd line widths ... OK
- checking Rd cross-references ... OK
- checking for missing documentation entries ... OK
- checking for code/documentation mismatches ... OK
- checking Rd \usage sections ... OK
- checking Rd contents ... OK
- checking for unstated dependencies in examples ... OK
- checking line endings in C/C++/Fortran sources/headers ... OK
- checking pragmas in C/C++ headers and code ... OK
- checking compilation flags used ... OK
- checking compiled code ... OK
- checking examples ... [15s/21s] ERROR
Running examples in ‘rim-Ex.R’ failed
The error most likely occurred in:
> ### Name: rim-package
> ### Title: rim
> ### Aliases: rim rim-package maxima.start maxima.stop maxima.get
> ### maxima.load maxima.apropos maxima.version maxima.isInstalled iprint
> ### print.maxima maxima.eval
>
> ### ** Examples
>
> if(maxima.isInstalled()) maxima.start(restart = TRUE)
> if(maxima.isInstalled()) {
+ maxima.start(restart = TRUE)
+ maxima.stop()
+ }
> if(maxima.isInstalled()) maxima.get("2+2;")
> if(maxima.isInstalled()) maxima.load("abs_integrate")
Error in self$get(paste0("load(\"", module, "\")$")) :
TEXT;>>file_search1: <<TEXT;
-- an error. To debug this try: debugmode(true);
Calls: maxima.load -> <Anonymous> -> <Anonymous>
Execution halted
- checking for unstated dependencies in ‘tests’ ... OK
- checking tests ... [26s/37s] OK
Running ‘testthat.R’ [26s/37s]
- checking PDF version of manual ... OK
- checking HTML version of manual ... OK
- checking for non-standard things in the check directory ... OK
- checking for detritus in the temp directory ... OK
- DONE
Status: 1 ERROR