- using R Under development (unstable) (2025-02-05 r87691)
- using platform: x86_64-pc-linux-gnu
- R was compiled by
gcc-14 (GCC) 14.2.0
GNU Fortran (GCC) 14.2.0
- running under: Fedora Linux 36 (Workstation Edition)
- using session charset: UTF-8
- using option ‘--no-stop-on-test-error’
- checking for file ‘o2geosocial/DESCRIPTION’ ... OK
- checking extension type ... Package
- this is package ‘o2geosocial’ version ‘1.1.3’
- package encoding: UTF-8
- checking package namespace information ... OK
- checking package dependencies ... OK
- checking if this is a source package ... OK
- checking if there is a namespace ... OK
- checking for executable files ... OK
- checking for hidden files and directories ... OK
- checking for portable file names ... OK
- checking for sufficient/correct file permissions ... OK
- checking whether package ‘o2geosocial’ can be installed ... [85s/57s] OK
See the install log for details.
- used C++ compiler: ‘g++-14 (GCC) 14.2.0’
- checking package directory ... OK
- checking ‘build’ directory ... OK
- checking DESCRIPTION meta-information ... OK
- checking top-level files ... OK
- checking for left-over files ... OK
- checking index information ... OK
- checking package subdirectories ... OK
- checking code files for non-ASCII characters ... OK
- checking R files for syntax errors ... OK
- checking whether the package can be loaded ... OK
- checking whether the package can be loaded with stated dependencies ... OK
- checking whether the package can be unloaded cleanly ... OK
- checking whether the namespace can be loaded with stated dependencies ... OK
- checking whether the namespace can be unloaded cleanly ... OK
- checking loading without being on the library search path ... OK
- checking whether startup messages can be suppressed ... OK
- checking use of S3 registration ... OK
- checking dependencies in R code ... OK
- checking S3 generic/method consistency ... OK
- checking replacement functions ... OK
- checking foreign function calls ... OK
- checking R code for possible problems ... [22s/31s] OK
- checking Rd files ... OK
- checking Rd metadata ... OK
- checking Rd line widths ... OK
- checking Rd cross-references ... OK
- checking for missing documentation entries ... OK
- checking for code/documentation mismatches ... OK
- checking Rd \usage sections ... OK
- checking Rd contents ... OK
- checking for unstated dependencies in examples ... OK
- checking contents of ‘data’ directory ... OK
- checking data for non-ASCII characters ... OK
- checking LazyData ... OK
- checking data for ASCII and uncompressed saves ... OK
- checking line endings in C/C++/Fortran sources/headers ... OK
- checking pragmas in C/C++ headers and code ... OK
- checking compilation flags used ... OK
- checking compiled code ... OK
- checking installed files from ‘inst/doc’ ... OK
- checking files in ‘vignettes’ ... OK
- checking examples ... [13s/19s] OK
- checking for unstated dependencies in ‘tests’ ... OK
- checking tests ... [23s/33s] OK
Running ‘testthat.R’ [23s/32s]
- checking for unstated dependencies in vignettes ... OK
- checking package vignettes ... OK
- checking re-building of vignette outputs ... [269s/368s] ERROR
Error(s) in re-building vignettes:
--- re-building ‘o2geosocial.Rmd’ using rmarkdown
** Processing: /data/gannet/ripley/R/packages/tests-devel/o2geosocial.Rcheck/vign_test/o2geosocial/vignettes/o2geosocial_files/figure-html/plot_ref-1.png
624x384 pixels, 8 bits/pixel, 256 colors in palette
Reducing image to 8 bits/pixel, grayscale
Input IDAT size = 5405 bytes
Input file size = 6263 bytes
Trying:
zc = 9 zm = 8 zs = 0 f = 0 IDAT size = 4705
zc = 9 zm = 8 zs = 1 f = 0
zc = 1 zm = 8 zs = 2 f = 0
zc = 9 zm = 8 zs = 3 f = 0
zc = 9 zm = 8 zs = 0 f = 5
zc = 9 zm = 8 zs = 1 f = 5
zc = 1 zm = 8 zs = 2 f = 5
zc = 9 zm = 8 zs = 3 f = 5
Selecting parameters:
zc = 9 zm = 8 zs = 0 f = 0 IDAT size = 4705
Output IDAT size = 4705 bytes (700 bytes decrease)
Output file size = 4783 bytes (1480 bytes = 23.63% decrease)
Warning in doTryCatch(return(expr), name, parentenv, handler) :
zero-length arrow is of indeterminate angle and so skipped
Warning in doTryCatch(return(expr), name, parentenv, handler) :
zero-length arrow is of indeterminate angle and so skipped
Warning in doTryCatch(return(expr), name, parentenv, handler) :
zero-length arrow is of indeterminate angle and so skipped
Warning in doTryCatch(return(expr), name, parentenv, handler) :
zero-length arrow is of indeterminate angle and so skipped
Warning in doTryCatch(return(expr), name, parentenv, handler) :
zero-length arrow is of indeterminate angle and so skipped
** Processing: /data/gannet/ripley/R/packages/tests-devel/o2geosocial.Rcheck/vign_test/o2geosocial/vignettes/o2geosocial_files/figure-html/plot_first-1.png
624x384 pixels, 8 bits/pixel, 256 colors in palette
Reducing image to 8 bits/pixel, grayscale
Input IDAT size = 8330 bytes
Input file size = 9200 bytes
Trying:
zc = 9 zm = 8 zs = 0 f = 0 IDAT size = 7545
zc = 9 zm = 8 zs = 1 f = 0
zc = 1 zm = 8 zs = 2 f = 0
zc = 9 zm = 8 zs = 3 f = 0
zc = 9 zm = 8 zs = 0 f = 5
zc = 9 zm = 8 zs = 1 f = 5
zc = 1 zm = 8 zs = 2 f = 5
zc = 9 zm = 8 zs = 3 f = 5
Selecting parameters:
zc = 9 zm = 8 zs = 0 f = 0 IDAT size = 7545
Output IDAT size = 7545 bytes (785 bytes decrease)
Output file size = 7623 bytes (1577 bytes = 17.14% decrease)
** Processing: /data/gannet/ripley/R/packages/tests-devel/o2geosocial.Rcheck/vign_test/o2geosocial/vignettes/o2geosocial_files/figure-html/plot index_infer-1.png
672x288 pixels, 8 bits/pixel, 256 colors in palette
Reducing image to 8 bits/pixel, grayscale
Input IDAT size = 11674 bytes
Input file size = 12544 bytes
Trying:
zc = 9 zm = 8 zs = 0 f = 0 IDAT size = 10629
zc = 9 zm = 8 zs = 1 f = 0
zc = 1 zm = 8 zs = 2 f = 0
zc = 9 zm = 8 zs = 3 f = 0
zc = 9 zm = 8 zs = 0 f = 5
zc = 9 zm = 8 zs = 1 f = 5
zc = 1 zm = 8 zs = 2 f = 5
zc = 9 zm = 8 zs = 3 f = 5
Selecting parameters:
zc = 9 zm = 8 zs = 0 f = 0 IDAT size = 10629
Output IDAT size = 10629 bytes (1045 bytes decrease)
Output file size = 10707 bytes (1837 bytes = 14.64% decrease)
Quitting from lines 361-370 [import_sf_file] (o2geosocial.Rmd)
Error: processing vignette 'o2geosocial.Rmd' failed with diagnostics:
Cannot open "/tmp/RtmpYFi201/working_dir/RtmpyUuU7V"; The source could be corrupt or not supported. See `st_drivers()` for a list of supported formats.
--- failed re-building ‘o2geosocial.Rmd’
SUMMARY: processing the following file failed:
‘o2geosocial.Rmd’
Error: Vignette re-building failed.
Execution halted
- checking PDF version of manual ... [7s/21s] OK
- checking HTML version of manual ... OK
- checking for non-standard things in the check directory ... OK
- checking for detritus in the temp directory ... OK
- DONE
Status: 1 ERROR