- using R Under development (unstable) (2025-02-14 r87716)
- using platform: x86_64-pc-linux-gnu
- R was compiled by
gcc (GCC) 14.2.1 20240912 (Red Hat 14.2.1-3)
GNU Fortran (GCC) 14.2.1 20240912 (Red Hat 14.2.1-3)
- running under: Fedora Linux 40 (Workstation Edition)
- using session charset: UTF-8
- using option ‘--no-stop-on-test-error’
- checking for file ‘climwin/DESCRIPTION’ ... OK
- checking extension type ... Package
- this is package ‘climwin’ version ‘1.2.3’
- checking package namespace information ... OK
- checking package dependencies ... OK
- checking if this is a source package ... OK
- checking if there is a namespace ... OK
- checking for executable files ... OK
- checking for hidden files and directories ... OK
- checking for portable file names ... OK
- checking for sufficient/correct file permissions ... OK
- checking whether package ‘climwin’ can be installed ... [35s/83s] OK
See the install log for details.
- checking package directory ... OK
- checking ‘build’ directory ... OK
- checking DESCRIPTION meta-information ... OK
- checking top-level files ... OK
- checking for left-over files ... OK
- checking index information ... OK
- checking package subdirectories ... OK
- checking code files for non-ASCII characters ... OK
- checking R files for syntax errors ... OK
- checking whether the package can be loaded ... [6s/16s] OK
- checking whether the package can be loaded with stated dependencies ... [6s/15s] OK
- checking whether the package can be unloaded cleanly ... [6s/15s] OK
- checking whether the namespace can be loaded with stated dependencies ... [5s/11s] OK
- checking whether the namespace can be unloaded cleanly ... [6s/14s] OK
- checking loading without being on the library search path ... [6s/15s] OK
- checking whether startup messages can be suppressed ... [6s/16s] OK
- checking use of S3 registration ... OK
- checking dependencies in R code ... OK
- checking S3 generic/method consistency ... OK
- checking replacement functions ... OK
- checking foreign function calls ... OK
- checking R code for possible problems ... [57s/146s] OK
- checking Rd files ... OK
- checking Rd metadata ... OK
- checking Rd line widths ... OK
- checking Rd cross-references ... OK
- checking for missing documentation entries ... OK
- checking for code/documentation mismatches ... OK
- checking Rd \usage sections ... OK
- checking Rd contents ... OK
- checking for unstated dependencies in examples ... OK
- checking contents of ‘data’ directory ... OK
- checking data for non-ASCII characters ... OK
- checking LazyData ... OK
- checking data for ASCII and uncompressed saves ... OK
- checking installed files from ‘inst/doc’ ... OK
- checking files in ‘vignettes’ ... OK
- checking examples ... [25s/70s] OK
- checking for unstated dependencies in ‘tests’ ... OK
- checking tests ... [236s/557s] ERROR
Running ‘testthat.R’ [235s/556s]
Running the tests in ‘tests/testthat.R’ failed.
Complete output:
> library(testthat)
> library(climwin)
Loading required package: ggplot2
Loading required package: gridExtra
Loading required package: Matrix
>
> test_check("climwin")
|
| | 0%
|
|||||||||||||||||||||||| | 33%
|
|||||||||||||||||||||||||||||||||||||||||||||||||||||||||||||||||||||||| 100%
|
| | 0%
|
|||||||||||||||||||||||| | 33%
|
|||||||||||||||||||||||||||||||||||||||||||||||||||||||||||||||||||||||| 100%
|
| | 0%
|
|||||||||||||||||||||||| | 33%
|
|||||||||||||||||||||||||||||||||||||||||||||||||||||||||||||||||||||||| 100%
|
| | 0%
|
|||||||||||||||||||||||| | 33%
|
|||||||||||||||||||||||||||||||||||||||||||||||||||||||||||||||||||||||| 100%
|
| | 0%
|
|||||||||||||||||||||||| | 33%
|
|||||||||||||||||||||||||||||||||||||||||||||||||||||||||||||||||||||||| 100%
|
| | 0%
|
|||||||||||||||||||||||| | 33%
|
|||||||||||||||||||||||||||||||||||||||||||||||||||||||||||||||||||||||| 100%
|
| | 0%
|
|||||||||||||||||||||||| | 33%
|
|||||||||||||||||||||||||||||||||||||||||||||||||||||||||||||||||||||||| 100%
|
| | 0%
|
|||||||||||||||||||||||| | 33%
|
|||||||||||||||||||||||||||||||||||||||||||||||||||||||||||||||||||||||| 100%
|
| | 0%
|
|||||||||||||||||||||||| | 33%
|
|||||||||||||||||||||||||||||||||||||||||||||||||||||||||||||||||||||||| 100%
|
| | 0%
|
|||||||||||||||||||||||| | 33%
|
|||||||||||||||||||||||||||||||||||||||||||||||||||||||||||||||||||||||| 100%
|
| | 0%
|
|||||||||||||||||||||||| | 33%
|
|||||||||||||||||||||||||||||||||||||||||||||||||||||||||||||||||||||||| 100%
|
| | 0%
|
|||||||||||||||||||||||| | 33%
|
|||||||||||||||||||||||||||||||||||||||||||||||||||||||||||||||||||||||| 100%
|
| | 0%
|
|||||||||||||||||||||||| | 33%
|
|||||||||||||||||||||||||||||||||||||||||||||||||||||||||||||||||||||||| 100%
|
| | 0%
|
|||||||||||||||||||||||| | 33%
|
|||||||||||||||||||||||||||||||||||||||||||||||||||||||||||||||||||||||| 100%
|
| | 0%
|
|||||||||||||||||||||||| | 33%
|
|||||||||||||||||||||||||||||||||||||||||||||||||||||||||||||||||||||||| 100%
|
| | 0%
|
|||||||||||||||||||||||| | 33%
|
|||||||||||||||||||||||||||||||||||||||||||||||||||||||||||||||||||||||| 100%
|
| | 0%
|
|||||||||||||||||||||||| | 33%
|
|||||||||||||||||||||||||||||||||||||||||||||||||||||||||||||||||||||||| 100%
|
| | 0%
|
|||||||||||||||||||||||| | 33%
|
|||||||||||||||||||||||||||||||||||||||||||||||||||||||||||||||||||||||| 100%
|
| | 0%
|
|||||||||||||||||||||||| | 33%
|
|||||||||||||||||||||||||||||||||||||||||||||||||||||||||||||||||||||||| 100%
|
| | 0%
|
|||||||||||||||||||||||| | 33%
|
|||||||||||||||||||||||||||||||||||||||||||||||||||||||||||||||||||||||| 100%
|
| | 0%
|
|||||||||||||||||||||||| | 33%
|
|||||||||||||||||||||||||||||||||||||||||||||||||||||||||||||||||||||||| 100%
|
| | 0%
|
|||||||||||||||||||||||| | 33%
|
|||||||||||||||||||||||||||||||||||||||||||||||||||||||||||||||||||||||| 100%
|
| | 0%
|
|||||||||||||||||||||||| | 33%
|
|||||||||||||||||||||||||||||||||||||||||||||||||||||||||||||||||||||||| 100%
|
| | 0%
|
|||||||||||||||||||||||| | 33%
|
|||||||||||||||||||||||||||||||||||||||||||||||||||||||||||||||||||||||| 100%
|
| | 0%
|
|||||||||||||||||||||||| | 33%
|
|||||||||||||||||||||||||||||||||||||||||||||||||||||||||||||||||||||||| 100%
|
| | 0%
|
|||||||||||||||||||||||| | 33%
|
|||||||||||||||||||||||||||||||||||||||||||||||||||||||||||||||||||||||| 100%
|
| | 0%
|
|||||||||||||||||||||||| | 33%
|
|||||||||||||||||||||||||||||||||||||||||||||||||||||||||||||||||||||||| 100%
|
| | 0%
|
|||||||||||||||||||||||| | 33%
|
|||||||||||||||||||||||||||||||||||||||||||||||||||||||||||||||||||||||| 100%
|
| | 0%
|
|||||||||||||||||||||||| | 33%
|
|||||||||||||||||||||||||||||||||||||||||||||||||||||||||||||||||||||||| 100%
|
| | 0%
|
|||||||||||||||||||||||| | 33%
|
|||||||||||||||||||||||||||||||||||||||||||||||||||||||||||||||||||||||| 100%
|
| | 0%
|
|||||||||||||||||||||||| | 33%
|
|||||||||||||||||||||||||||||||||||||||||||||||||||||||||||||||||||||||| 100%
|
| | 0%
|
|||||||||||||||||||||||| | 33%
|
|||||||||||||||||||||||||||||||||||||||||||||||||||||||||||||||||||||||| 100%
|
| | 0%
|
|||||||||||||||||||||||| | 33%
|
|||||||||||||||||||||||||||||||||||||||||||||||||||||||||||||||||||||||| 100%
|
| | 0%
|
||||||||||||| | 17%
|
|||||||||||||||||||||||||||||||||||| | 50%
|
|||||||||||||||||||||||||||||||||||||||||||||||||||||||||||||||||||||||| 100%
|
| | 0%
|
|||||||||||||||||||||||| | 33%
|
|||||||||||||||||||||||||||||||||||||||||||||||||||||||||||||||||||||||| 100%
|
| | 0%
|
|||||||||||||||||||||||| | 33%
|
|||||||||||||||||||||||||||||||||||||||||||||||||||||||||||||||||||||||| 100%
|
| | 0%
|
|||||||||||||||||||||||| | 33%
|
|||||||||||||||||||||||||||||||||||||||||||||||||||||||||||||||||||||||| 100%
|
| | 0%
|
|||||||||||||||||||||||| | 33%
|
|||||||||||||||||||||||||||||||||||||||||||||||||||||||||||||||||||||||| 100%
|
| | 0%
|
|||||||||||||||||||||||| | 33%
|
|||||||||||||||||||||||||||||||||||||||||||||||||||||||||||||||||||||||| 100%
|
| | 0%
|
|||||||||||||||||||||||| | 33%
|
|||||||||||||||||||||||||||||||||||||||||||||||||||||||||||||||||||||||| 100%
|
| | 0%
|
|||||||||||||||||||||||| | 33%
|
|||||||||||||||||||||||||||||||||||||||||||||||||||||||||||||||||||||||| 100%
|
| | 0%
|
|||||||||||||||||||||||| | 33%
|
|||||||||||||||||||||||||||||||||||||||||||||||||||||||||||||||||||||||| 100%
|
| | 0%
|
|||||||||||||||||||||||| | 33%
|
|||||||||||||||||||||||||||||||||||||||||||||||||||||||||||||||||||||||| 100%
|
| | 0%
|
|||||||||||||||||||||||| | 33%
|
|||||||||||||||||||||||||||||||||||||||||||||||||||||||||||||||||||||||| 100%
|
| | 0%
|
|||||||||||||||||||||||| | 33%
|
|||||||||||||||||||||||||||||||||||||||||||||||||||||||||||||||||||||||| 100%
|
| | 0%
|
|||||||||||||||||||||||| | 33%
|
|||||||||||||||||||||||||||||||||||||||||||||||||||||||||||||||||||||||| 100%
|
| | 0%
|
|||||||||||||||||||||||| | 33%
|
|||||||||||||||||||||||||||||||||||||||||||||||||||||||||||||||||||||||| 100%
|
| | 0%
|
|||||||||||||||||||||||| | 33%
|
|||||||||||||||||||||||||||||||||||||||||||||||||||||||||||||||||||||||| 100%
|
| | 0%
|
|||||||||||||||||||||||||||||||||||||||||||||||||||||||||||||||||||||||| 100%
|
| | 0%
|
|||||||||||||||||||||||||||||||||||||||||||||||||||||||||||||||||||||||| 100%
|
| | 0%
|
||||||||||||| | 17%
|
|||||||||||||||||||||||||||||||||||| | 50%
|
|||||||||||||||||||||||||||||||||||||||||||||||||||||||||||||||||||||||| 100%
|
| | 0%
|
||||||||||||| | 17%
|
|||||||||||||||||||||||||||||||||||| | 50%
|
|||||||||||||||||||||||||||||||||||||||||||||||||||||||||||||||||||||||| 100%
|
| | 0%
|
||||||||||||| | 17%
|
|||||||||||||||||||||||||||||||||||| | 50%
|
|||||||||||||||||||||||||||||||||||||||||||||||||||||||||||||||||||||||| 100%
|
| | 0%
|
||||||||||||| | 17%
|
|||||||||||||||||||||||||||||||||||| | 50%
|
|||||||||||||||||||||||||||||||||||||||||||||||||||||||||||||||||||||||| 100%
|
| | 0%
|
|||||||||||||||||||||||| | 33%
|
|||||||||||||||||||||||||||||||||||||||||||||||||||||||||||||||||||||||| 100%
|
| | 0%
|
|||||||||||||||||||||||| | 33%
|
|||||||||||||||||||||||||||||||||||||||||||||||||||||||||||||||||||||||| 100%
|
| | 0%
|
||||||||||||| | 17%
|
|||||||||||||||||||||||||||||||||||| | 50%
|
|||||||||||||||||||||||||||||||||||||||||||||||||||||||||||||||||||||||| 100%
|
| | 0%
|
||||||||||||| | 17%
|
|||||||||||||||||||||||||||||||||||| | 50%
|
|||||||||||||||||||||||||||||||||||||||||||||||||||||||||||||||||||||||| 100%
|
| | 0%
|
|||||||||||||||||||||||| | 33%
|
|||||||||||||||||||||||||||||||||||||||||||||||||||||||||||||||||||||||| 100%
|
| | 0%
|
|||||||||||||||||||||||| | 33%
|
|||||||||||||||||||||||||||||||||||||||||||||||||||||||||||||||||||||||| 100%
|
| | 0%
|
|||||||||||||||||||||||| | 33%
|
|||||||||||||||||||||||||||||||||||||||||||||||||||||||||||||||||||||||| 100%
|
| | 0%
|
||||||||||||| | 17%
|
|||||||||||||||||||||||||||||||||||| | 50%
|
|||||||||||||||||||||||||||||||||||||||||||||||||||||||||||||||||||||||| 100%
|
| | 0%
|
||||||||||||| | 17%
|
|||||||||||||||||||||||||||||||||||| | 50%
|
|||||||||||||||||||||||||||||||||||||||||||||||||||||||||||||||||||||||| 100%
|
| | 0%
|
||||||||||||| | 17%
|
|||||||||||||||||||||||||||||||||||| | 50%
|
|||||||||||||||||||||||||||||||||||||||||||||||||||||||||||||||||||||||| 100%
|
| | 0%
|
||||||||||||| | 17%
|
|||||||||||||||||||||||||||||||||||| | 50%
|
|||||||||||||||||||||||||||||||||||||||||||||||||||||||||||||||||||||||| 100%
|
| | 0%
|
|||||||||||||||||||||||| | 33%
|
|||||||||||||||||||||||||||||||||||||||||||||||||||||||||||||||||||||||| 100%
|
| | 0%
|
||||||||||||| | 17%
|
|||||||||||||||||||||||||||||||||||| | 50%
|
|||||||||||||||||||||||||||||||||||||||||||||||||||||||||||||||||||||||| 100%
|
| | 0%
|
||||||||||||| | 17%
|
|||||||||||||||||||||||||||||||||||| | 50%
|
|||||||||||||||||||||||||||||||||||||||||||||||||||||||||||||||||||||||| 100%
|
| | 0%
|
||||||||||||| | 17%
|
|||||||||||||||||||||||||||||||||||| | 50%
|
|||||||||||||||||||||||||||||||||||||||||||||||||||||||||||||||||||||||| 100%
|
| | 0%
|
||||||||||||| | 17%
|
|||||||||||||||||||||||||||||||||||| | 50%
|
|||||||||||||||||||||||||||||||||||||||||||||||||||||||||||||||||||||||| 100%
|
| | 0%
|
||||||||||||| | 17%
|
|||||||||||||||||||||||||||||||||||| | 50%
|
|||||||||||||||||||||||||||||||||||||||||||||||||||||||||||||||||||||||| 100%
|
| | 0%
|
||||||||||||| | 17%
|
|||||||||||||||||||||||||||||||||||| | 50%
|
|||||||||||||||||||||||||||||||||||||||||||||||||||||||||||||||||||||||| 100%
|
| | 0%
|
||||||||||||| | 17%
|
|||||||||||||||||||||||||||||||||||| | 50%
|
|||||||||||||||||||||||||||||||||||||||||||||||||||||||||||||||||||||||| 100%
|
| | 0%
|
||||||||||||| | 17%
|
|||||||||||||||||||||||||||||||||||| | 50%
|
|||||||||||||||||||||||||||||||||||||||||||||||||||||||||||||||||||||||| 100%
|
| | 0%
|
||||||||||||| | 17%
|
|||||||||||||||||||||||||||||||||||| | 50%
|
|||||||||||||||||||||||||||||||||||||||||||||||||||||||||||||||||||||||| 100%
|
| | 0%
|
||||||||||||| | 17%
|
|||||||||||||||||||||||||||||||||||| | 50%
|
|||||||||||||||||||||||||||||||||||||||||||||||||||||||||||||||||||||||| 100%
|
| | 0%
|
||||||||||||| | 17%
|
|||||||||||||||||||||||||||||||||||| | 50%
|
|||||||||||||||||||||||||||||||||||||||||||||||||||||||||||||||||||||||| 100%
|
| | 0%
|
||||||||||||| | 17%
|
|||||||||||||||||||||||||||||||||||| | 50%
|
|||||||||||||||||||||||||||||||||||||||||||||||||||||||||||||||||||||||| 100%
|
| | 0%
|
||||||||||||| | 17%
|
|||||||||||||||||||||||||||||||||||| | 50%
|
|||||||||||||||||||||||||||||||||||||||||||||||||||||||||||||||||||||||| 100%
|
| | 0%
|
||||||||||||| | 17%
|
|||||||||||||||||||||||||||||||||||| | 50%
|
|||||||||||||||||||||||||||||||||||||||||||||||||||||||||||||||||||||||| 100%
|
| | 0%
|
||||||||||||| | 17%
|
|||||||||||||||||||||||||||||||||||| | 50%
|
|||||||||||||||||||||||||||||||||||||||||||||||||||||||||||||||||||||||| 100%
|
| | 0%
|
||||||||||||| | 17%
|
|||||||||||||||||||||||||||||||||||| | 50%
|
|||||||||||||||||||||||||||||||||||||||||||||||||||||||||||||||||||||||| 100%
|
| | 0%
|
||||||||||||| | 17%
|
|||||||||||||||||||||||||||||||||||| | 50%
|
|||||||||||||||||||||||||||||||||||||||||||||||||||||||||||||||||||||||| 100%
|
| | 0%
|
||||||||||||| | 17%
|
|||||||||||||||||||||||||||||||||||| | 50%
|
|||||||||||||||||||||||||||||||||||||||||||||||||||||||||||||||||||||||| 100%
|
| | 0%
|
||||||||||||| | 17%
|
|||||||||||||||||||||||||||||||||||| | 50%
|
|||||||||||||||||||||||||||||||||||||||||||||||||||||||||||||||||||||||| 100%
|
| | 0%
|
||||||||||||| | 17%
|
|||||||||||||||||||||||||||||||||||| | 50%
|
|||||||||||||||||||||||||||||||||||||||||||||||||||||||||||||||||||||||| 100%
|
| | 0%
|
||||||||||||| | 17%
|
|||||||||||||||||||||||||||||||||||| | 50%
|
|||||||||||||||||||||||||||||||||||||||||||||||||||||||||||||||||||||||| 100%[ FAIL 5 | WARN 829 | SKIP 3 | PASS 792 ]
══ Skipped tests (3) ═══════════════════════════════════════════════════════════
• empty test (3): 'testplotall.R:6:1', 'testplotall.R:31:1',
'testplotall.R:51:1'
══ Failed tests ════════════════════════════════════════════════════════════════
── Failure ('testsinglewin.R:374:3'): lmer models can run in singlewin ─────────
round(test$Dataset$deltaAICc, 1) == -59.3 is not TRUE
`actual`: <NA>
`expected`: TRUE
── Failure ('testsinglewin.R:375:3'): lmer models can run in singlewin ─────────
round(test$Dataset$ModelAICc, 1) == 4994.6 is not TRUE
`actual`: FALSE
`expected`: TRUE
── Failure ('testslidingwin.R:621:3'): lmer [lme4] models can run in slidingwin ──
round(test[[1]]$Dataset$deltaAICc[1], 1) == -55.3 is not TRUE
`actual`: <NA>
`expected`: TRUE
── Failure ('testslidingwin.R:622:3'): lmer [lme4] models can run in slidingwin ──
... & ... is not TRUE
`actual`: FALSE
`expected`: TRUE
── Failure ('testslidingwin.R:657:3'): lmer [lme4] models can run in slidingwin with cross-validation ──
round(test[[1]]$Dataset$deltaAICc[1], 1) == -26.3 is not TRUE
`actual`: FALSE
`expected`: TRUE
[ FAIL 5 | WARN 829 | SKIP 3 | PASS 792 ]
Error: Test failures
Execution halted
- checking for unstated dependencies in vignettes ... OK
- checking package vignettes ... OK
- checking re-building of vignette outputs ... [48s/94s] OK
- checking PDF version of manual ... [8s/15s] OK
- checking HTML version of manual ... OK
- checking for non-standard things in the check directory ... OK
- checking for detritus in the temp directory ... OK
- DONE
Status: 1 ERROR