- using R Under development (unstable) (2025-02-21 r87787)
- using platform: x86_64-pc-linux-gnu
- R was compiled by
gcc (GCC) 14.2.1 20240912 (Red Hat 14.2.1-3)
GNU Fortran (GCC) 14.2.1 20240912 (Red Hat 14.2.1-3)
- running under: Fedora Linux 40 (Workstation Edition)
- using session charset: UTF-8
- using option ‘--no-stop-on-test-error’
- checking for file ‘bvhar/DESCRIPTION’ ... OK
- checking extension type ... Package
- this is package ‘bvhar’ version ‘2.2.0’
- package encoding: UTF-8
- checking package namespace information ... OK
- checking package dependencies ... OK
- checking if this is a source package ... OK
- checking if there is a namespace ... OK
- checking for executable files ... OK
- checking for hidden files and directories ... OK
- checking for portable file names ... OK
- checking for sufficient/correct file permissions ... OK
- checking whether package ‘bvhar’ can be installed ... [816s/259s] OK
See the install log for details.
- used C++ compiler: ‘g++ (GCC) 14.2.1 20240912 (Red Hat 14.2.1-3)’
- checking package directory ... OK
- checking ‘build’ directory ... OK
- checking DESCRIPTION meta-information ... OK
- checking top-level files ... OK
- checking for left-over files ... OK
- checking index information ... OK
- checking package subdirectories ... OK
- checking code files for non-ASCII characters ... OK
- checking R files for syntax errors ... OK
- checking whether the package can be loaded ... OK
- checking whether the package can be loaded with stated dependencies ... OK
- checking whether the package can be unloaded cleanly ... OK
- checking whether the namespace can be loaded with stated dependencies ... OK
- checking whether the namespace can be unloaded cleanly ... OK
- checking loading without being on the library search path ... OK
- checking whether startup messages can be suppressed ... OK
- checking use of S3 registration ... OK
- checking dependencies in R code ... OK
- checking S3 generic/method consistency ... OK
- checking replacement functions ... OK
- checking foreign function calls ... OK
- checking R code for possible problems ... [30s/30s] OK
- checking Rd files ... OK
- checking Rd metadata ... OK
- checking Rd line widths ... OK
- checking Rd cross-references ... OK
- checking for missing documentation entries ... OK
- checking for code/documentation mismatches ... OK
- checking Rd \usage sections ... OK
- checking Rd contents ... OK
- checking for unstated dependencies in examples ... OK
- checking contents of ‘data’ directory ... OK
- checking data for non-ASCII characters ... OK
- checking LazyData ... OK
- checking data for ASCII and uncompressed saves ... OK
- checking line endings in C/C++/Fortran sources/headers ... OK
- checking line endings in Makefiles ... OK
- checking compilation flags in Makevars ... OK
- checking for GNU extensions in Makefiles ... OK
- checking for portable use of $(BLAS_LIBS) and $(LAPACK_LIBS) ... OK
- checking use of PKG_*FLAGS in Makefiles ... OK
- checking use of SHLIB_OPENMP_*FLAGS in Makefiles ... OK
- checking pragmas in C/C++ headers and code ... OK
- checking compilation flags used ... OK
- checking compiled code ... OK
- checking installed files from ‘inst/doc’ ... OK
- checking files in ‘vignettes’ ... OK
- checking examples ... OK
- checking for unstated dependencies in ‘tests’ ... OK
- checking tests ... OK
Running ‘testthat.R’
- checking for unstated dependencies in vignettes ... OK
- checking package vignettes ... OK
- checking re-building of vignette outputs ... [42s/42s] ERROR
Error(s) in re-building vignettes:
--- re-building ‘bvhar.Rmd’ using rmarkdown
--- finished re-building ‘bvhar.Rmd’
--- re-building ‘forecasting.Rmd’ using rmarkdown
** Processing: /data/gannet/ripley/R/packages/tests-devel/bvhar.Rcheck/vign_test/bvhar/vignettes/forecasting_files/figure-html/predplot-1.png
576x355 pixels, 3x8 bits/pixel, RGB
Input IDAT size = 42824 bytes
Input file size = 42962 bytes
Trying:
zc = 9 zm = 8 zs = 0 f = 0 IDAT size = 32310
zc = 9 zm = 8 zs = 1 f = 0
zc = 1 zm = 8 zs = 2 f = 0
zc = 9 zm = 8 zs = 3 f = 0
zc = 9 zm = 8 zs = 0 f = 5
zc = 9 zm = 8 zs = 1 f = 5
zc = 1 zm = 8 zs = 2 f = 5
zc = 9 zm = 8 zs = 3 f = 5
Selecting parameters:
zc = 9 zm = 8 zs = 0 f = 0 IDAT size = 32310
Output IDAT size = 32310 bytes (10514 bytes decrease)
Output file size = 32388 bytes (10574 bytes = 24.61% decrease)
** Processing: /data/gannet/ripley/R/packages/tests-devel/bvhar.Rcheck/vign_test/bvhar/vignettes/forecasting_files/figure-html/evalplot-1.png
576x355 pixels, 3x8 bits/pixel, RGB
Input IDAT size = 29389 bytes
Input file size = 29503 bytes
Trying:
zc = 9 zm = 8 zs = 0 f = 0 IDAT size = 25474
zc = 9 zm = 8 zs = 1 f = 0
zc = 1 zm = 8 zs = 2 f = 0
zc = 9 zm = 8 zs = 3 f = 0
zc = 9 zm = 8 zs = 0 f = 5
zc = 9 zm = 8 zs = 1 f = 5
zc = 1 zm = 8 zs = 2 f = 5
zc = 9 zm = 8 zs = 3 f = 5
Selecting parameters:
zc = 9 zm = 8 zs = 0 f = 0 IDAT size = 25474
Output IDAT size = 25474 bytes (3915 bytes decrease)
Output file size = 25552 bytes (3951 bytes = 13.39% decrease)
--- finished re-building ‘forecasting.Rmd’
--- re-building ‘minnesota.Rmd’ using rmarkdown
--- finished re-building ‘minnesota.Rmd’
--- re-building ‘shrinkage.Rmd’ using rmarkdown
** Processing: /data/gannet/ripley/R/packages/tests-devel/bvhar.Rcheck/vign_test/bvhar/vignettes/shrinkage_files/figure-html/heatssvs-1.png
576x355 pixels, 3x8 bits/pixel, RGB
Input IDAT size = 26576 bytes
Input file size = 26690 bytes
Trying:
zc = 9 zm = 8 zs = 0 f = 0 IDAT size = 20491
zc = 9 zm = 8 zs = 1 f = 0
zc = 1 zm = 8 zs = 2 f = 0
zc = 9 zm = 8 zs = 3 f = 0
zc = 9 zm = 8 zs = 0 f = 5
zc = 9 zm = 8 zs = 1 f = 5
zc = 1 zm = 8 zs = 2 f = 5
zc = 9 zm = 8 zs = 3 f = 5
Selecting parameters:
zc = 9 zm = 8 zs = 0 f = 0 IDAT size = 20491
Output IDAT size = 20491 bytes (6085 bytes decrease)
Output file size = 20569 bytes (6121 bytes = 22.93% decrease)
Quitting from lines 84-85 [fiths] (shrinkage.Rmd)
Error: processing vignette 'shrinkage.Rmd' failed with diagnostics:
'recursive' must be of length 1
--- failed re-building ‘shrinkage.Rmd’
--- re-building ‘stochastic-volatility.Rmd’ using rmarkdown
Quitting from lines 61-62 [svssvs] (stochastic-volatility.Rmd)
Error: processing vignette 'stochastic-volatility.Rmd' failed with diagnostics:
'recursive' must be of length 1
--- failed re-building ‘stochastic-volatility.Rmd’
SUMMARY: processing the following files failed:
‘shrinkage.Rmd’ ‘stochastic-volatility.Rmd’
Error: Vignette re-building failed.
Execution halted
- checking PDF version of manual ... [12s/12s] OK
- checking HTML version of manual ... OK
- checking for non-standard things in the check directory ... OK
- checking for detritus in the temp directory ... OK
- DONE
Status: 1 ERROR