- using R Under development (unstable) (2025-02-15 r87726)
- using platform: x86_64-pc-linux-gnu
- R was compiled by
gcc (GCC) 14.2.1 20240912 (Red Hat 14.2.1-3)
GNU Fortran (GCC) 14.2.1 20240912 (Red Hat 14.2.1-3)
- running under: Fedora Linux 40 (Workstation Edition)
- using session charset: UTF-8
- using option ‘--no-stop-on-test-error’
- checking for file ‘CoSMoS/DESCRIPTION’ ... OK
- checking extension type ... Package
- this is package ‘CoSMoS’ version ‘2.1.0’
- package encoding: UTF-8
- checking package namespace information ... OK
- checking package dependencies ... OK
- checking if this is a source package ... OK
- checking if there is a namespace ... OK
- checking for executable files ... OK
- checking for hidden files and directories ... OK
- checking for portable file names ... OK
- checking for sufficient/correct file permissions ... OK
- checking whether package ‘CoSMoS’ can be installed ... [27s/62s] OK
See the install log for details.
- checking package directory ... OK
- checking ‘build’ directory ... OK
- checking DESCRIPTION meta-information ... OK
- checking top-level files ... OK
- checking for left-over files ... OK
- checking index information ... OK
- checking package subdirectories ... OK
- checking code files for non-ASCII characters ... OK
- checking R files for syntax errors ... OK
- checking whether the package can be loaded ... [6s/14s] OK
- checking whether the package can be loaded with stated dependencies ... OK
- checking whether the package can be unloaded cleanly ... OK
- checking whether the namespace can be loaded with stated dependencies ... [5s/12s] OK
- checking whether the namespace can be unloaded cleanly ... [6s/16s] OK
- checking loading without being on the library search path ... [5s/10s] OK
- checking use of S3 registration ... OK
- checking dependencies in R code ... OK
- checking S3 generic/method consistency ... OK
- checking replacement functions ... OK
- checking foreign function calls ... OK
- checking R code for possible problems ... [41s/89s] OK
- checking Rd files ... OK
- checking Rd metadata ... OK
- checking Rd line widths ... OK
- checking Rd cross-references ... OK
- checking for missing documentation entries ... OK
- checking for code/documentation mismatches ... OK
- checking Rd \usage sections ... OK
- checking Rd contents ... OK
- checking for unstated dependencies in examples ... OK
- checking contents of ‘data’ directory ... OK
- checking data for non-ASCII characters ... OK
- checking LazyData ... OK
- checking data for ASCII and uncompressed saves ... OK
- checking installed files from ‘inst/doc’ ... OK
- checking files in ‘vignettes’ ... OK
- checking examples ... [61s/144s] OK
- checking for unstated dependencies in ‘tests’ ... OK
- checking tests ... [20s/64s] OK
Running ‘testthat.R’ [20s/63s]
- checking for unstated dependencies in vignettes ... OK
- checking package vignettes ... OK
- checking re-building of vignette outputs ... [208s/568s] ERROR
Error(s) in re-building vignettes:
--- re-building ‘vignette.Rmd’ using rmarkdown
** Processing: /data/gannet/ripley/R/packages/tests-devel/CoSMoS.Rcheck/vign_test/CoSMoS/vignettes/vignette_files/figure-html/unnamed-chunk-1-1.png
672x288 pixels, 8 bits/pixel, 256 colors in palette
Reducing image to 8 bits/pixel, grayscale
Input IDAT size = 20209 bytes
Input file size = 21091 bytes
Trying:
zc = 9 zm = 8 zs = 0 f = 0 IDAT size = 19263
zc = 9 zm = 8 zs = 1 f = 0 IDAT size = 19254
zc = 1 zm = 8 zs = 2 f = 0
zc = 9 zm = 8 zs = 3 f = 0
zc = 9 zm = 8 zs = 0 f = 5
zc = 9 zm = 8 zs = 1 f = 5
zc = 1 zm = 8 zs = 2 f = 5
zc = 9 zm = 8 zs = 3 f = 5
Selecting parameters:
zc = 9 zm = 8 zs = 1 f = 0 IDAT size = 19254
Output IDAT size = 19254 bytes (955 bytes decrease)
Output file size = 19332 bytes (1759 bytes = 8.34% decrease)
** Processing: /data/gannet/ripley/R/packages/tests-devel/CoSMoS.Rcheck/vign_test/CoSMoS/vignettes/vignette_files/figure-html/unnamed-chunk-2-1.png
672x288 pixels, 8 bits/pixel, 256 colors in palette
Reducing image to 8 bits/pixel, grayscale
Input IDAT size = 21096 bytes
Input file size = 21978 bytes
Trying:
zc = 9 zm = 8 zs = 0 f = 0 IDAT size = 20108
zc = 9 zm = 8 zs = 1 f = 0
zc = 1 zm = 8 zs = 2 f = 0
zc = 9 zm = 8 zs = 3 f = 0
zc = 9 zm = 8 zs = 0 f = 5
zc = 9 zm = 8 zs = 1 f = 5
zc = 1 zm = 8 zs = 2 f = 5
zc = 9 zm = 8 zs = 3 f = 5
Selecting parameters:
zc = 9 zm = 8 zs = 0 f = 0 IDAT size = 20108
Output IDAT size = 20108 bytes (988 bytes decrease)
Output file size = 20186 bytes (1792 bytes = 8.15% decrease)
** Processing: /data/gannet/ripley/R/packages/tests-devel/CoSMoS.Rcheck/vign_test/CoSMoS/vignettes/vignette_files/figure-html/unnamed-chunk-3-1.png
672x288 pixels, 3x8 bits/pixel, RGB
Input IDAT size = 37082 bytes
Input file size = 37208 bytes
Trying:
zc = 9 zm = 8 zs = 0 f = 0 IDAT size = 27056
zc = 9 zm = 8 zs = 1 f = 0
zc = 1 zm = 8 zs = 2 f = 0
zc = 9 zm = 8 zs = 3 f = 0
zc = 9 zm = 8 zs = 0 f = 5
zc = 9 zm = 8 zs = 1 f = 5
zc = 1 zm = 8 zs = 2 f = 5
zc = 9 zm = 8 zs = 3 f = 5
Selecting parameters:
zc = 9 zm = 8 zs = 0 f = 0 IDAT size = 27056
Output IDAT size = 27056 bytes (10026 bytes decrease)
Output file size = 27134 bytes (10074 bytes = 27.07% decrease)
** Processing: /data/gannet/ripley/R/packages/tests-devel/CoSMoS.Rcheck/vign_test/CoSMoS/vignettes/vignette_files/figure-html/unnamed-chunk-4-1.png
672x288 pixels, 8 bits/pixel, 256 colors in palette
Reducing image to 8 bits/pixel, grayscale
Input IDAT size = 19438 bytes
Input file size = 20320 bytes
Trying:
zc = 9 zm = 8 zs = 0 f = 0 IDAT size = 18435
zc = 9 zm = 8 zs = 1 f = 0
zc = 1 zm = 8 zs = 2 f = 0
zc = 9 zm = 8 zs = 3 f = 0
zc = 9 zm = 8 zs = 0 f = 5
zc = 9 zm = 8 zs = 1 f = 5
zc = 1 zm = 8 zs = 2 f = 5
zc = 9 zm = 8 zs = 3 f = 5
Selecting parameters:
zc = 9 zm = 8 zs = 0 f = 0 IDAT size = 18435
Output IDAT size = 18435 bytes (1003 bytes decrease)
Output file size = 18513 bytes (1807 bytes = 8.89% decrease)
** Processing: /data/gannet/ripley/R/packages/tests-devel/CoSMoS.Rcheck/vign_test/CoSMoS/vignettes/vignette_files/figure-html/unnamed-chunk-5-1.png
672x288 pixels, 8 bits/pixel, 256 colors in palette
Reducing image to 8 bits/pixel, grayscale
Input IDAT size = 19405 bytes
Input file size = 20287 bytes
Trying:
zc = 9 zm = 8 zs = 0 f = 0 IDAT size = 18235
zc = 9 zm = 8 zs = 1 f = 0
zc = 1 zm = 8 zs = 2 f = 0
zc = 9 zm = 8 zs = 3 f = 0
zc = 9 zm = 8 zs = 0 f = 5
zc = 9 zm = 8 zs = 1 f = 5
zc = 1 zm = 8 zs = 2 f = 5
zc = 9 zm = 8 zs = 3 f = 5
Selecting parameters:
zc = 9 zm = 8 zs = 0 f = 0 IDAT size = 18235
Output IDAT size = 18235 bytes (1170 bytes decrease)
Output file size = 18313 bytes (1974 bytes = 9.73% decrease)
** Processing: /data/gannet/ripley/R/packages/tests-devel/CoSMoS.Rcheck/vign_test/CoSMoS/vignettes/vignette_files/figure-html/unnamed-chunk-6-1.png
672x672 pixels, 8 bits/pixel, 213 colors in palette
Reducing image to 8 bits/pixel, grayscale
Input IDAT size = 11808 bytes
Input file size = 12549 bytes
Trying:
zc = 9 zm = 8 zs = 0 f = 0 IDAT size = 9856
zc = 9 zm = 8 zs = 1 f = 0
zc = 1 zm = 8 zs = 2 f = 0
zc = 9 zm = 8 zs = 3 f = 0
zc = 9 zm = 8 zs = 0 f = 5
zc = 9 zm = 8 zs = 1 f = 5
zc = 1 zm = 8 zs = 2 f = 5
zc = 9 zm = 8 zs = 3 f = 5
Selecting parameters:
zc = 9 zm = 8 zs = 0 f = 0 IDAT size = 9856
Output IDAT size = 9856 bytes (1952 bytes decrease)
Output file size = 9934 bytes (2615 bytes = 20.84% decrease)
** Processing: /data/gannet/ripley/R/packages/tests-devel/CoSMoS.Rcheck/vign_test/CoSMoS/vignettes/vignette_files/figure-html/unnamed-chunk-8-1.png
672x672 pixels, 3x8 bits/pixel, RGB
Input IDAT size = 44889 bytes
Input file size = 45027 bytes
Trying:
zc = 9 zm = 8 zs = 0 f = 0 IDAT size = 34971
zc = 9 zm = 8 zs = 1 f = 0
zc = 1 zm = 8 zs = 2 f = 0
zc = 9 zm = 8 zs = 3 f = 0
zc = 9 zm = 8 zs = 0 f = 5
zc = 9 zm = 8 zs = 1 f = 5
zc = 1 zm = 8 zs = 2 f = 5
zc = 9 zm = 8 zs = 3 f = 5
Selecting parameters:
zc = 9 zm = 8 zs = 0 f = 0 IDAT size = 34971
Output IDAT size = 34971 bytes (9918 bytes decrease)
Output file size = 35049 bytes (9978 bytes = 22.16% decrease)
** Processing: /data/gannet/ripley/R/packages/tests-devel/CoSMoS.Rcheck/vign_test/CoSMoS/vignettes/vignette_files/figure-html/unnamed-chunk-9-1.png
672x480 pixels, 8 bits/pixel, 256 colors in palette
Reducing image to 8 bits/pixel, grayscale
Input IDAT size = 20973 bytes
Input file size = 21855 bytes
Trying:
zc = 9 zm = 8 zs = 0 f = 0 IDAT size = 19010
zc = 9 zm = 8 zs = 1 f = 0 IDAT size = 18942
zc = 1 zm = 8 zs = 2 f = 0
zc = 9 zm = 8 zs = 3 f = 0
zc = 9 zm = 8 zs = 0 f = 5
zc = 9 zm = 8 zs = 1 f = 5
zc = 1 zm = 8 zs = 2 f = 5
zc = 9 zm = 8 zs = 3 f = 5
Selecting parameters:
zc = 9 zm = 8 zs = 1 f = 0 IDAT size = 18942
Output IDAT size = 18942 bytes (2031 bytes decrease)
Output file size = 19020 bytes (2835 bytes = 12.97% decrease)
** Processing: /data/gannet/ripley/R/packages/tests-devel/CoSMoS.Rcheck/vign_test/CoSMoS/vignettes/vignette_files/figure-html/unnamed-chunk-10-1.png
672x480 pixels, 8 bits/pixel, 256 colors in palette
Reducing image to 8 bits/pixel, grayscale
Input IDAT size = 30400 bytes
Input file size = 31294 bytes
Trying:
zc = 9 zm = 8 zs = 0 f = 0 IDAT size = 27606
zc = 9 zm = 8 zs = 1 f = 0 IDAT size = 27458
zc = 1 zm = 8 zs = 2 f = 0
zc = 9 zm = 8 zs = 3 f = 0
zc = 9 zm = 8 zs = 0 f = 5
zc = 9 zm = 8 zs = 1 f = 5 IDAT size = 27181
zc = 1 zm = 8 zs = 2 f = 5
zc = 9 zm = 8 zs = 3 f = 5
Selecting parameters:
zc = 9 zm = 8 zs = 1 f = 5 IDAT size = 27181
Output IDAT size = 27181 bytes (3219 bytes decrease)
Output file size = 27259 bytes (4035 bytes = 12.89% decrease)
** Processing: /data/gannet/ripley/R/packages/tests-devel/CoSMoS.Rcheck/vign_test/CoSMoS/vignettes/vignette_files/figure-html/unnamed-chunk-12-1.png
672x624 pixels, 3x8 bits/pixel, RGB
Input IDAT size = 80040 bytes
Input file size = 80226 bytes
Trying:
zc = 9 zm = 8 zs = 0 f = 0 IDAT size = 61290
zc = 9 zm = 8 zs = 1 f = 0
zc = 1 zm = 8 zs = 2 f = 0
zc = 9 zm = 8 zs = 3 f = 0
zc = 9 zm = 8 zs = 0 f = 5
zc = 9 zm = 8 zs = 1 f = 5
zc = 1 zm = 8 zs = 2 f = 5
zc = 9 zm = 8 zs = 3 f = 5
Selecting parameters:
zc = 9 zm = 8 zs = 0 f = 0 IDAT size = 61290
Output IDAT size = 61290 bytes (18750 bytes decrease)
Output file size = 61368 bytes (18858 bytes = 23.51% decrease)
** Processing: /data/gannet/ripley/R/packages/tests-devel/CoSMoS.Rcheck/vign_test/CoSMoS/vignettes/vignette_files/figure-html/unnamed-chunk-12-2.png
672x624 pixels, 3x8 bits/pixel, RGB
Input IDAT size = 125155 bytes
Input file size = 125413 bytes
Trying:
zc = 9 zm = 8 zs = 0 f = 0 IDAT size = 82696
zc = 9 zm = 8 zs = 1 f = 0
zc = 1 zm = 8 zs = 2 f = 0
zc = 9 zm = 8 zs = 3 f = 0
zc = 9 zm = 8 zs = 0 f = 5
zc = 9 zm = 8 zs = 1 f = 5
zc = 1 zm = 8 zs = 2 f = 5
zc = 9 zm = 8 zs = 3 f = 5
Selecting parameters:
zc = 9 zm = 8 zs = 0 f = 0 IDAT size = 82696
Output IDAT size = 82696 bytes (42459 bytes decrease)
Output file size = 82774 bytes (42639 bytes = 34.00% decrease)
** Processing: /data/gannet/ripley/R/packages/tests-devel/CoSMoS.Rcheck/vign_test/CoSMoS/vignettes/vignette_files/figure-html/unnamed-chunk-13-1.png
384x384 pixels, 3x8 bits/pixel, RGB
Input IDAT size = 171387 bytes
Input file size = 171705 bytes
Trying:
zc = 9 zm = 8 zs = 0 f = 0 IDAT size = 116213
zc = 9 zm = 8 zs = 1 f = 0
zc = 1 zm = 8 zs = 2 f = 0
zc = 9 zm = 8 zs = 3 f = 0
zc = 9 zm = 8 zs = 0 f = 5
zc = 9 zm = 8 zs = 1 f = 5
zc = 1 zm = 8 zs = 2 f = 5
zc = 9 zm = 8 zs = 3 f = 5
Selecting parameters:
zc = 9 zm = 8 zs = 0 f = 0 IDAT size = 116213
Output IDAT size = 116213 bytes (55174 bytes decrease)
Output file size = 116291 bytes (55414 bytes = 32.27% decrease)
** Processing: /data/gannet/ripley/R/packages/tests-devel/CoSMoS.Rcheck/vign_test/CoSMoS/vignettes/vignette_files/figure-html/unnamed-chunk-14-1.png
672x672 pixels, 3x8 bits/pixel, RGB
Input IDAT size = 275248 bytes
Input file size = 275722 bytes
Trying:
zc = 9 zm = 8 zs = 0 f = 0 IDAT size = 150241
zc = 9 zm = 8 zs = 1 f = 0
zc = 1 zm = 8 zs = 2 f = 0
zc = 9 zm = 8 zs = 3 f = 0
zc = 9 zm = 8 zs = 0 f = 5
zc = 9 zm = 8 zs = 1 f = 5
zc = 1 zm = 8 zs = 2 f = 5
zc = 9 zm = 8 zs = 3 f = 5
Selecting parameters:
zc = 9 zm = 8 zs = 0 f = 0 IDAT size = 150241
Output IDAT size = 150241 bytes (125007 bytes decrease)
Output file size = 150319 bytes (125403 bytes = 45.48% decrease)
** Processing: /data/gannet/ripley/R/packages/tests-devel/CoSMoS.Rcheck/vign_test/CoSMoS/vignettes/vignette_files/figure-html/unnamed-chunk-15-1.png
672x672 pixels, 3x8 bits/pixel, RGB
Input IDAT size = 225581 bytes
Input file size = 225983 bytes
Trying:
zc = 9 zm = 8 zs = 0 f = 0 IDAT size = 116304
zc = 9 zm = 8 zs = 1 f = 0
zc = 1 zm = 8 zs = 2 f = 0
zc = 9 zm = 8 zs = 3 f = 0
zc = 9 zm = 8 zs = 0 f = 5
zc = 9 zm = 8 zs = 1 f = 5
zc = 1 zm = 8 zs = 2 f = 5
zc = 9 zm = 8 zs = 3 f = 5
Selecting parameters:
zc = 9 zm = 8 zs = 0 f = 0 IDAT size = 116304
Output IDAT size = 116304 bytes (109277 bytes decrease)
Output file size = 116382 bytes (109601 bytes = 48.50% decrease)
** Processing: /data/gannet/ripley/R/packages/tests-devel/CoSMoS.Rcheck/vign_test/CoSMoS/vignettes/vignette_files/figure-html/unnamed-chunk-16-1.png
672x288 pixels, 8 bits/pixel, 256 colors in palette
Reducing image to 8 bits/pixel, grayscale
Input IDAT size = 16986 bytes
Input file size = 17868 bytes
Trying:
zc = 9 zm = 8 zs = 0 f = 0 IDAT size = 15999
zc = 9 zm = 8 zs = 1 f = 0
zc = 1 zm = 8 zs = 2 f = 0
zc = 9 zm = 8 zs = 3 f = 0
zc = 9 zm = 8 zs = 0 f = 5
zc = 9 zm = 8 zs = 1 f = 5
zc = 1 zm = 8 zs = 2 f = 5
zc = 9 zm = 8 zs = 3 f = 5
Selecting parameters:
zc = 9 zm = 8 zs = 0 f = 0 IDAT size = 15999
Output IDAT size = 15999 bytes (987 bytes decrease)
Output file size = 16077 bytes (1791 bytes = 10.02% decrease)
Quitting from lines 405-412 [unnamed-chunk-17] (vignette.Rmd)
Error: processing vignette 'vignette.Rmd' failed with diagnostics:
'to' must be a finite number
--- failed re-building ‘vignette.Rmd’
SUMMARY: processing the following file failed:
‘vignette.Rmd’
Error: Vignette re-building failed.
Execution halted
- checking PDF version of manual ... [11s/26s] OK
- checking HTML version of manual ... [5s/11s] OK
- checking for non-standard things in the check directory ... OK
- checking for detritus in the temp directory ... OK
- DONE
Status: 1 ERROR