- using R Under development (unstable) (2025-02-19 r87749)
- using platform: x86_64-pc-linux-gnu
- R was compiled by
clang version 20.1.0-rc2
flang version 20.1.0-rc2
- running under: Fedora Linux 40 (Workstation Edition)
- using session charset: UTF-8
- using option ‘--no-stop-on-test-error’
- checking for file ‘smooth/DESCRIPTION’ ... OK
- checking extension type ... Package
- this is package ‘smooth’ version ‘4.1.1’
- package encoding: UTF-8
- checking package namespace information ... OK
- checking package dependencies ... OK
- checking if this is a source package ... OK
- checking if there is a namespace ... OK
- checking for executable files ... OK
- checking for hidden files and directories ... OK
- checking for portable file names ... OK
- checking for sufficient/correct file permissions ... OK
- checking whether package ‘smooth’ can be installed ... [291s/255s] OK
See the install log for details.
- used C compiler: ‘clang version 20.1.0-rc2’
- used C++ compiler: ‘clang version 20.1.0-rc2’
- checking installed package size ... INFO
installed size is 6.1Mb
sub-directories of 1Mb or more:
R 1.2Mb
doc 3.4Mb
- checking package directory ... OK
- checking ‘build’ directory ... OK
- checking DESCRIPTION meta-information ... OK
- checking top-level files ... OK
- checking for left-over files ... OK
- checking index information ... OK
- checking package subdirectories ... OK
- checking code files for non-ASCII characters ... OK
- checking R files for syntax errors ... OK
- checking whether the package can be loaded ... OK
- checking whether the package can be loaded with stated dependencies ... OK
- checking whether the package can be unloaded cleanly ... OK
- checking whether the namespace can be loaded with stated dependencies ... OK
- checking whether the namespace can be unloaded cleanly ... OK
- checking loading without being on the library search path ... OK
- checking whether startup messages can be suppressed ... OK
- checking use of S3 registration ... OK
- checking dependencies in R code ... OK
- checking S3 generic/method consistency ... OK
- checking replacement functions ... OK
- checking foreign function calls ... OK
- checking R code for possible problems ... [189s/242s] OK
- checking Rd files ... OK
- checking Rd metadata ... OK
- checking Rd line widths ... OK
- checking Rd cross-references ... OK
- checking for missing documentation entries ... OK
- checking for code/documentation mismatches ... OK
- checking Rd \usage sections ... OK
- checking Rd contents ... OK
- checking for unstated dependencies in examples ... OK
- checking line endings in C/C++/Fortran sources/headers ... OK
- checking line endings in Makefiles ... OK
- checking compilation flags in Makevars ... OK
- checking for GNU extensions in Makefiles ... OK
- checking for portable use of $(BLAS_LIBS) and $(LAPACK_LIBS) ... OK
- checking use of PKG_*FLAGS in Makefiles ... OK
- checking use of SHLIB_OPENMP_*FLAGS in Makefiles ... OK
- checking pragmas in C/C++ headers and code ... OK
- checking compilation flags used ... OK
- checking compiled code ... OK
- checking sizes of PDF files under ‘inst/doc’ ... OK
- checking installed files from ‘inst/doc’ ... OK
- checking files in ‘vignettes’ ... OK
- checking examples ... [30s/41s] OK
- checking for unstated dependencies in ‘tests’ ... OK
- checking tests ... [27s/32s] ERROR
Running ‘testthat.R’ [26s/31s]
Running the tests in ‘tests/testthat.R’ failed.
Complete output:
> library(testthat)
> library(smooth)
Loading required package: greybox
Package "greybox", v2.0.3 loaded.
This is package "smooth", v4.1.1
>
> test_check("smooth")
[ FAIL 1 | WARN 0 | SKIP 74 | PASS 33 ]
══ Skipped tests (74) ══════════════════════════════════════════════════════════
• On CRAN (74): 'test_adam.R:18:5', 'test_adam.R:25:5', 'test_adam.R:32:5',
'test_adam.R:39:5', 'test_adam.R:46:5', 'test_adam.R:55:5',
'test_adam.R:62:5', 'test_adam.R:69:5', 'test_adam.R:77:5',
'test_adam.R:83:5', 'test_adam.R:90:5', 'test_adam.R:97:5',
'test_adam.R:113:5', 'test_adam.R:120:5', 'test_adam.R:127:5',
'test_adam.R:134:5', 'test_adam.R:141:5', 'test_adam.R:150:5',
'test_adam.R:157:5', 'test_adam.R:164:5', 'test_adam.R:174:5',
'test_adam.R:181:5', 'test_adam.R:188:5', 'test_adam.R:195:5',
'test_adam.R:202:5', 'test_adam.R:209:5', 'test_adam.R:216:5',
'test_adam.R:226:5', 'test_adam.R:233:5', 'test_adam.R:240:5',
'test_adam.R:247:5', 'test_adam.R:254:5', 'test_adam.R:262:5',
'test_adam.R:269:5', 'test_adam.R:276:5', 'test_adam.R:283:5',
'test_adam.R:292:5', 'test_adam.R:299:5', 'test_adam.R:306:5',
'test_adam.R:313:5', 'test_adam.R:321:5', 'test_adam.R:328:5',
'test_adam.R:337:5', 'test_adam.R:344:5', 'test_adam.R:351:5',
'test_adam.R:358:5', 'test_adam.R:366:5', 'test_adam.R:374:5',
'test_adam.R:381:5', 'test_adam.R:388:5', 'test_adam.R:397:5',
'test_adam.R:406:5', 'test_adam.R:415:5', 'test_adam.R:424:5',
'test_adam.R:433:5', 'test_adam.R:444:5', 'test_adam.R:451:5',
'test_adam.R:458:5', 'test_adam.R:465:5', 'test_adam.R:474:5',
'test_adam.R:483:5', 'test_ces.R:29:5', 'test_es.R:27:5', 'test_es.R:40:5',
'test_es.R:51:5', 'test_es.R:58:5', 'test_gum.R:16:5', 'test_gum.R:23:5',
'test_gum.R:33:5', 'test_gum.R:42:5', 'test_oes.R:29:5',
'test_ssarima.R:16:5', 'test_ssarima.R:24:5', 'test_ssarima.R:31:5'
══ Failed tests ════════════════════════════════════════════════════════════════
── Failure ('test_ssarima.R:6:5'): Test if Auto SSARIMA selected correct model for BJsales ──
testModel$model not equal to "ARIMA(0,1,2) with drift".
1/1 mismatches
x[1]: "ARIMA(0,1,3) with drift"
y[1]: "ARIMA(0,1,2) with drift"
[ FAIL 1 | WARN 0 | SKIP 74 | PASS 33 ]
Error: Test failures
Execution halted
- checking for unstated dependencies in vignettes ... OK
- checking package vignettes ... OK
- checking re-building of vignette outputs ... [175s/176s] OK
- checking PDF version of manual ... OK
- checking HTML version of manual ... OK
- checking for non-standard things in the check directory ... OK
- checking for detritus in the temp directory ... OK
- DONE
Status: 1 ERROR