- using R Under development (unstable) (2025-02-19 r87749)
- using platform: x86_64-pc-linux-gnu
- R was compiled by
clang version 20.1.0-rc2
flang version 20.1.0-rc2
- running under: Fedora Linux 40 (Workstation Edition)
- using session charset: UTF-8
- using option ‘--no-stop-on-test-error’
- checking for file ‘power.transform/DESCRIPTION’ ... OK
- this is package ‘power.transform’ version ‘1.0.0’
- package encoding: UTF-8
- checking package namespace information ... OK
- checking package dependencies ... OK
- checking if this is a source package ... OK
- checking if there is a namespace ... OK
- checking for executable files ... OK
- checking for hidden files and directories ... OK
- checking for portable file names ... OK
- checking for sufficient/correct file permissions ... OK
- checking whether package ‘power.transform’ can be installed ... [12s/19s] OK
See the install log for details.
- checking installed package size ... OK
- checking package directory ... OK
- checking DESCRIPTION meta-information ... OK
- checking top-level files ... OK
- checking for left-over files ... OK
- checking index information ... OK
- checking package subdirectories ... OK
- checking code files for non-ASCII characters ... OK
- checking R files for syntax errors ... OK
- checking whether the package can be loaded ... OK
- checking whether the package can be loaded with stated dependencies ... OK
- checking whether the package can be unloaded cleanly ... OK
- checking whether the namespace can be loaded with stated dependencies ... OK
- checking whether the namespace can be unloaded cleanly ... OK
- checking loading without being on the library search path ... OK
- checking use of S3 registration ... OK
- checking dependencies in R code ... OK
- checking S3 generic/method consistency ... OK
- checking replacement functions ... OK
- checking foreign function calls ... OK
- checking R code for possible problems ... [17s/23s] OK
- checking Rd files ... OK
- checking Rd metadata ... OK
- checking Rd line widths ... OK
- checking Rd cross-references ... OK
- checking for missing documentation entries ... OK
- checking for code/documentation mismatches ... OK
- checking Rd \usage sections ... OK
- checking Rd contents ... OK
- checking for unstated dependencies in examples ... OK
- checking R/sysdata.rda ... OK
- checking examples ... [14s/18s] OK
- checking for unstated dependencies in ‘tests’ ... OK
- checking tests ... [20m/19m] ERROR
Running ‘testthat.R’ [20m/19m]
Running the tests in ‘tests/testthat.R’ failed.
Complete output:
> # This file is part of the standard setup for testthat.
> # It is recommended that you do not modify it.
> #
> # Where should you do additional test configuration?
> # Learn more about the roles of various files in:
> # * https://r-pkgs.org/tests.html
> # * https://testthat.r-lib.org/reference/test_package.html#special-files
>
> library(testthat)
> library(power.transform)
>
> test_check("power.transform")
[ FAIL 13 | WARN 0 | SKIP 0 | PASS 708 ]
══ Failed tests ════════════════════════════════════════════════════════════════
── Failure ('test-estimators.R:87:9'): Transforming partially negative values generates the correct results. (6; method: yeo_johnson; estimation_method: mle) ──
abs(transformer@lambda + 0.2) < 0.2 is not TRUE
`actual`: FALSE
`expected`: TRUE
── Failure ('test-estimators.R:150:9'): Transforming all-positive values, with some NA values, generates the correct results. (6; method: yeo_johnson; estimation_method: mle) ──
abs(transformer@lambda + 0.2) < 0.2 is not TRUE
`actual`: FALSE
`expected`: TRUE
── Failure ('test-estimators.R:183:9'): Transforming all-positive values, with some Inf values, generates the correct results. (6; method: yeo_johnson; estimation_method: mle) ──
abs(transformer@lambda + 0.2) < 0.2 is not TRUE
`actual`: FALSE
`expected`: TRUE
── Failure ('test-estimators.R:56:9'): Transforming all-positive values generates the correct results. (7; method: yeo_johnson; estimation_method: anderson_darling) ──
abs(transformer@lambda + 0.2) < 0.2 is not TRUE
`actual`: FALSE
`expected`: TRUE
── Failure ('test-estimators.R:183:9'): Transforming all-positive values, with some Inf values, generates the correct results. (7; method: yeo_johnson; estimation_method: anderson_darling) ──
abs(transformer@lambda + 0.2) < 0.2 is not TRUE
`actual`: FALSE
`expected`: TRUE
── Failure ('test-estimators.R:150:9'): Transforming all-positive values, with some NA values, generates the correct results. (8; method: yeo_johnson; estimation_method: cramer_von_mises) ──
abs(transformer@lambda + 0.2) < 0.2 is not TRUE
`actual`: FALSE
`expected`: TRUE
── Failure ('test-estimators.R:56:9'): Transforming all-positive values generates the correct results. (10; method: yeo_johnson; estimation_method: dagostino) ──
abs(transformer@lambda + 0.2) < 0.2 is not TRUE
`actual`: FALSE
`expected`: TRUE
── Failure ('test-estimators.R:87:9'): Transforming partially negative values generates the correct results. (10; method: yeo_johnson; estimation_method: dagostino) ──
abs(transformer@lambda + 0.2) < 0.2 is not TRUE
`actual`: FALSE
`expected`: TRUE
── Failure ('test-estimators.R:183:9'): Transforming all-positive values, with some Inf values, generates the correct results. (10; method: yeo_johnson; estimation_method: dagostino) ──
abs(transformer@lambda + 0.2) < 0.2 is not TRUE
`actual`: FALSE
`expected`: TRUE
── Failure ('test-transformation.R:58:11'): Transforming all-positive values generates the correct results. (6; method: yeo_johnson; robust: FALSE; invariant: TRUE) ──
abs(transformer@lambda + 0.3) < 0.2 is not TRUE
`actual`: FALSE
`expected`: TRUE
── Failure ('test-transformation.R:234:11'): Transforming partially negative values generates the correct results. (6; method: yeo_johnson; robust: FALSE; invariant: TRUE) ──
abs(transformer@lambda + 0.3) < 0.2 is not TRUE
`actual`: FALSE
`expected`: TRUE
── Failure ('test-transformation.R:58:11'): Transforming all-positive values generates the correct results. (8; method: yeo_johnson; robust: TRUE; invariant: TRUE) ──
abs(transformer@lambda + 0.3) < 0.2 is not TRUE
`actual`: FALSE
`expected`: TRUE
── Failure ('test-transformation.R:366:11'): Transforming all-positive values, with some NA values, generates the correct results. (8; method: yeo_johnson; robust: TRUE; invariant: TRUE) ──
abs(transformer@lambda + 0.3) < 0.2 is not TRUE
`actual`: FALSE
`expected`: TRUE
[ FAIL 13 | WARN 0 | SKIP 0 | PASS 708 ]
Error: Test failures
Execution halted
- checking PDF version of manual ... [7s/10s] OK
- checking HTML version of manual ... OK
- checking for non-standard things in the check directory ... OK
- checking for detritus in the temp directory ... OK
- DONE
Status: 1 ERROR