- using R Under development (unstable) (2025-02-19 r87749)
- using platform: x86_64-pc-linux-gnu
- R was compiled by
clang version 20.1.0-rc2
flang version 20.1.0-rc2
- running under: Fedora Linux 40 (Workstation Edition)
- using session charset: UTF-8
- using option ‘--no-stop-on-test-error’
- checking for file ‘pbkrtest/DESCRIPTION’ ... OK
- this is package ‘pbkrtest’ version ‘0.5.3’
- package encoding: UTF-8
- checking package namespace information ... OK
- checking package dependencies ... OK
- checking if this is a source package ... OK
- checking if there is a namespace ... OK
- checking for executable files ... OK
- checking for hidden files and directories ... OK
- checking for portable file names ... OK
- checking for sufficient/correct file permissions ... OK
- checking whether package ‘pbkrtest’ can be installed ... [20s/29s] OK
See the install log for details.
- checking installed package size ... OK
- checking package directory ... OK
- checking ‘build’ directory ... OK
- checking DESCRIPTION meta-information ... OK
- checking top-level files ... OK
- checking for left-over files ... OK
- checking index information ... OK
- checking package subdirectories ... OK
- checking code files for non-ASCII characters ... OK
- checking R files for syntax errors ... OK
- checking whether the package can be loaded ... OK
- checking whether the package can be loaded with stated dependencies ... OK
- checking whether the package can be unloaded cleanly ... OK
- checking whether the namespace can be loaded with stated dependencies ... OK
- checking whether the namespace can be unloaded cleanly ... OK
- checking loading without being on the library search path ... OK
- checking use of S3 registration ... OK
- checking dependencies in R code ... OK
- checking S3 generic/method consistency ... OK
- checking replacement functions ... OK
- checking foreign function calls ... OK
- checking R code for possible problems ... [31s/45s] OK
- checking Rd files ... OK
- checking Rd metadata ... OK
- checking Rd line widths ... OK
- checking Rd cross-references ... OK
- checking for missing documentation entries ... OK
- checking for code/documentation mismatches ... OK
- checking Rd \usage sections ... OK
- checking Rd contents ... OK
- checking for unstated dependencies in examples ... OK
- checking contents of ‘data’ directory ... OK
- checking data for non-ASCII characters ... OK
- checking LazyData ... OK
- checking data for ASCII and uncompressed saves ... OK
- checking installed files from ‘inst/doc’ ... OK
- checking files in ‘vignettes’ ... OK
- checking examples ... [16s/22s] OK
- checking for unstated dependencies in vignettes ... OK
- checking package vignettes ... OK
- checking re-building of vignette outputs ... [51s/52s] ERROR
Error(s) in re-building vignettes:
--- re-building ‘a01-pbkrtest.rmd’ using knitr
** Processing: figure/unnamed-chunk-3-1.png
504x504 pixels, 3x8 bits/pixel, RGB
Input IDAT size = 9715 bytes
Input file size = 9805 bytes
Trying:
zc = 9 zm = 8 zs = 0 f = 0 IDAT size = 7884
zc = 9 zm = 8 zs = 1 f = 0
zc = 1 zm = 8 zs = 2 f = 0
zc = 9 zm = 8 zs = 3 f = 0
zc = 9 zm = 8 zs = 0 f = 5
zc = 9 zm = 8 zs = 1 f = 5
zc = 1 zm = 8 zs = 2 f = 5
zc = 9 zm = 8 zs = 3 f = 5
Selecting parameters:
zc = 9 zm = 8 zs = 0 f = 0 IDAT size = 7884
Output IDAT size = 7884 bytes (1831 bytes decrease)
Output file size = 7962 bytes (1843 bytes = 18.80% decrease)
Quitting from lines 153-156 [unnamed-chunk-15] (a01-pbkrtest.rmd)
Error: processing vignette 'a01-pbkrtest.rmd' failed with diagnostics:
missing value where TRUE/FALSE needed
--- failed re-building ‘a01-pbkrtest.rmd’
--- re-building ‘a02-coercion.rmd’ using knitr
--- finished re-building ‘a02-coercion.rmd’
SUMMARY: processing the following file failed:
‘a01-pbkrtest.rmd’
Error: Vignette re-building failed.
Execution halted
- checking PDF version of manual ... [8s/11s] OK
- checking HTML version of manual ... OK
- checking for non-standard things in the check directory ... OK
- checking for detritus in the temp directory ... OK
- DONE
Status: 1 ERROR