- using R Under development (unstable) (2025-02-19 r87749)
- using platform: x86_64-pc-linux-gnu
- R was compiled by
clang version 20.1.0-rc2
flang version 20.1.0-rc2
- running under: Fedora Linux 40 (Workstation Edition)
- using session charset: UTF-8
- using option ‘--no-stop-on-test-error’
- checking for file ‘papeR/DESCRIPTION’ ... OK
- this is package ‘papeR’ version ‘1.0-5’
- checking package namespace information ... OK
- checking package dependencies ... OK
- checking if this is a source package ... OK
- checking if there is a namespace ... OK
- checking for executable files ... OK
- checking for hidden files and directories ... OK
- checking for portable file names ... OK
- checking for sufficient/correct file permissions ... OK
- checking whether package ‘papeR’ can be installed ... OK
See the install log for details.
- checking installed package size ... OK
- checking package directory ... OK
- checking ‘build’ directory ... OK
- checking DESCRIPTION meta-information ... OK
- checking top-level files ... OK
- checking for left-over files ... OK
- checking index information ... OK
- checking package subdirectories ... OK
- checking code files for non-ASCII characters ... OK
- checking R files for syntax errors ... OK
- checking whether the package can be loaded ... OK
- checking whether the package can be loaded with stated dependencies ... OK
- checking whether the package can be unloaded cleanly ... OK
- checking whether the namespace can be loaded with stated dependencies ... OK
- checking whether the namespace can be unloaded cleanly ... OK
- checking loading without being on the library search path ... OK
- checking use of S3 registration ... OK
- checking dependencies in R code ... OK
- checking S3 generic/method consistency ... OK
- checking replacement functions ... OK
- checking foreign function calls ... OK
- checking R code for possible problems ... [14s/23s] OK
- checking Rd files ... OK
- checking Rd metadata ... OK
- checking Rd line widths ... OK
- checking Rd cross-references ... OK
- checking for missing documentation entries ... OK
- checking for code/documentation mismatches ... OK
- checking Rd \usage sections ... OK
- checking Rd contents ... OK
- checking for unstated dependencies in examples ... OK
- checking sizes of PDF files under ‘inst/doc’ ... OK
- checking installed files from ‘inst/doc’ ... OK
- checking files in ‘vignettes’ ... OK
- checking examples ... [10s/17s] OK
- checking for unstated dependencies in ‘tests’ ... OK
- checking tests ... [26s/36s] ERROR
Running ‘regtest-plot.R’
Running ‘regtest-summarize.R’
Running ‘testthat.R’ [24s/32s]
Running the tests in ‘tests/testthat.R’ failed.
Complete output:
> library(testthat)
> library(papeR)
Loading required package: car
Loading required package: carData
Loading required package: xtable
Registered S3 method overwritten by 'papeR':
method from
Anova.lme car
Attaching package: 'papeR'
The following object is masked from 'package:utils':
toLatex
>
> test_check("papeR")
[ FAIL 1 | WARN 15 | SKIP 0 | PASS 237 ]
══ Failed tests ════════════════════════════════════════════════════════════════
── Error ('test-prettify.R:190:13'): lme4 interface works ──────────────────────
Error in `expect_match(all.equal(res[[1]], res[[5]], check.attributes = FALSE)[1],
"lower")`: is.character(act$val) is not TRUE
Backtrace:
▆
1. └─testthat::expect_match(...) at test-prettify.R:190:13
2. └─base::stopifnot(is.character(act$val))
[ FAIL 1 | WARN 15 | SKIP 0 | PASS 237 ]
Error: Test failures
Execution halted
- checking for unstated dependencies in vignettes ... OK
- checking package vignettes ... OK
- checking re-building of vignette outputs ... [11s/17s] OK
- checking PDF version of manual ... [8s/10s] OK
- checking HTML version of manual ... OK
- checking for non-standard things in the check directory ... OK
- checking for detritus in the temp directory ... OK
- DONE
Status: 1 ERROR