- using R Under development (unstable) (2025-02-19 r87749)
- using platform: x86_64-pc-linux-gnu
- R was compiled by
clang version 20.1.0-rc2
flang version 20.1.0-rc2
- running under: Fedora Linux 40 (Workstation Edition)
- using session charset: UTF-8
- using option ‘--no-stop-on-test-error’
- checking for file ‘nloptr/DESCRIPTION’ ... OK
- checking extension type ... Package
- this is package ‘nloptr’ version ‘2.1.1’
- package encoding: UTF-8
- checking package namespace information ... OK
- checking package dependencies ... OK
- checking if this is a source package ... OK
- checking if there is a namespace ... OK
- checking for executable files ... OK
- checking for hidden files and directories ... OK
- checking for portable file names ... OK
- checking for sufficient/correct file permissions ... OK
- checking whether package ‘nloptr’ can be installed ... [9s/14s] OK
See the install log for details.
- used C compiler: ‘clang version 20.1.0-rc2’
- used C++ compiler: ‘clang version 20.1.0-rc2’
- checking installed package size ... OK
- checking package directory ... OK
- checking ‘build’ directory ... OK
- checking DESCRIPTION meta-information ... OK
- checking top-level files ... NOTE
possible bashism in configure.ac line 64 (should be 'b = a'):
if test x"${have_cmake}" == x"no"; then
- checking for left-over files ... OK
- checking index information ... OK
- checking package subdirectories ... OK
- checking code files for non-ASCII characters ... OK
- checking R files for syntax errors ... OK
- checking whether the package can be loaded ... OK
- checking whether the package can be loaded with stated dependencies ... OK
- checking whether the package can be unloaded cleanly ... OK
- checking whether the namespace can be loaded with stated dependencies ... OK
- checking whether the namespace can be unloaded cleanly ... OK
- checking loading without being on the library search path ... OK
- checking whether startup messages can be suppressed ... OK
- checking use of S3 registration ... OK
- checking dependencies in R code ... OK
- checking S3 generic/method consistency ... OK
- checking replacement functions ... OK
- checking foreign function calls ... OK
- checking R code for possible problems ... [10s/14s] OK
- checking Rd files ... OK
- checking Rd metadata ... OK
- checking Rd line widths ... OK
- checking Rd cross-references ... OK
- checking for missing documentation entries ... OK
- checking for code/documentation mismatches ... OK
- checking Rd \usage sections ... OK
- checking Rd contents ... OK
- checking for unstated dependencies in examples ... OK
- checking line endings in shell scripts ... OK
- checking line endings in C/C++/Fortran sources/headers ... OK
- checking line endings in Makefiles ... OK
- checking compilation flags in Makevars ... OK
- checking for GNU extensions in Makefiles ... OK
- checking for portable use of $(BLAS_LIBS) and $(LAPACK_LIBS) ... OK
- checking use of PKG_*FLAGS in Makefiles ... OK
- checking use of SHLIB_OPENMP_*FLAGS in Makefiles ... OK
- checking pragmas in C/C++ headers and code ... OK
- checking compilation flags used ... OK
- checking compiled code ... OK
- checking installed files from ‘inst/doc’ ... OK
- checking files in ‘vignettes’ ... OK
- checking examples ... OK
- checking for unstated dependencies in ‘tests’ ... OK
- checking tests ... ERROR
Running ‘tinytest.R’
Running the tests in ‘tests/tinytest.R’ failed.
Complete output:
> if (requireNamespace("tinytest", quietly = TRUE)) {
+ tinytest::test_package("nloptr")
+ }
test-banana-global.R.......... 0 tests
test-banana-global.R.......... 0 tests
test-banana-global.R.......... 0 tests
test-banana-global.R.......... 0 tests
test-banana-global.R.......... 0 tests
test-banana-global.R.......... 0 tests
test-banana-global.R.......... 0 tests
test-banana-global.R.......... 0 tests
test-banana-global.R.......... 0 tests
test-banana-global.R.......... 0 tests
test-banana-global.R.......... 1 tests [0;32mOK [0m
test-banana-global.R.......... 2 tests [0;32mOK [0m
test-banana-global.R.......... 2 tests [0;32mOK [0m
test-banana-global.R.......... 2 tests [0;32mOK [0m
test-banana-global.R.......... 3 tests [0;31m1 fails [0m
test-banana-global.R.......... 4 tests [0;31m2 fails [0m
test-banana-global.R.......... 4 tests [0;31m2 fails [0m
test-banana-global.R.......... 4 tests [0;31m2 fails [0m
test-banana-global.R.......... 4 tests [0;31m2 fails [0m
test-banana-global.R.......... 4 tests [0;31m2 fails [0m
test-banana-global.R.......... 4 tests [0;31m2 fails [0m
test-banana-global.R.......... 4 tests [0;31m2 fails [0m
test-banana-global.R.......... 5 tests [0;31m3 fails [0m
test-banana-global.R.......... 6 tests [0;31m4 fails [0m
test-banana-global.R.......... 7 tests [0;31m5 fails [0m
test-banana-global.R.......... 8 tests [0;31m6 fails [0m
test-banana-global.R.......... 9 tests [0;31m7 fails [0m
test-banana-global.R.......... 10 tests [0;31m8 fails [0m
test-banana-global.R.......... 11 tests [0;31m8 fails [0m
test-banana-global.R.......... 12 tests [0;31m8 fails [0m
test-banana-global.R.......... 13 tests [0;31m8 fails [0m
test-banana-global.R.......... 14 tests [0;31m8 fails [0m [0;34m2.4s [0m
test-banana.R................. 0 tests
test-banana.R................. 0 tests
test-banana.R................. 0 tests
test-banana.R................. 0 tests
test-banana.R................. 0 tests
test-banana.R................. 0 tests
test-banana.R................. 0 tests
test-banana.R................. 1 tests [0;31m1 fails [0m
test-banana.R................. 2 tests [0;31m2 fails [0m
test-banana.R................. 2 tests [0;31m2 fails [0m
test-banana.R................. 2 tests [0;31m2 fails [0m
test-banana.R................. 3 tests [0;31m3 fails [0m
test-banana.R................. 4 tests [0;31m4 fails [0m [0;36m98ms [0m
test-check.derivatives.R...... 0 tests
test-check.derivatives.R...... 0 tests
test-check.derivatives.R...... 0 tests
test-check.derivatives.R...... 0 tests
test-check.derivatives.R...... 1 tests [0;32mOK [0m
test-check.derivatives.R...... 2 tests [0;32mOK [0m
test-check.derivatives.R...... 3 tests [0;32mOK [0m
test-check.derivatives.R...... 4 tests [0;32mOK [0m [0;36m14ms [0m
test-derivative-checker.R..... 0 tests
test-derivative-checker.R..... 0 tests
test-derivative-checker.R..... 0 tests
test-derivative-checker.R..... 0 tests
test-derivative-checker.R..... 0 tests
test-derivative-checker.R..... 1 tests [0;32mOK [0m
test-derivative-checker.R..... 2 tests [0;32mOK [0m
test-derivative-checker.R..... 2 tests [0;32mOK [0m
test-derivative-checker.R..... 2 tests [0;32mOK [0m
test-derivative-checker.R..... 2 tests [0;32mOK [0m
test-derivative-checker.R..... 3 tests [0;32mOK [0m
test-derivative-checker.R..... 3 tests [0;32mOK [0m
test-derivative-checker.R..... 4 tests [0;32mOK [0m
test-derivative-checker.R..... 4 tests [0;32mOK [0m
test-derivative-checker.R..... 4 tests [0;32mOK [0m
test-derivative-checker.R..... 5 tests [0;32mOK [0m
test-derivative-checker.R..... 5 tests [0;32mOK [0m
test-derivative-checker.R..... 5 tests [0;32mOK [0m
test-derivative-checker.R..... 5 tests [0;32mOK [0m
test-derivative-checker.R..... 6 tests [0;32mOK [0m [0;36m12ms [0m
test-example.R................ 0 tests
test-example.R................ 0 tests
test-example.R................ 0 tests
test-example.R................ 0 tests
test-example.R................ 0 tests
test-example.R................ 0 tests
test-example.R................ 0 tests
test-example.R................ 0 tests
test-example.R................ 0 tests
test-example.R................ 0 tests
test-example.R................ 0 tests
test-example.R................ 0 tests
test-example.R................ 1 tests [0;31m1 fails [0m Error: nlopt_add_inequality_mconstraint returned NLOPT_INVALID_ARGS.
test-example.R................ 1 tests [0;31m1 fails [0m
test-example.R................ 2 tests [0;31m2 fails [0m
test-example.R................ 2 tests [0;31m2 fails [0m
test-example.R................ 3 tests [0;31m3 fails [0m [0;34m0.1s [0m
test-gradients.R.............. 0 tests
test-gradients.R.............. 0 tests
test-gradients.R.............. 0 tests
test-gradients.R.............. 0 tests
test-gradients.R.............. 1 tests [0;32mOK [0m
test-gradients.R.............. 2 tests [0;32mOK [0m
test-gradients.R.............. 3 tests [0;32mOK [0m
test-gradients.R.............. 4 tests [0;32mOK [0m
test-gradients.R.............. 4 tests [0;32mOK [0m
test-gradients.R.............. 4 tests [0;32mOK [0m
test-gradients.R.............. 4 tests [0;32mOK [0m
test-gradients.R.............. 5 tests [0;32mOK [0m
test-gradients.R.............. 5 tests [0;32mOK [0m
test-gradients.R.............. 5 tests [0;32mOK [0m
test-gradients.R.............. 5 tests [0;32mOK [0m
test-gradients.R.............. 6 tests [0;32mOK [0m [0;36m22ms [0m
test-hs023.R.................. 0 tests
test-hs023.R.................. 0 tests
test-hs023.R.................. 0 tests
test-hs023.R.................. 0 tests
test-hs023.R.................. 0 tests
test-hs023.R.................. 0 tests
test-hs023.R.................. 0 tests
test-hs023.R.................. 0 tests
test-hs023.R.................. 0 tests
test-hs023.R.................. 1 tests [0;32mOK [0m
test-hs023.R.................. 2 tests [0;32mOK [0m
test-hs023.R.................. 3 tests [0;32mOK [0m
test-hs023.R.................. 4 tests [0;32mOK [0m [0;34m0.2s [0m
test-hs071.R.................. 0 tests
test-hs071.R.................. 0 tests
test-hs071.R.................. 0 tests
test-hs071.R.................. 0 tests
test-hs071.R.................. 0 tests
test-hs071.R.................. 0 tests
test-hs071.R.................. 0 tests
test-hs071.R.................. 0 tests
test-hs071.R.................. 0 tests
test-hs071.R.................. 0 tests
test-hs071.R.................. 0 tests
test-hs071.R.................. 1 tests [0;31m1 fails [0m
test-hs071.R.................. 2 tests [0;31m1 fails [0m
test-hs071.R.................. 3 tests [0;31m1 fails [0m
test-hs071.R.................. 4 tests [0;31m1 fails [0m
test-hs071.R.................. 5 tests [0;31m2 fails [0m [0;34m0.2s [0m
test-is.nloptr.R.............. 0 tests
test-is.nloptr.R.............. 0 tests
test-is.nloptr.R.............. 0 tests
test-is.nloptr.R.............. 1 tests [0;32mOK [0m
test-is.nloptr.R.............. 2 tests [0;32mOK [0m
test-is.nloptr.R.............. 2 tests [0;32mOK [0m
test-is.nloptr.R.............. 3 tests [0;32mOK [0m
test-is.nloptr.R.............. 4 tests [0;32mOK [0m
test-is.nloptr.R.............. 5 tests [0;32mOK [0m
test-is.nloptr.R.............. 6 tests [0;32mOK [0m
test-is.nloptr.R.............. 7 tests [0;32mOK [0m
test-is.nloptr.R.............. 8 tests [0;32mOK [0m
test-is.nloptr.R.............. 8 tests [0;32mOK [0m
test-is.nloptr.R.............. 9 tests [0;32mOK [0m
test-is.nloptr.R.............. 9 tests [0;32mOK [0m
test-is.nloptr.R.............. 9 tests [0;32mOK [0m
test-is.nloptr.R.............. 10 tests [0;32mOK [0m
test-is.nloptr.R.............. 10 tests [0;32mOK [0m
test-is.nloptr.R.............. 11 tests [0;32mOK [0m
test-is.nloptr.R.............. 11 tests [0;32mOK [0m
test-is.nloptr.R.............. 12 tests [0;32mOK [0m
test-is.nloptr.R.............. 13 tests [0;32mOK [0m
test-is.nloptr.R.............. 14 tests [0;32mOK [0m
test-is.nloptr.R.............. 15 tests [0;32mOK [0m
test-is.nloptr.R.............. 16 tests [0;32mOK [0m
test-is.nloptr.R.............. 17 tests [0;32mOK [0m
test-is.nloptr.R.............. 17 tests [0;32mOK [0m
test-is.nloptr.R.............. 17 tests [0;32mOK [0m
test-is.nloptr.R.............. 17 tests [0;32mOK [0m
test-is.nloptr.R.............. 17 tests [0;32mOK [0m
test-is.nloptr.R.............. 17 tests [0;32mOK [0m
test-is.nloptr.R.............. 17 tests [0;32mOK [0m
test-is.nloptr.R.............. 17 tests [0;32mOK [0m
test-is.nloptr.R.............. 17 tests [0;32mOK [0m
test-is.nloptr.R.............. 17 tests [0;32mOK [0m
test-is.nloptr.R.............. 17 tests [0;32mOK [0m
test-is.nloptr.R.............. 17 tests [0;32mOK [0m
test-is.nloptr.R.............. 17 tests [0;32mOK [0m
test-is.nloptr.R.............. 17 tests [0;32mOK [0m
test-is.nloptr.R.............. 17 tests [0;32mOK [0m
test-is.nloptr.R.............. 17 tests [0;32mOK [0m
test-is.nloptr.R.............. 17 tests [0;32mOK [0m
test-is.nloptr.R.............. 17 tests [0;32mOK [0m
test-is.nloptr.R.............. 18 tests [0;32mOK [0m
test-is.nloptr.R.............. 18 tests [0;32mOK [0m
test-is.nloptr.R.............. 19 tests [0;32mOK [0m
test-is.nloptr.R.............. 20 tests [0;32mOK [0m
test-is.nloptr.R.............. 20 tests [0;32mOK [0m
test-is.nloptr.R.............. 21 tests [0;32mOK [0m
test-is.nloptr.R.............. 21 tests [0;32mOK [0m
test-is.nloptr.R.............. 22 tests [0;32mOK [0m Error: nlopt_add_inequality_mconstraint returned NLOPT_INVALID_ARGS.
test-is.nloptr.R.............. 23 tests [0;32mOK [0m
test-is.nloptr.R.............. 24 tests [0;32mOK [0m
test-is.nloptr.R.............. 24 tests [0;32mOK [0m
test-is.nloptr.R.............. 25 tests [0;32mOK [0m
test-is.nloptr.R.............. 26 tests [0;32mOK [0m
test-is.nloptr.R.............. 26 tests [0;32mOK [0m
test-is.nloptr.R.............. 27 tests [0;32mOK [0m
test-is.nloptr.R.............. 27 tests [0;32mOK [0m
test-is.nloptr.R.............. 28 tests [0;32mOK [0m
test-is.nloptr.R.............. 29 tests [0;32mOK [0m
test-is.nloptr.R.............. 30 tests [0;32mOK [0m
test-is.nloptr.R.............. 31 tests [0;32mOK [0m
test-is.nloptr.R.............. 32 tests [0;32mOK [0m
test-is.nloptr.R.............. 33 tests [0;32mOK [0m
test-is.nloptr.R.............. 34 tests [0;32mOK [0m [0;34m0.2s [0m
test-nloptions.R.............. 0 tests
test-nloptions.R.............. 0 tests
test-nloptions.R.............. 0 tests
test-nloptions.R.............. 0 tests
test-nloptions.R.............. 1 tests [0;32mOK [0m
test-nloptions.R.............. 2 tests [0;32mOK [0m
test-nloptions.R.............. 3 tests [0;32mOK [0m
test-nloptions.R.............. 3 tests [0;32mOK [0m
test-nloptions.R.............. 3 tests [0;32mOK [0m
test-nloptions.R.............. 4 tests [0;32mOK [0m
test-nloptions.R.............. 5 tests [0;32mOK [0m [0;36m7ms [0m
test-nloptr.R................. 0 tests
test-nloptr.R................. 0 tests
test-nloptr.R................. 0 tests
test-nloptr.R................. 0 tests
test-nloptr.R................. 0 tests
test-nloptr.R................. 1 tests [0;32mOK [0m
test-nloptr.R................. 1 tests [0;32mOK [0m
test-nloptr.R................. 2 tests [0;32mOK [0m
test-nloptr.R................. 3 tests [0;32mOK [0m
test-nloptr.R................. 4 tests [0;32mOK [0m
test-nloptr.R................. 4 tests [0;32mOK [0m
test-nloptr.R................. 4 tests [0;32mOK [0m
test-nloptr.R................. 4 tests [0;32mOK [0m
test-nloptr.R................. 4 tests [0;32mOK [0m
test-nloptr.R................. 4 tests [0;32mOK [0m
test-nloptr.R................. 4 tests [0;32mOK [0m
test-nloptr.R................. 4 tests [0;32mOK [0m
test-nloptr.R................. 4 tests [0;32mOK [0m
test-nloptr.R................. 5 tests [0;32mOK [0m
test-nloptr.R................. 6 tests [0;32mOK [0m
test-nloptr.R................. 7 tests [0;32mOK [0m
test-nloptr.R................. 8 tests [0;32mOK [0m
test-nloptr.R................. 8 tests [0;32mOK [0m
test-nloptr.R................. 8 tests [0;32mOK [0m
test-nloptr.R................. 9 tests [0;32mOK [0m
test-nloptr.R................. 10 tests [0;32mOK [0m
test-nloptr.R................. 11 tests [0;32mOK [0m
test-nloptr.R................. 12 tests [0;32mOK [0m
test-nloptr.R................. 12 tests [0;32mOK [0m Error in nloptr(5, fn, lb = lb, ub = ub, opts = c(alg, ctl)) :
STRING_ELT() can only be applied to a 'character vector', not a 'NULL'
Calls: <Anonymous> ... run_test_dir -> lapply -> FUN -> eval -> eval -> nloptr
Execution halted
- checking for unstated dependencies in vignettes ... OK
- checking package vignettes ... OK
- checking re-building of vignette outputs ... OK
- checking PDF version of manual ... [9s/13s] OK
- checking HTML version of manual ... OK
- checking for non-standard things in the check directory ... OK
- checking for detritus in the temp directory ... OK
- DONE
Status: 1 ERROR, 1 NOTE