- using R Under development (unstable) (2025-02-15 r87725)
- using platform: x86_64-pc-linux-gnu
- R was compiled by
clang version 19.1.7
flang-new version 19.1.7
- running under: Fedora Linux 40 (Workstation Edition)
- using session charset: UTF-8
- using option ‘--no-stop-on-test-error’
- checking for file ‘fdacluster/DESCRIPTION’ ... OK
- this is package ‘fdacluster’ version ‘0.4.1’
- package encoding: UTF-8
- checking package namespace information ... OK
- checking package dependencies ... OK
- checking if this is a source package ... OK
- checking if there is a namespace ... OK
- checking for executable files ... OK
- checking for hidden files and directories ... OK
- checking for portable file names ... OK
- checking for sufficient/correct file permissions ... OK
- checking whether package ‘fdacluster’ can be installed ... [8m/14m] OK
See the install log for details.
- used C++ compiler: ‘clang version 19.1.7’
- checking installed package size ... INFO
installed size is 6.8Mb
sub-directories of 1Mb or more:
R 1.9Mb
doc 1.5Mb
help 2.1Mb
- checking package directory ... OK
- checking ‘build’ directory ... OK
- checking DESCRIPTION meta-information ... NOTE
Missing dependency on R >= 4.2.0 because package code uses the pipe
placeholder syntax added in R 4.2.0.
File(s) using such syntax:
‘caps-plot.R’ ‘utils.R’
- checking top-level files ... OK
- checking for left-over files ... OK
- checking index information ... OK
- checking package subdirectories ... OK
- checking code files for non-ASCII characters ... OK
- checking R files for syntax errors ... OK
- checking whether the package can be loaded ... OK
- checking whether the package can be loaded with stated dependencies ... OK
- checking whether the package can be unloaded cleanly ... OK
- checking whether the namespace can be loaded with stated dependencies ... OK
- checking whether the namespace can be unloaded cleanly ... OK
- checking loading without being on the library search path ... OK
- checking use of S3 registration ... OK
- checking dependencies in R code ... OK
- checking S3 generic/method consistency ... OK
- checking replacement functions ... OK
- checking foreign function calls ... OK
- checking R code for possible problems ... [21s/57s] OK
- checking Rd files ... OK
- checking Rd metadata ... OK
- checking Rd line widths ... OK
- checking Rd cross-references ... OK
- checking for missing documentation entries ... OK
- checking for code/documentation mismatches ... OK
- checking Rd \usage sections ... OK
- checking Rd contents ... OK
- checking for unstated dependencies in examples ... OK
- checking contents of ‘data’ directory ... OK
- checking data for non-ASCII characters ... OK
- checking LazyData ... OK
- checking data for ASCII and uncompressed saves ... OK
- checking R/sysdata.rda ... OK
- checking line endings in C/C++/Fortran sources/headers ... OK
- checking line endings in Makefiles ... OK
- checking compilation flags in Makevars ... OK
- checking for GNU extensions in Makefiles ... OK
- checking for portable use of $(BLAS_LIBS) and $(LAPACK_LIBS) ... OK
- checking use of PKG_*FLAGS in Makefiles ... OK
- checking use of SHLIB_OPENMP_*FLAGS in Makefiles ... OK
- checking pragmas in C/C++ headers and code ... OK
- checking compilation flags used ... OK
- checking compiled code ... OK
- checking installed files from ‘inst/doc’ ... OK
- checking files in ‘vignettes’ ... OK
- checking examples ... [0m/30m] ERROR
Running examples in ‘fdacluster-Ex.R’ failed
The error most likely occurred in:
> ### Name: fdadbscan
> ### Title: Performs density-based clustering for functional data with
> ### amplitude and phase separation
> ### Aliases: fdadbscan
>
> ### ** Examples
>
> #----------------------------------
> # Extracts 15 out of the 30 simulated curves in `simulated30_sub` data set
> idx <- c(1:5, 11:15)
> x <- simulated30_sub$x[idx, ]
> y <- simulated30_sub$y[idx, , ]
>
> #----------------------------------
> # Runs an HAC with affine alignment, searching for 2 clusters
> out <- fdadbscan(
+ x = x,
+ y = y,
+ warping_class = "affine",
+ metric = "normalized_l2"
+ )
- checking for unstated dependencies in ‘tests’ ... OK
- checking tests ... [30m/35m] ERROR
Running ‘testthat.R’ [30m/35m]
Running the tests in ‘tests/testthat.R’ failed.
Complete output:
> # This file is part of the standard setup for testthat.
> # It is recommended that you do not modify it.
> #
> # Where should you do additional test configuration?
> # Learn more about the roles of various files in:
> # * https://r-pkgs.org/tests.html
> # * https://testthat.r-lib.org/reference/test_package.html#special-files
>
> library(testthat)
> library(fdacluster)
>
> test_check("fdacluster")
- checking for unstated dependencies in vignettes ... OK
- checking package vignettes ... OK
- checking re-building of vignette outputs ... [67s/68s] OK
- checking PDF version of manual ... OK
- checking HTML version of manual ... OK
- checking for non-standard things in the check directory ... OK
- checking for detritus in the temp directory ... OK
- DONE
Status: 2 ERRORs, 1 NOTE