- using R Under development (unstable) (2025-02-19 r87749)
- using platform: x86_64-pc-linux-gnu
- R was compiled by
clang version 20.1.0-rc2
flang version 20.1.0-rc2
- running under: Fedora Linux 40 (Workstation Edition)
- using session charset: UTF-8
- using option ‘--no-stop-on-test-error’
- checking for file ‘dmlalg/DESCRIPTION’ ... OK
- this is package ‘dmlalg’ version ‘1.0.2’
- package encoding: UTF-8
- checking package namespace information ... OK
- checking package dependencies ... OK
- checking if this is a source package ... OK
- checking if there is a namespace ... OK
- checking for executable files ... OK
- checking for hidden files and directories ... OK
- checking for portable file names ... OK
- checking for sufficient/correct file permissions ... OK
- checking whether package ‘dmlalg’ can be installed ... [17s/23s] OK
See the install log for details.
- checking installed package size ... OK
- checking package directory ... OK
- checking DESCRIPTION meta-information ... OK
- checking top-level files ... OK
- checking for left-over files ... OK
- checking index information ... OK
- checking package subdirectories ... OK
- checking code files for non-ASCII characters ... OK
- checking R files for syntax errors ... OK
- checking whether the package can be loaded ... OK
- checking whether the package can be loaded with stated dependencies ... OK
- checking whether the package can be unloaded cleanly ... OK
- checking whether the namespace can be loaded with stated dependencies ... OK
- checking whether the namespace can be unloaded cleanly ... OK
- checking loading without being on the library search path ... OK
- checking use of S3 registration ... OK
- checking dependencies in R code ... OK
- checking S3 generic/method consistency ... OK
- checking replacement functions ... OK
- checking foreign function calls ... OK
- checking R code for possible problems ... [33s/53s] OK
- checking Rd files ... OK
- checking Rd metadata ... OK
- checking Rd line widths ... OK
- checking Rd cross-references ... OK
- checking for missing documentation entries ... OK
- checking for code/documentation mismatches ... OK
- checking Rd \usage sections ... OK
- checking Rd contents ... OK
- checking for unstated dependencies in examples ... OK
- checking examples ... [7s/11s] OK
- checking for unstated dependencies in ‘tests’ ... OK
- checking tests ... [105s/118s] ERROR
Running ‘testthat.R’ [104s/117s]
Running the tests in ‘tests/testthat.R’ failed.
Complete output:
> library(testthat)
> library(dmlalg)
>
> test_check("dmlalg")
[ FAIL 2 | WARN 8 | SKIP 0 | PASS 1150 ]
══ Failed tests ════════════════════════════════════════════════════════════════
── Failure ('test-methods_mm.R:197:5'): print.summary.mmdml outputs right formats ──
`res` has length 23, not length 20.
Backtrace:
▆
1. └─dmlalg (local) do_tests(fit1, 20) at test-methods_mm.R:200:3
2. └─testthat::expect_length(res, len) at test-methods_mm.R:197:5
── Failure ('test-methods_mm.R:197:5'): print.summary.mmdml outputs right formats ──
`res` has length 30, not length 25.
Backtrace:
▆
1. └─dmlalg (local) do_tests(fit2, 25) at test-methods_mm.R:201:3
2. └─testthat::expect_length(res, len) at test-methods_mm.R:197:5
[ FAIL 2 | WARN 8 | SKIP 0 | PASS 1150 ]
Error: Test failures
Execution halted
- checking PDF version of manual ... [8s/10s] OK
- checking HTML version of manual ... OK
- checking for non-standard things in the check directory ... OK
- checking for detritus in the temp directory ... OK
- DONE
Status: 1 ERROR