- using R Under development (unstable) (2025-02-19 r87749)
- using platform: x86_64-pc-linux-gnu
- R was compiled by
clang version 20.1.0-rc2
flang version 20.1.0-rc2
- running under: Fedora Linux 40 (Workstation Edition)
- using session charset: UTF-8
- using option ‘--no-stop-on-test-error’
- checking for file ‘WeightIt/DESCRIPTION’ ... OK
- checking extension type ... Package
- this is package ‘WeightIt’ version ‘1.3.2’
- package encoding: UTF-8
- checking package namespace information ... OK
- checking package dependencies ... OK
- checking if this is a source package ... OK
- checking if there is a namespace ... OK
- checking for executable files ... OK
- checking for hidden files and directories ... OK
- checking for portable file names ... OK
- checking for sufficient/correct file permissions ... OK
- checking whether package ‘WeightIt’ can be installed ... [33s/52s] OK
See the install log for details.
- checking installed package size ... OK
- checking package directory ... OK
- checking ‘build’ directory ... OK
- checking DESCRIPTION meta-information ... OK
- checking top-level files ... OK
- checking for left-over files ... OK
- checking index information ... OK
- checking package subdirectories ... OK
- checking code files for non-ASCII characters ... OK
- checking R files for syntax errors ... OK
- checking whether the package can be loaded ... OK
- checking whether the package can be loaded with stated dependencies ... OK
- checking whether the package can be unloaded cleanly ... OK
- checking whether the namespace can be loaded with stated dependencies ... OK
- checking whether the namespace can be unloaded cleanly ... OK
- checking loading without being on the library search path ... OK
- checking use of S3 registration ... OK
- checking dependencies in R code ... OK
- checking S3 generic/method consistency ... OK
- checking replacement functions ... OK
- checking foreign function calls ... OK
- checking R code for possible problems ... [81s/102s] OK
- checking Rd files ... [8s/12s] OK
- checking Rd metadata ... OK
- checking Rd line widths ... OK
- checking Rd cross-references ... OK
- checking for missing documentation entries ... OK
- checking for code/documentation mismatches ... OK
- checking Rd \usage sections ... OK
- checking Rd contents ... OK
- checking for unstated dependencies in examples ... OK
- checking contents of ‘data’ directory ... OK
- checking data for non-ASCII characters ... OK
- checking LazyData ... OK
- checking data for ASCII and uncompressed saves ... OK
- checking installed files from ‘inst/doc’ ... OK
- checking files in ‘vignettes’ ... OK
- checking examples ... [30s/33s] OK
- checking for unstated dependencies in ‘tests’ ... OK
- checking tests ... [183s/306s] OK
Running ‘testthat.R’ [183s/305s]
- checking for unstated dependencies in vignettes ... OK
- checking package vignettes ... OK
- checking re-building of vignette outputs ... [36s/52s] ERROR
Error(s) in re-building vignettes:
--- re-building ‘WeightIt.Rmd’ using rmarkdown_notangle
--- finished re-building ‘WeightIt.Rmd’
--- re-building ‘estimating-effects.Rmd’ using rmarkdown_notangle
Quitting from lines 398-410 [unnamed-chunk-16] (estimating-effects.Rmd)
Error: processing vignette 'estimating-effects.Rmd' failed with diagnostics:
Assertion failed. One of the following must apply:
* checkmate::check_character(hypothesis): Must comply to pattern '='
* checkmate::check_numeric(hypothesis): Must be of type 'numeric', not 'character'
* checkmate::check_formula(hypothesis): Must be a formula, not character
* checkmate::check_matrix(hypothesis): Must be of type 'matrix', not 'character'
* checkmate::check_function(hypothesis): Must be a function, not 'character'
* checkmate::check_null(hypothesis): Must be NULL
--- failed re-building ‘estimating-effects.Rmd’
--- re-building ‘installing-packages.Rmd’ using rmarkdown_notangle
--- finished re-building ‘installing-packages.Rmd’
SUMMARY: processing the following file failed:
‘estimating-effects.Rmd’
Error: Vignette re-building failed.
Execution halted
- checking PDF version of manual ... [22s/27s] OK
- checking HTML version of manual ... [12s/14s] OK
- checking for non-standard things in the check directory ... OK
- checking for detritus in the temp directory ... OK
- DONE
Status: 1 ERROR