- using R Under development (unstable) (2025-01-31 r87670)
- using platform: x86_64-pc-linux-gnu
- R was compiled by
gcc-14 (Debian 14.2.0-12) 14.2.0
GNU Fortran (Debian 14.2.0-12) 14.2.0
- running under: Debian GNU/Linux trixie/sid
- using session charset: UTF-8
- checking for file ‘antaresEditObject/DESCRIPTION’ ... OK
- checking extension type ... Package
- this is package ‘antaresEditObject’ version ‘0.7.1’
- package encoding: UTF-8
- checking package namespace information ... OK
- checking package dependencies ... OK
- checking if this is a source package ... OK
- checking if there is a namespace ... OK
- checking for executable files ... OK
- checking for hidden files and directories ... OK
- checking for portable file names ... OK
- checking for sufficient/correct file permissions ... OK
- checking serialization versions ... OK
- checking whether package ‘antaresEditObject’ can be installed ... OK
See the install log for details.
- checking package directory ... OK
- checking for future file timestamps ... OK
- checking ‘build’ directory ... OK
- checking DESCRIPTION meta-information ... OK
- checking top-level files ... OK
- checking for left-over files ... OK
- checking index information ... OK
- checking package subdirectories ... OK
- checking code files for non-ASCII characters ... OK
- checking R files for syntax errors ... OK
- checking whether the package can be loaded ... [1s/1s] OK
- checking whether the package can be loaded with stated dependencies ... [1s/1s] OK
- checking whether the package can be unloaded cleanly ... [1s/1s] OK
- checking whether the namespace can be loaded with stated dependencies ... [1s/1s] OK
- checking whether the namespace can be unloaded cleanly ... [1s/1s] OK
- checking loading without being on the library search path ... [1s/1s] OK
- checking use of S3 registration ... OK
- checking dependencies in R code ... OK
- checking S3 generic/method consistency ... OK
- checking replacement functions ... OK
- checking foreign function calls ... OK
- checking R code for possible problems ... [17s/20s] OK
- checking Rd files ... [1s/1s] OK
- checking Rd metadata ... OK
- checking Rd line widths ... OK
- checking Rd cross-references ... OK
- checking for missing documentation entries ... OK
- checking for code/documentation mismatches ... OK
- checking Rd \usage sections ... OK
- checking Rd contents ... OK
- checking for unstated dependencies in examples ... OK
- checking installed files from ‘inst/doc’ ... OK
- checking files in ‘vignettes’ ... OK
- checking examples ... [1s/1s] OK
- checking for unstated dependencies in ‘tests’ ... OK
- checking tests ... [89s/97s] ERROR
Running ‘testthat.R’ [88s/96s]
Running the tests in ‘tests/testthat.R’ failed.
Complete output:
> #Copyright © 2016 RTE Réseau de transport d’électricité
>
> # CRAN limite CPU usage
> data.table::setDTthreads(2)
>
> library(testthat)
> library(antaresEditObject)
Loading required package: antaresRead
>
> test_check("antaresEditObject")
New/existing group : 'default' will be created/updated with dimension : [10]
New/existing group : 'new_group' will be created/updated with dimension : [3]
New/existing group : 'group_test' will be created/updated with dimension : [10]
Study successfully deleted
Study successfully deletedTime difference of 0.1985595 secs
Time difference of 0.6004057 secs
Importing st-storage
|
| | 0%
|
|======================================================================| 100%
Importing st-storage
|
| | 0%
|
|======================================================================| 100%
Study successfully deleted
There were no binding constraints in this study
New/existing group : 'group_test' will be created/updated with dimension : [10]
There were no binding constraints in this study
Study successfully deletedImporting st-storage
|
| | 0%
|
|======================================================================| 100%
Study successfully deleted
Study successfully deletedThe following lines will be removed from scenariobuilder.dat
l,a,0 = 1
l,a,0 = 1
l,a,0 = 2
l,a,0 = 3
l,a,0 = 4
l,a,0 = 5
l,a,0 = 6
l,a,0 = 7
l,a,0 = 8
l,a,0 = 9
✓ Scenario Builder deduplicated
The following lines will be removed from scenariobuilder.dat
l,a,0 = 1
l,a,0 = 1
l,a,0 = 2
l,a,0 = 3
l,a,0 = 4
l,a,0 = 5
l,a,0 = 6
l,a,0 = 7
l,a,0 = 8
l,a,0 = 9
l,a,0 = 10
✓ Scenario Builder deduplicated
Study successfully deletedImporting mingen
|
| | 0%
|
|======================================================================| 100%
Importing hydroStorageMaxPower
|
| | 0%
|
|======================================================================| 100%
Importing mingen
|
| | 0%
|
|======================================================================| 100%
Importing hydroStorage
|
| | 0%
|
|======================================================================| 100%
Importing mingen
|
| | 0%
|
|======================================================================| 100%
Importing hydroStorage
|
| | 0%
|
|======================================================================| 100%
Importing mingen
|
| | 0%
|
|======================================================================| 100%
Importing hydroStorage
|
| | 0%
|
|======================================================================| 100%
Importing mingen
|
| | 0%
|
|======================================================================| 100%
Importing hydroStorage
|
| | 0%
|
|======================================================================| 100%
Importing mingen
|
| | 0%
|
|======================================================================| 100%
Importing hydroStorage
|
| | 0%
|
|======================================================================| 100%
Importing mingen
|
| | 0%
|
|======================================================================| 100%
Importing hydroStorage
|
| | 0%
|
|======================================================================| 100%
Importing mingen
|
| | 0%
|
|======================================================================| 100%
Importing hydroStorage
|
| | 0%
|
|======================================================================| 100%
Importing mingen
|
| | 0%
|
|======================================================================| 100%
Importing hydroStorage
|
| | 0%
|
|======================================================================| 100%
Importing mingen
|
| | 0%
|
|======================================================================| 100%
Importing hydroStorageMaxPower
|
| | 0%
|
|======================================================================| 100%
Importing mingen
|
| | 0%
|
|======================================================================| 100%
Importing hydroStorage
|
| | 0%
|
|======================================================================| 100%
Importing mingen
|
| | 0%
|
|======================================================================| 100%
Importing hydroStorage
|
| | 0%
|
|======================================================================| 100%
Importing mingen
|
| | 0%
|
|======================================================================| 100%
Importing hydroStorage
|
| | 0%
|
|======================================================================| 100%
Importing mingen
|
| | 0%
|
|======================================================================| 100%
Importing hydroStorage
|
| | 0%
|
|======================================================================| 100%
Importing mingen
|
| | 0%
|
|======================================================================| 100%
Importing hydroStorage
|
| | 0%
|
|======================================================================| 100%
Importing mingen
|
| | 0%
|
|======================================================================| 100%
Importing hydroStorageMaxPower
|
| | 0%
|
|======================================================================| 100%
Importing mingen
|
| | 0%
|
|======================================================================| 100%
Importing hydroStorage
|
| | 0%
|
|======================================================================| 100%
Importing mingen
|
| | 0%
|
|======================================================================| 100%
Importing hydroStorage
|
| | 0%
|
|======================================================================| 100%
Importing mingen
|
| | 0%
|
|======================================================================| 100%
Importing hydroStorage
|
| | 0%
|
|======================================================================| 100%
Importing mingen
|
| | 0%
|
|======================================================================| 100%
Importing hydroStorage
|
| | 0%
|
|======================================================================| 100%
Importing mingen
|
| | 0%
|
|======================================================================| 100%
Importing hydroStorageMaxPower
|
| | 0%
|
|======================================================================| 100%
Importing mingen
|
| | 0%
|
|======================================================================| 100%
Importing hydroStorage
|
| | 0%
|
|======================================================================| 100%
Importing mingen
|
| | 0%
|
|======================================================================| 100%
Importing hydroStorageMaxPower
|
| | 0%
|
|======================================================================| 100%
Importing mingen
|
| | 0%
|
|======================================================================| 100%
Importing hydroStorage
|
| | 0%
|
|======================================================================| 100%
Importing mingen
|
| | 0%
|
|======================================================================| 100%
Importing hydroStorageMaxPower
|
| | 0%
|
|======================================================================| 100%
Importing mingen
|
| | 0%
|
|======================================================================| 100%
Importing hydroStorageMaxPower
|
| | 0%
|
|======================================================================| 100%
Data does not respect the hourly condition.
You must check input/hydro/series/zone51/mingen.txt and input/hydro/common/capacity/maxpower_zone51.txt
Importing mingen
|
| | 0%
|
|======================================================================| 100%
Importing hydroStorage
|
| | 0%
|
|======================================================================| 100%
Importing mingen
|
| | 0%
|
|======================================================================| 100%
Importing hydroStorageMaxPower
|
| | 0%
|
|======================================================================| 100%
Importing mingen
|
| | 0%
|
|======================================================================| 100%
Importing hydroStorage
|
| | 0%
|
|======================================================================| 100%
Importing mingen
|
| | 0%
|
|======================================================================| 100%
Importing hydroStorageMaxPower
|
| | 0%
|
|======================================================================| 100%
Importing mingen
|
| | 0%
|
|======================================================================| 100%
Importing hydroStorageMaxPower
|
| | 0%
|
|======================================================================| 100%
Importing mingen
|
| | 0%
|
|======================================================================| 100%
Importing hydroStorage
|
| | 0%
|
|======================================================================| 100%
Importing mingen
|
| | 0%
|
|======================================================================| 100%
Importing hydroStorage
|
| | 0%
|
|======================================================================| 100%
Importing mingen
|
| | 0%
|
|======================================================================| 100%
Importing hydroStorage
|
| | 0%
|
|======================================================================| 100%
Importing mingen
|
| | 0%
|
|======================================================================| 100%
Importing hydroStorageMaxPower
|
| | 0%
|
|======================================================================| 100%
Importing mingen
|
| | 0%
|
|======================================================================| 100%
Importing hydroStorageMaxPower
|
| | 0%
|
|======================================================================| 100%
Importing mingen
|
| | 0%
|
|======================================================================| 100%
Importing hydroStorageMaxPower
|
| | 0%
|
|======================================================================| 100%
Importing mingen
|
| | 0%
|
|======================================================================| 100%
Importing hydroStorageMaxPower
|
| | 0%
|
|======================================================================| 100%
Importing mingen
|
| | 0%
|
|======================================================================| 100%
Importing hydroStorageMaxPower
|
| | 0%
|
|======================================================================| 100%
Importing mingen
|
| | 0%
|
|======================================================================| 100%
Importing hydroStorage
|
| | 0%
|
|======================================================================| 100%
Importing mingen
|
| | 0%
|
|======================================================================| 100%
Importing hydroStorageMaxPower
|
| | 0%
|
|======================================================================| 100%
Importing mingen
|
| | 0%
|
|======================================================================| 100%
Importing mingen
|
| | 0%
|
|======================================================================| 100%
Importing hydroStorage
|
| | 0%
|
|======================================================================| 100%
Importing mingen
|
| | 0%
|
|======================================================================| 100%
Importing hydroStorageMaxPower
|
| | 0%
|
|======================================================================| 100%
Importing mingen
|
| | 0%
|
|======================================================================| 100%
Importing mingen
|
| | 0%
|
|======================================================================| 100%
Importing hydroStorage
|
| | 0%
|
|======================================================================| 100%
Importing mingen
|
| | 0%
|
|======================================================================| 100%
Importing hydroStorage
|
| | 0%
|
|======================================================================| 100%
Importing mingen
|
| | 0%
|
|======================================================================| 100%
Importing hydroStorageMaxPower
|
| | 0%
|
|======================================================================| 100%
Importing mingen
|
| | 0%
|
|======================= | 33%
|
|=============================================== | 67%
|
|======================================================================| 100%
Importing mingen
|
| | 0%
|
|======================================================================| 100%
Importing hydroStorage
|
| | 0%
|
|======================================================================| 100%
Importing mingen
|
| | 0%
|
|======================================================================| 100%
Importing hydroStorageMaxPower
|
| | 0%
|
|======================================================================| 100%
Importing mingen
|
| | 0%
|
|======================= | 33%
|
|=============================================== | 67%
|
|======================================================================| 100%
Importing mingen
|
| | 0%
|
|======================================================================| 100%
Importing hydroStorage
|
| | 0%
|
|======================================================================| 100%
Importing mingen
|
| | 0%
|
|======================================================================| 100%
Importing hydroStorageMaxPower
|
| | 0%
|
|======================================================================| 100%
Importing mingen
|
| | 0%
|
|======================= | 33%
|
|=============================================== | 67%
|
|======================================================================| 100%
Importing mingen
|
| | 0%
|
|======================================================================| 100%
Importing hydroStorage
|
| | 0%
|
|======================================================================| 100%
Importing mingen
|
| | 0%
|
|======================================================================| 100%
Importing hydroStorage
|
| | 0%
|
|======================================================================| 100%
Importing mingen
|
| | 0%
|
|======================================================================| 100%
Importing hydroStorageMaxPower
|
| | 0%
|
|======================================================================| 100%
Data does not respect the monthly condition.
You must check input/hydro/series/zone51/mingen.txt and input/hydro/series/zone51/mod.txt
Importing mingen
|
| | 0%
|
|======================================================================| 100%
Importing hydroStorageMaxPower
|
| | 0%
|
|======================================================================| 100%
Importing mingen
|
| | 0%
|
|======================================================================| 100%
Importing hydroStorage
|
| | 0%
|
|======================================================================| 100%
Importing mingen
|
| | 0%
|
|======================================================================| 100%
Importing hydroStorage
|
| | 0%
|
|======================================================================| 100%
Importing mingen
|
| | 0%
|
|======================================================================| 100%
Importing hydroStorage
|
| | 0%
|
|======================================================================| 100%
Data does not respect the annual condition.
You must check input/hydro/series/zone51/mingen.txt and input/hydro/series/zone51/mod.txt
Importing mingen
|
| | 0%
|
|======================================================================| 100%
Importing hydroStorage
|
| | 0%
|
|======================================================================| 100%
Importing mingen
|
| | 0%
|
|======================================================================| 100%
Importing hydroStorage
|
| | 0%
|
|======================================================================| 100%
Data does not respect the annual condition.
You must check input/hydro/series/zone51/mingen.txt and input/hydro/series/zone51/mod.txt
Importing mingen
|
| | 0%
|
|======================================================================| 100%
Importing hydroStorage
|
| | 0%
|
|======================================================================| 100%
Importing mingen
|
| | 0%
|
|======================================================================| 100%
Importing hydroStorageMaxPower
|
| | 0%
|
|======================================================================| 100%
Importing mingen
|
| | 0%
|
|======================================================================| 100%
Importing hydroStorage
|
| | 0%
|
|======================================================================| 100%
Importing mingen
|
| | 0%
|
|======================================================================| 100%
Importing hydroStorage
|
| | 0%
|
|======================================================================| 100%
Importing mingen
|
| | 0%
|
|======================================================================| 100%
Importing hydroStorageMaxPower
|
| | 0%
|
|======================================================================| 100%
Data does not respect the monthly condition.
You must check input/hydro/series/zone51/mingen.txt and input/hydro/series/zone51/mod.txt
Importing mingen
|
| | 0%
|
|======================================================================| 100%
Importing hydroStorage
|
| | 0%
|
|======================================================================| 100%
Importing mingen
|
| | 0%
|
|======================================================================| 100%
Importing hydroStorageMaxPower
|
| | 0%
|
|======================================================================| 100%
Importing mingen
|
| | 0%
|
|======================================================================| 100%
Importing hydroStorage
|
| | 0%
|
|======================================================================| 100%
Data does not respect the monthly condition.
You must check input/hydro/series/zone51/mingen.txt and input/hydro/series/zone51/mod.txt
Importing mingen
|
| | 0%
|
|======================================================================| 100%
Importing hydroStorage
|
| | 0%
|
|======================================================================| 100%
Importing mingen
|
| | 0%
|
|======================================================================| 100%
Importing hydroStorageMaxPower
|
| | 0%
|
|======================================================================| 100%
Importing mingen
|
| | 0%
|
|======================================================================| 100%
Importing hydroStorage
|
| | 0%
|
|======================================================================| 100%
Importing mingen
|
| | 0%
|
|======================================================================| 100%
Importing hydroStorage
|
| | 0%
|
|======================================================================| 100%
Importing mingen
|
| | 0%
|
|======================================================================| 100%
Importing hydroStorageMaxPower
|
| | 0%
|
|======================================================================| 100%
Data does not respect the weekly condition.
You must check input/hydro/series/zone51/mingen.txt and input/hydro/series/zone51/mod.txt
Importing mingen
|
| | 0%
|
|======================================================================| 100%
Importing hydroStorage
|
| | 0%
|
|======================================================================| 100%
Importing mingen
|
| | 0%
|
|======================================================================| 100%
Importing hydroStorageMaxPower
|
| | 0%
|
|======================================================================| 100%
Importing mingen
|
| | 0%
|
|======================================================================| 100%
Importing hydroStorage
|
| | 0%
|
|======================================================================| 100%
Data does not respect the weekly condition.
You must check input/hydro/series/zone51/mingen.txt and input/hydro/series/zone51/mod.txt
Importing mingen
|
| | 0%
|
|======================================================================| 100%
Importing hydroStorageMaxPower
|
| | 0%
|
|======================================================================| 100%
Importing mingen
|
| | 0%
|
|======================================================================| 100%
Importing hydroStorage
|
| | 0%
|
|======================================================================| 100%
Importing mingen
|
| | 0%
|
|======================================================================| 100%
Importing hydroStorage
|
| | 0%
|
|======================================================================| 100%
Importing mingen
|
| | 0%
|
|======================================================================| 100%
Importing hydroStorage
|
| | 0%
|
|======================================================================| 100%
Importing mingen
|
| | 0%
|
|======================================================================| 100%
Importing hydroStorage
|
| | 0%
|
|======================================================================| 100%
Importing mingen
|
| | 0%
|
|======================================================================| 100%
Importing hydroStorage
|
| | 0%
|
|======================================================================| 100%
Importing mingen
|
| | 0%
|
|======================================================================| 100%
Importing hydroStorage
|
| | 0%
|
|======================================================================| 100%
Importing mingen
|
| | 0%
|
|======================================================================| 100%
Importing hydroStorageMaxPower
|
| | 0%
|
|======================================================================| 100%
Importing mingen
|
| | 0%
|
|======================================================================| 100%
Importing hydroStorage
|
| | 0%
|
|======================================================================| 100%
Importing mingen
|
| | 0%
|
|======================================================================| 100%
Importing hydroStorage
|
| | 0%
|
|======================================================================| 100%
Importing mingen
|
| | 0%
|
|======================================================================| 100%
Importing hydroStorageMaxPower
|
| | 0%
|
|======================================================================| 100%
Importing mingen
|
| | 0%
|
|======================================================================| 100%
Importing hydroStorage
|
| | 0%
|
|======================================================================| 100%
Importing mingen
|
| | 0%
|
|======================================================================| 100%
Importing hydroStorageMaxPower
|
| | 0%
|
|======================================================================| 100%
Importing mingen
|
| | 0%
|
|======================================================================| 100%
Importing hydroStorage
|
| | 0%
|
|======================================================================| 100%
Importing mingen
|
| | 0%
|
|======================================================================| 100%
Importing hydroStorage
|
| | 0%
|
|======================================================================| 100%
Importing mingen
|
| | 0%
|
|======================================================================| 100%
Importing hydroStorageMaxPower
|
| | 0%
|
|======================================================================| 100%
Importing mingen
|
| | 0%
|
|======================================================================| 100%
Importing hydroStorage
|
| | 0%
|
|======================================================================| 100%
Importing mingen
|
| | 0%
|
|======================================================================| 100%
Importing hydroStorage
|
| | 0%
|
|======================================================================| 100%
Importing mingen
|
| | 0%
|
|======================================================================| 100%
Importing hydroStorageMaxPower
|
| | 0%
|
|======================================================================| 100%
Importing mingen
|
| | 0%
|
|======================================================================| 100%
Importing hydroStorage
|
| | 0%
|
|======================================================================| 100%
Importing mingen
|
| | 0%
|
|======================================================================| 100%
Importing hydroStorageMaxPower
|
| | 0%
|
|======================================================================| 100%
Importing mingen
|
| | 0%
|
|======================================================================| 100%
Importing hydroStorage
|
| | 0%
|
|======================================================================| 100%
Importing mingen
|
| | 0%
|
|======================================================================| 100%
Importing hydroStorageMaxPower
|
| | 0%
|
|======================================================================| 100%
Importing mingen
|
| | 0%
|
|======================================================================| 100%
Importing hydroStorageMaxPower
|
| | 0%
|
|======================================================================| 100%
Importing mingen
|
| | 0%
|
|======================================================================| 100%
Importing hydroStorageMaxPower
|
| | 0%
|
|======================================================================| 100%
Importing mingen
|
| | 0%
|
|======================================================================| 100%
Importing hydroStorageMaxPower
|
| | 0%
|
|======================================================================| 100%
Importing mingen
|
| | 0%
|
|======================================================================| 100%
Importing hydroStorageMaxPower
|
| | 0%
|
|======================================================================| 100%
Importing mingen
|
| | 0%
|
|======================================================================| 100%
Importing hydroStorageMaxPower
|
| | 0%
|
|======================================================================| 100%
[ FAIL 2 | WARN 171 | SKIP 4 | PASS 624 ]
══ Skipped tests (4) ═══════════════════════════════════════════════════════════
• Deprecated (1): 'test-compute_timeStamp_from_hourly.R:3:1'
• Function requires study that spans on 2 years (TODO) (1):
'test-computeTimeStepFromHourly.R:3:1'
• On CRAN (1): 'test-createArea.R:25:5'
• empty test (1): 'test-createClusterBulk.R:152:1'
══ Failed tests ════════════════════════════════════════════════════════════════
── Failure ('test-writeOutputValues.R:18:5'): Write all ────────────────────────
identical(as.matrix(data$areas), as.matrix(data2$areas)) is not TRUE
`actual`: FALSE
`expected`: TRUE
── Failure ('test-writeOutputValues.R:31:5'): Write all ────────────────────────
identical(as.matrix(data$areas), as.matrix(data2$areas)) is not TRUE
`actual`: FALSE
`expected`: TRUE
[ FAIL 2 | WARN 171 | SKIP 4 | PASS 624 ]
Error: Test failures
Execution halted
- checking for unstated dependencies in vignettes ... OK
- checking package vignettes ... OK
- checking re-building of vignette outputs ... [16s/23s] OK
- checking PDF version of manual ... [6s/8s] OK
- checking HTML version of manual ... [2s/4s] OK
- checking for non-standard things in the check directory ... OK
- DONE
Status: 1 ERROR