* using log directory ‘/home/hornik/tmp/R.check/r-devel-gcc/Work/PKGS/OmopSketch.Rcheck’ * using R Under development (unstable) (2025-02-21 r87787) * using platform: x86_64-pc-linux-gnu * R was compiled by gcc-14 (Debian 14.2.0-16) 14.2.0 GNU Fortran (Debian 14.2.0-16) 14.2.0 * running under: Debian GNU/Linux trixie/sid * using session charset: UTF-8 * checking for file ‘OmopSketch/DESCRIPTION’ ... OK * this is package ‘OmopSketch’ version ‘0.2.2’ * package encoding: UTF-8 * checking package namespace information ... OK * checking package dependencies ... OK * checking if this is a source package ... OK * checking if there is a namespace ... OK * checking for executable files ... OK * checking for hidden files and directories ... OK * checking for portable file names ... OK * checking for sufficient/correct file permissions ... OK * checking whether package ‘OmopSketch’ can be installed ... OK See 'https://www.r-project.org/nosvn/R.check/r-devel-linux-x86_64-debian-gcc/OmopSketch-00install.html' for details. * checking package directory ... OK * checking for future file timestamps ... OK * checking ‘build’ directory ... OK * checking DESCRIPTION meta-information ... OK * checking top-level files ... OK * checking for left-over files ... OK * checking index information ... OK * checking package subdirectories ... OK * checking code files for non-ASCII characters ... OK * checking R files for syntax errors ... OK * checking whether the package can be loaded ... [1s/1s] OK * checking whether the package can be loaded with stated dependencies ... [1s/1s] OK * checking whether the package can be unloaded cleanly ... [1s/1s] OK * checking whether the namespace can be loaded with stated dependencies ... [1s/1s] OK * checking whether the namespace can be unloaded cleanly ... [1s/1s] OK * checking loading without being on the library search path ... [1s/1s] OK * checking use of S3 registration ... OK * checking dependencies in R code ... OK * checking S3 generic/method consistency ... OK * checking replacement functions ... OK * checking foreign function calls ... OK * checking R code for possible problems ... [8s/10s] OK * checking Rd files ... [0s/1s] OK * checking Rd metadata ... OK * checking Rd line widths ... OK * checking Rd cross-references ... OK * checking for missing documentation entries ... OK * checking for code/documentation mismatches ... OK * checking Rd \usage sections ... OK * checking Rd contents ... OK * checking for unstated dependencies in examples ... OK * checking R/sysdata.rda ... OK * checking installed files from ‘inst/doc’ ... OK * checking files in ‘vignettes’ ... OK * checking examples ... [1s/2s] OK * checking for unstated dependencies in ‘tests’ ... OK * checking tests ... [8s/8s] OK Running ‘testthat.R’ [8s/8s] * checking for unstated dependencies in vignettes ... OK * checking package vignettes ... OK * checking re-building of vignette outputs ... [235s/326s] ERROR Error(s) in re-building vignettes: ... --- re-building ‘A-summarise_clinical_tables_records.Rmd’ using rmarkdown ** Processing: /home/hornik/tmp/R.check/r-devel-gcc/Work/PKGS/OmopSketch.Rcheck/vign_test/OmopSketch/vignettes/A-summarise_clinical_tables_records_files/figure-html/unnamed-chunk-9-1.png 1344x960 pixels, 8 bits/pixel, 256 colors in palette Reducing image to 8 bits/pixel, grayscale Input IDAT size = 57930 bytes Input file size = 58872 bytes Trying: zc = 9 zm = 8 zs = 0 f = 0 IDAT size = 51195 zc = 9 zm = 8 zs = 1 f = 0 IDAT size = 50963 zc = 1 zm = 8 zs = 2 f = 0 zc = 9 zm = 8 zs = 3 f = 0 zc = 9 zm = 8 zs = 0 f = 5 zc = 9 zm = 8 zs = 1 f = 5 zc = 1 zm = 8 zs = 2 f = 5 zc = 9 zm = 8 zs = 3 f = 5 Selecting parameters: zc = 9 zm = 8 zs = 1 f = 0 IDAT size = 50963 Output IDAT size = 50963 bytes (6967 bytes decrease) Output file size = 51041 bytes (7831 bytes = 13.30% decrease) ** Processing: /home/hornik/tmp/R.check/r-devel-gcc/Work/PKGS/OmopSketch.Rcheck/vign_test/OmopSketch/vignettes/A-summarise_clinical_tables_records_files/figure-html/unnamed-chunk-10-1.png 1344x960 pixels, 8 bits/pixel, 256 colors in palette Reducing image to 8 bits/pixel, grayscale Input IDAT size = 82596 bytes Input file size = 83574 bytes Trying: zc = 9 zm = 8 zs = 0 f = 0 IDAT size = 74973 zc = 9 zm = 8 zs = 1 f = 0 zc = 1 zm = 8 zs = 2 f = 0 zc = 9 zm = 8 zs = 3 f = 0 zc = 9 zm = 8 zs = 0 f = 5 IDAT size = 72587 zc = 9 zm = 8 zs = 1 f = 5 IDAT size = 71763 zc = 1 zm = 8 zs = 2 f = 5 zc = 9 zm = 8 zs = 3 f = 5 Selecting parameters: zc = 9 zm = 8 zs = 1 f = 5 IDAT size = 71763 Output IDAT size = 71763 bytes (10833 bytes decrease) Output file size = 71841 bytes (11733 bytes = 14.04% decrease) ** Processing: /home/hornik/tmp/R.check/r-devel-gcc/Work/PKGS/OmopSketch.Rcheck/vign_test/OmopSketch/vignettes/A-summarise_clinical_tables_records_files/figure-html/unnamed-chunk-11-1.png 1344x960 pixels, 8 bits/pixel, 256 colors in palette Reducing image to 8 bits/pixel, grayscale Input IDAT size = 68630 bytes Input file size = 69584 bytes Trying: zc = 9 zm = 8 zs = 0 f = 0 IDAT size = 62317 zc = 9 zm = 8 zs = 1 f = 0 zc = 1 zm = 8 zs = 2 f = 0 zc = 9 zm = 8 zs = 3 f = 0 zc = 9 zm = 8 zs = 0 f = 5 zc = 9 zm = 8 zs = 1 f = 5 zc = 1 zm = 8 zs = 2 f = 5 zc = 9 zm = 8 zs = 3 f = 5 Selecting parameters: zc = 9 zm = 8 zs = 0 f = 0 IDAT size = 62317 Output IDAT size = 62317 bytes (6313 bytes decrease) Output file size = 62395 bytes (7189 bytes = 10.33% decrease) ** Processing: /home/hornik/tmp/R.check/r-devel-gcc/Work/PKGS/OmopSketch.Rcheck/vign_test/OmopSketch/vignettes/A-summarise_clinical_tables_records_files/figure-html/unnamed-chunk-13-1.png 1344x960 pixels, 3x8 bits/pixel, RGB Input IDAT size = 255107 bytes Input file size = 255557 bytes Trying: zc = 9 zm = 8 zs = 0 f = 0 IDAT size = 212828 zc = 9 zm = 8 zs = 1 f = 0 zc = 1 zm = 8 zs = 2 f = 0 zc = 9 zm = 8 zs = 3 f = 0 zc = 9 zm = 8 zs = 0 f = 5 zc = 9 zm = 8 zs = 1 f = 5 zc = 1 zm = 8 zs = 2 f = 5 zc = 9 zm = 8 zs = 3 f = 5 Selecting parameters: zc = 9 zm = 8 zs = 0 f = 0 IDAT size = 212828 Output IDAT size = 212828 bytes (42279 bytes decrease) Output file size = 212906 bytes (42651 bytes = 16.69% decrease) --- finished re-building ‘A-summarise_clinical_tables_records.Rmd’ --- re-building ‘B-summarise_concept_set_counts.Rmd’ using rmarkdown Quitting from lines 17-26 [unnamed-chunk-1] (B-summarise_concept_set_counts.Rmd) Error: processing vignette 'B-summarise_concept_set_counts.Rmd' failed with diagnostics: could not find function "eunomia_is_available" --- failed re-building ‘B-summarise_concept_set_counts.Rmd’ --- re-building ‘C-summarise_observation_period.Rmd’ using rmarkdown ** Processing: /home/hornik/tmp/R.check/r-devel-gcc/Work/PKGS/OmopSketch.Rcheck/vign_test/OmopSketch/vignettes/C-summarise_observation_period_files/figure-html/unnamed-chunk-7-1.png 1344x960 pixels, 8 bits/pixel, 255 colors in palette Reducing image to 8 bits/pixel, grayscale Input IDAT size = 15522 bytes Input file size = 16389 bytes Trying: zc = 9 zm = 8 zs = 0 f = 0 IDAT size = 11819 zc = 9 zm = 8 zs = 1 f = 0 zc = 1 zm = 8 zs = 2 f = 0 zc = 9 zm = 8 zs = 3 f = 0 zc = 9 zm = 8 zs = 0 f = 5 IDAT size = 10600 zc = 9 zm = 8 zs = 1 f = 5 IDAT size = 10555 zc = 1 zm = 8 zs = 2 f = 5 zc = 9 zm = 8 zs = 3 f = 5 Selecting parameters: zc = 9 zm = 8 zs = 1 f = 5 IDAT size = 10555 Output IDAT size = 10555 bytes (4967 bytes decrease) Output file size = 10633 bytes (5756 bytes = 35.12% decrease) ** Processing: /home/hornik/tmp/R.check/r-devel-gcc/Work/PKGS/OmopSketch.Rcheck/vign_test/OmopSketch/vignettes/C-summarise_observation_period_files/figure-html/unnamed-chunk-8-1.png 1344x960 pixels, 8 bits/pixel, 256 colors in palette Reducing image to 8 bits/pixel, grayscale Input IDAT size = 19954 bytes Input file size = 20836 bytes Trying: zc = 9 zm = 8 zs = 0 f = 0 IDAT size = 14819 zc = 9 zm = 8 zs = 1 f = 0 zc = 1 zm = 8 zs = 2 f = 0 zc = 9 zm = 8 zs = 3 f = 0 zc = 9 zm = 8 zs = 0 f = 5 IDAT size = 12275 zc = 9 zm = 8 zs = 1 f = 5 IDAT size = 12228 zc = 1 zm = 8 zs = 2 f = 5 zc = 9 zm = 8 zs = 3 f = 5 Selecting parameters: zc = 9 zm = 8 zs = 1 f = 5 IDAT size = 12228 Output IDAT size = 12228 bytes (7726 bytes decrease) Output file size = 12306 bytes (8530 bytes = 40.94% decrease) ** Processing: /home/hornik/tmp/R.check/r-devel-gcc/Work/PKGS/OmopSketch.Rcheck/vign_test/OmopSketch/vignettes/C-summarise_observation_period_files/figure-html/unnamed-chunk-8-2.png 1344x960 pixels, 3x8 bits/pixel, RGB Input IDAT size = 40380 bytes Input file size = 40506 bytes Trying: zc = 9 zm = 8 zs = 0 f = 0 zc = 9 zm = 8 zs = 1 f = 0 zc = 1 zm = 8 zs = 2 f = 0 zc = 9 zm = 8 zs = 3 f = 0 zc = 9 zm = 8 zs = 0 f = 5 IDAT size = 36507 zc = 9 zm = 8 zs = 1 f = 5 zc = 1 zm = 8 zs = 2 f = 5 zc = 9 zm = 8 zs = 3 f = 5 Selecting parameters: zc = 9 zm = 8 zs = 0 f = 5 IDAT size = 36507 Output IDAT size = 36507 bytes (3873 bytes decrease) Output file size = 36585 bytes (3921 bytes = 9.68% decrease) ** Processing: /home/hornik/tmp/R.check/r-devel-gcc/Work/PKGS/OmopSketch.Rcheck/vign_test/OmopSketch/vignettes/C-summarise_observation_period_files/figure-html/unnamed-chunk-13-1.png 1344x960 pixels, 8 bits/pixel, 256 colors in palette Reducing image to 8 bits/pixel, grayscale Input IDAT size = 42770 bytes Input file size = 43688 bytes Trying: zc = 9 zm = 8 zs = 0 f = 0 IDAT size = 38194 zc = 9 zm = 8 zs = 1 f = 0 IDAT size = 37768 zc = 1 zm = 8 zs = 2 f = 0 zc = 9 zm = 8 zs = 3 f = 0 zc = 9 zm = 8 zs = 0 f = 5 zc = 9 zm = 8 zs = 1 f = 5 zc = 1 zm = 8 zs = 2 f = 5 zc = 9 zm = 8 zs = 3 f = 5 Selecting parameters: zc = 9 zm = 8 zs = 1 f = 0 IDAT size = 37768 Output IDAT size = 37768 bytes (5002 bytes decrease) Output file size = 37846 bytes (5842 bytes = 13.37% decrease) ** Processing: /home/hornik/tmp/R.check/r-devel-gcc/Work/PKGS/OmopSketch.Rcheck/vign_test/OmopSketch/vignettes/C-summarise_observation_period_files/figure-html/unnamed-chunk-14-1.png 1344x960 pixels, 3x8 bits/pixel, RGB Input IDAT size = 187735 bytes Input file size = 188077 bytes Trying: zc = 9 zm = 8 zs = 0 f = 0 IDAT size = 146908 zc = 9 zm = 8 zs = 1 f = 0 zc = 1 zm = 8 zs = 2 f = 0 zc = 9 zm = 8 zs = 3 f = 0 zc = 9 zm = 8 zs = 0 f = 5 zc = 9 zm = 8 zs = 1 f = 5 zc = 1 zm = 8 zs = 2 f = 5 zc = 9 zm = 8 zs = 3 f = 5 Selecting parameters: zc = 9 zm = 8 zs = 0 f = 0 IDAT size = 146908 Output IDAT size = 146908 bytes (40827 bytes decrease) Output file size = 146986 bytes (41091 bytes = 21.85% decrease) --- finished re-building ‘C-summarise_observation_period.Rmd’ SUMMARY: processing the following file failed: ‘B-summarise_concept_set_counts.Rmd’ Error: Vignette re-building failed. Execution halted * checking PDF version of manual ... [4s/6s] OK * checking HTML version of manual ... [1s/1s] OK * checking for non-standard things in the check directory ... OK * DONE Status: 1 ERROR