* using log directory ‘/home/hornik/tmp/R.check/r-devel-clang/Work/PKGS/imt.Rcheck’ * using R Under development (unstable) (2025-02-19 r87757) * using platform: x86_64-pc-linux-gnu * R was compiled by Debian clang version 19.1.7 (1+b1) Debian flang-new version 19.1.7 (1+b1) * running under: Debian GNU/Linux trixie/sid * using session charset: UTF-8 * checking for file ‘imt/DESCRIPTION’ ... OK * this is package ‘imt’ version ‘1.0.0’ * package encoding: UTF-8 * checking package namespace information ... OK * checking package dependencies ... OK * checking if this is a source package ... OK * checking if there is a namespace ... OK * checking for executable files ... OK * checking for hidden files and directories ... OK * checking for portable file names ... OK * checking for sufficient/correct file permissions ... OK * checking serialization versions ... OK * checking whether package ‘imt’ can be installed ... ERROR Installation failed. See 'https://www.r-project.org/nosvn/R.check/r-devel-linux-x86_64-debian-clang/imt-00install.html' for details. * DONE Status: 1 ERROR