- using R Under development (unstable) (2025-02-02 r87676)
- using platform: x86_64-pc-linux-gnu
- R was compiled by
Debian clang version 19.1.6 (1+b1)
Debian flang-new version 19.1.6 (1+b1)
- running under: Debian GNU/Linux trixie/sid
- using session charset: UTF-8
- checking for file ‘NMAoutlier/DESCRIPTION’ ... OK
- this is package ‘NMAoutlier’ version ‘0.1.18’
- package encoding: UTF-8
- checking package namespace information ... OK
- checking package dependencies ... OK
- checking if this is a source package ... OK
- checking if there is a namespace ... OK
- checking for executable files ... OK
- checking for hidden files and directories ... OK
- checking for portable file names ... OK
- checking for sufficient/correct file permissions ... OK
- checking serialization versions ... OK
- checking whether package ‘NMAoutlier’ can be installed ... OK
See the install log for details.
- checking package directory ... OK
- checking for future file timestamps ... OK
- checking DESCRIPTION meta-information ... OK
- checking top-level files ... OK
- checking for left-over files ... OK
- checking index information ... OK
- checking package subdirectories ... OK
- checking code files for non-ASCII characters ... OK
- checking R files for syntax errors ... OK
- checking whether the package can be loaded ... [4s/5s] OK
- checking whether the package can be loaded with stated dependencies ... [3s/4s] OK
- checking whether the package can be unloaded cleanly ... [3s/4s] OK
- checking whether the namespace can be loaded with stated dependencies ... [3s/3s] OK
- checking whether the namespace can be unloaded cleanly ... [4s/4s] OK
- checking loading without being on the library search path ... [4s/5s] OK
- checking use of S3 registration ... OK
- checking dependencies in R code ... OK
- checking S3 generic/method consistency ... OK
- checking replacement functions ... OK
- checking foreign function calls ... OK
- checking R code for possible problems ... [24s/30s] OK
- checking Rd files ... [0s/1s] OK
- checking Rd metadata ... OK
- checking Rd line widths ... OK
- checking Rd cross-references ... NOTE
Found the following Rd file(s) with Rd \link{} targets missing package
anchors:
NMAoutlier.Rd: netmeta
NMAoutlier.measures.Rd: netmeta
netmet.Rd: netmeta
Please provide package anchors for all Rd \link{} targets not in the
package itself and the base packages.
- checking for missing documentation entries ... OK
- checking for code/documentation mismatches ... OK
- checking Rd \usage sections ... OK
- checking Rd contents ... OK
- checking for unstated dependencies in examples ... OK
- checking contents of ‘data’ directory ... OK
- checking data for non-ASCII characters ... [0s/0s] OK
- checking data for ASCII and uncompressed saves ... OK
- checking examples ... [4s/5s] ERROR
Running examples in ‘NMAoutlier-Ex.R’ failed
The error most likely occurred in:
> base::assign(".ptime", proc.time(), pos = "CheckExEnv")
> ### Name: NMAoutlier.measures
> ### Title: Outlier and influential detection measures in network
> ### meta-analysis.
> ### Aliases: NMAoutlier.measures
>
> ### ** Examples
>
> data(smokingcessation, package = "netmeta")
> smokingcessation$id <- 1:nrow(smokingcessation)
>
> study912 <- subset(smokingcessation, id %in% 9:12)
> p1 <- netmeta::pairwise(list(treat1, treat2, treat3),
+ list(event1, event2, event3),
+ list(n1, n2, n3),
+ data = study912,
+ sm = "OR")
Error: 'pairwise' is not an exported object from 'namespace:netmeta'
Execution halted
- checking PDF version of manual ... [6s/9s] OK
- checking HTML version of manual ... [1s/2s] OK
- checking for non-standard things in the check directory ... OK
- DONE
Status: 1 ERROR, 1 NOTE