- using R Under development (unstable) (2025-07-13 r88407)
- using platform: x86_64-pc-linux-gnu
- R was compiled by
Debian clang version 19.1.7 (3+b1)
Debian flang-new version 19.1.7 (3+b1)
- running under: Debian GNU/Linux 13 (trixie)
- using session charset: UTF-8
- checking for file ‘I14Y/DESCRIPTION’ ... OK
- checking extension type ... Package
- this is package ‘I14Y’ version ‘0.1.4’
- package encoding: UTF-8
- checking CRAN incoming feasibility ... [1s/2s] OK
- checking package namespace information ... OK
- checking package dependencies ... OK
- checking if this is a source package ... OK
- checking if there is a namespace ... OK
- checking for executable files ... OK
- checking for hidden files and directories ... OK
- checking for portable file names ... OK
- checking for sufficient/correct file permissions ... OK
- checking whether package ‘I14Y’ can be installed ... OK
See the install log for details.
- checking package directory ... OK
- checking for future file timestamps ... OK
- checking DESCRIPTION meta-information ... OK
- checking top-level files ... OK
- checking for left-over files ... OK
- checking index information ... OK
- checking package subdirectories ... OK
- checking code files for non-ASCII characters ... OK
- checking R files for syntax errors ... OK
- checking whether the package can be loaded ... [0s/1s] OK
- checking whether the package can be loaded with stated dependencies ... [0s/0s] OK
- checking whether the package can be unloaded cleanly ... [0s/0s] OK
- checking whether the namespace can be loaded with stated dependencies ... [0s/0s] OK
- checking whether the namespace can be unloaded cleanly ... [0s/1s] OK
- checking loading without being on the library search path ... [0s/1s] OK
- checking use of S3 registration ... OK
- checking dependencies in R code ... OK
- checking S3 generic/method consistency ... OK
- checking replacement functions ... OK
- checking foreign function calls ... OK
- checking R code for possible problems ... [5s/7s] OK
- checking Rd files ... [0s/0s] OK
- checking Rd metadata ... OK
- checking Rd line widths ... OK
- checking Rd cross-references ... OK
- checking for missing documentation entries ... OK
- checking for code/documentation mismatches ... OK
- checking Rd \usage sections ... OK
- checking Rd contents ... OK
- checking for unstated dependencies in examples ... OK
- checking examples ... [2s/10s] ERROR
Running examples in ‘I14Y-Ex.R’ failed
The error most likely occurred in:
> base::assign(".ptime", proc.time(), pos = "CheckExEnv")
> ### Name: i14y_get_dataset_description
> ### Title: Get dataset description by identifier
> ### Aliases: i14y_get_dataset_description
>
> ### ** Examples
>
> i14y_get_dataset_description(identifier = "HCL_NOGA", language = "en")
Error in `httr2::req_perform()`:
! HTTP 404 Not Found.
Backtrace:
▆
1. └─I14Y::i14y_get_dataset_description(identifier = "HCL_NOGA", language = "en")
2. └─httr2::req_perform(req)
3. └─httr2:::handle_resp(req, resp, error_call = error_call)
4. └─httr2:::resp_failure_cnd(req, resp, error_call = error_call)
5. ├─rlang::catch_cnd(...)
6. │ ├─rlang::eval_bare(...)
7. │ ├─base::tryCatch(...)
8. │ │ └─base (local) tryCatchList(expr, classes, parentenv, handlers)
9. │ │ └─base (local) tryCatchOne(expr, names, parentenv, handlers[[1L]])
10. │ │ └─base (local) doTryCatch(return(expr), name, parentenv, handler)
11. │ └─base::force(expr)
12. └─rlang::abort(...)
Execution halted
Examples with CPU (user + system) or elapsed time > 5s
user system elapsed
i14y_get_codelist 1.164 0.081 6.832
- checking for unstated dependencies in ‘tests’ ... OK
- checking tests ... [4s/9s] ERROR
Running ‘testthat.R’ [3s/8s]
Running the tests in ‘tests/testthat.R’ failed.
Complete output:
> # This file is part of the standard setup for testthat.
> # It is recommended that you do not modify it.
> #
> # Where should you do additional test configuration?
> # Learn more about the roles of various files in:
> # * https://r-pkgs.org/testing-design.html#sec-tests-files-overview
> # * https://testthat.r-lib.org/articles/special-files.html
>
> library(testthat)
> library(I14Y)
>
> test_check("I14Y")
[ FAIL 4 | WARN 0 | SKIP 0 | PASS 20 ]
══ Failed tests ════════════════════════════════════════════════════════════════
── Error ('test-i14y_get_data_element.R:5:3'): i14y_get_data_element() returns a data.frame ──
<httr2_http_500/httr2_http/httr2_error/rlang_error/rlang_error/error/condition>
Error in `httr2::req_perform(req)`: HTTP 500 Internal Server Error.
Backtrace:
▆
1. └─I14Y::i14y_get_data_element(...) at test-i14y_get_data_element.R:5:3
2. └─httr2::req_perform(req)
3. └─httr2:::handle_resp(req, resp, error_call = error_call)
4. └─httr2:::resp_failure_cnd(req, resp, error_call = error_call)
5. ├─rlang::catch_cnd(...)
6. │ ├─rlang::eval_bare(...)
7. │ ├─base::tryCatch(...)
8. │ │ └─base (local) tryCatchList(expr, classes, parentenv, handlers)
9. │ │ └─base (local) tryCatchOne(expr, names, parentenv, handlers[[1L]])
10. │ │ └─base (local) doTryCatch(return(expr), name, parentenv, handler)
11. │ └─base::force(expr)
12. └─rlang::abort(...)
── Error ('test-i14y_get_dataset_description.R:5:3'): i14y_get_dataset_description() returns a list ──
<httr2_http_404/httr2_http/httr2_error/rlang_error/rlang_error/error/condition>
Error in `httr2::req_perform(req)`: HTTP 404 Not Found.
Backtrace:
▆
1. └─I14Y::i14y_get_dataset_description(identifier = "SpiGes_Erhebung_Administratives") at test-i14y_get_dataset_description.R:5:3
2. └─httr2::req_perform(req)
3. └─httr2:::handle_resp(req, resp, error_call = error_call)
4. └─httr2:::resp_failure_cnd(req, resp, error_call = error_call)
5. ├─rlang::catch_cnd(...)
6. │ ├─rlang::eval_bare(...)
7. │ ├─base::tryCatch(...)
8. │ │ └─base (local) tryCatchList(expr, classes, parentenv, handlers)
9. │ │ └─base (local) tryCatchOne(expr, names, parentenv, handlers[[1L]])
10. │ │ └─base (local) doTryCatch(return(expr), name, parentenv, handler)
11. │ └─base::force(expr)
12. └─rlang::abort(...)
── Error ('test-i14y_get_dataset_distributions.R:5:3'): i14y_get_dataset_distributions() returns a data.frame ──
<httr2_http_404/httr2_http/httr2_error/rlang_error/rlang_error/error/condition>
Error in `httr2::req_perform(req)`: HTTP 404 Not Found.
Backtrace:
▆
1. └─I14Y::i14y_get_dataset_distributions(...) at test-i14y_get_dataset_distributions.R:5:3
2. └─httr2::req_perform(req)
3. └─httr2:::handle_resp(req, resp, error_call = error_call)
4. └─httr2:::resp_failure_cnd(req, resp, error_call = error_call)
5. ├─rlang::catch_cnd(...)
6. │ ├─rlang::eval_bare(...)
7. │ ├─base::tryCatch(...)
8. │ │ └─base (local) tryCatchList(expr, classes, parentenv, handlers)
9. │ │ └─base (local) tryCatchOne(expr, names, parentenv, handlers[[1L]])
10. │ │ └─base (local) doTryCatch(return(expr), name, parentenv, handler)
11. │ └─base::force(expr)
12. └─rlang::abort(...)
── Error ('test-i14y_search_concept.R:5:3'): i14y_search_concept() returns a data.frame ──
<httr2_http_500/httr2_http/httr2_error/rlang_error/rlang_error/error/condition>
Error in `httr2::req_perform(req)`: HTTP 500 Internal Server Error.
Backtrace:
▆
1. └─I14Y::i14y_search_concept(search = "noga", page = 1, pageSize = 1) at test-i14y_search_concept.R:5:3
2. └─httr2::req_perform(req)
3. └─httr2:::handle_resp(req, resp, error_call = error_call)
4. └─httr2:::resp_failure_cnd(req, resp, error_call = error_call)
5. ├─rlang::catch_cnd(...)
6. │ ├─rlang::eval_bare(...)
7. │ ├─base::tryCatch(...)
8. │ │ └─base (local) tryCatchList(expr, classes, parentenv, handlers)
9. │ │ └─base (local) tryCatchOne(expr, names, parentenv, handlers[[1L]])
10. │ │ └─base (local) doTryCatch(return(expr), name, parentenv, handler)
11. │ └─base::force(expr)
12. └─rlang::abort(...)
[ FAIL 4 | WARN 0 | SKIP 0 | PASS 20 ]
Error: Test failures
Execution halted
- checking PDF version of manual ... [4s/6s] OK
- checking HTML version of manual ... [0s/1s] OK
- checking for non-standard things in the check directory ... OK
- DONE
Status: 2 ERRORs