- using R Under development (unstable) (2025-02-19 r87757)
- using platform: x86_64-pc-linux-gnu
- R was compiled by
Debian clang version 19.1.7 (1+b1)
Debian flang-new version 19.1.7 (1+b1)
- running under: Debian GNU/Linux trixie/sid
- using session charset: UTF-8
- checking for file ‘DataPackageR/DESCRIPTION’ ... OK
- checking extension type ... Package
- this is package ‘DataPackageR’ version ‘0.16.1’
- package encoding: UTF-8
- checking package namespace information ... OK
- checking package dependencies ... OK
- checking if this is a source package ... OK
- checking if there is a namespace ... OK
- checking for executable files ... OK
- checking for hidden files and directories ... OK
- checking for portable file names ... OK
- checking for sufficient/correct file permissions ... OK
- checking whether package ‘DataPackageR’ can be installed ... OK
See the install log for details.
- checking package directory ... OK
- checking for future file timestamps ... OK
- checking ‘build’ directory ... OK
- checking DESCRIPTION meta-information ... OK
- checking top-level files ... OK
- checking for left-over files ... OK
- checking index information ... OK
- checking package subdirectories ... OK
- checking code files for non-ASCII characters ... OK
- checking R files for syntax errors ... OK
- checking whether the package can be loaded ... [1s/1s] OK
- checking whether the package can be loaded with stated dependencies ... [1s/1s] OK
- checking whether the package can be unloaded cleanly ... [1s/1s] OK
- checking whether the namespace can be loaded with stated dependencies ... [1s/1s] OK
- checking whether the namespace can be unloaded cleanly ... [1s/1s] OK
- checking loading without being on the library search path ... [1s/1s] OK
- checking whether startup messages can be suppressed ... [1s/1s] OK
- checking use of S3 registration ... OK
- checking dependencies in R code ... OK
- checking S3 generic/method consistency ... OK
- checking replacement functions ... OK
- checking foreign function calls ... OK
- checking R code for possible problems ... [9s/11s] OK
- checking Rd files ... [0s/1s] OK
- checking Rd metadata ... OK
- checking Rd line widths ... OK
- checking Rd cross-references ... OK
- checking for missing documentation entries ... OK
- checking for code/documentation mismatches ... OK
- checking Rd \usage sections ... OK
- checking Rd contents ... OK
- checking for unstated dependencies in examples ... OK
- checking installed files from ‘inst/doc’ ... OK
- checking files in ‘vignettes’ ... OK
- checking examples ... [17s/23s] OK
Examples with CPU (user + system) or elapsed time > 5s
user system elapsed
DataPackageR-package 4.483 0.509 6.406
- checking for unstated dependencies in ‘tests’ ... OK
- checking tests ... [133s/170s] ERROR
Running ‘spelling.R’ [0s/0s]
Running ‘testthat.R’ [132s/170s]
Running the tests in ‘tests/testthat.R’ failed.
Complete output:
> library(testthat)
> library(DataPackageR)
> # Test only if pandoc is available.
> if (rmarkdown::pandoc_available()) {
+ test_check("DataPackageR")
+ }
[ FAIL 1 | WARN 1 | SKIP 0 | PASS 247 ]
══ Failed tests ════════════════════════════════════════════════════════════════
── Error ('test-r-processing.R:20:5'): R file processing works and creates vignettes ──
Error in `abs_path(output_file)`: The file '/home/hornik/tmp/scratch/RtmpVmWPvb/file2b946d2825e51b/rfiletest/inst/extdata/Logfiles/rfileTest.pdf' does not exist.
Backtrace:
▆
1. └─base::eval(...)
2. └─base::eval(...)
3. ├─testthat::expect_equal(...) at test-r-processing.R:20:5
4. │ └─testthat::quasi_label(enquo(object), label, arg = "object")
5. │ └─rlang::eval_bare(expr, quo_get_env(quo))
6. ├─base::basename(...)
7. └─DataPackageR::package_build(...)
8. └─DataPackageR:::DataPackageR(arg = package_path, deps = deps)
9. └─rmarkdown::render(...)
10. └─rmarkdown:::abs_path(output_file)
[ FAIL 1 | WARN 1 | SKIP 0 | PASS 247 ]
Error: Test failures
Execution halted
- checking for unstated dependencies in vignettes ... OK
- checking package vignettes ... OK
- checking re-building of vignette outputs ... [14s/20s] OK
- checking PDF version of manual ... [4s/6s] OK
- checking HTML version of manual ... [1s/1s] OK
- checking for non-standard things in the check directory ... OK
- DONE
Status: 1 ERROR