- using R version 4.3.3 (2024-02-29)
- using platform: aarch64-apple-darwin20 (64-bit)
- R was compiled by
Apple clang version 14.0.0 (clang-1400.0.29.202)
GNU Fortran (GCC) 12.2.0
- running under: macOS Ventura 13.4
- using session charset: UTF-8
- checking for file ‘callme/DESCRIPTION’ ... OK
- checking extension type ... Package
- this is package ‘callme’ version ‘0.1.10’
- package encoding: UTF-8
- checking package namespace information ... OK
- checking package dependencies ... OK
- checking if this is a source package ... OK
- checking if there is a namespace ... OK
- checking for executable files ... OK
- checking for hidden files and directories ... OK
- checking for portable file names ... OK
- checking for sufficient/correct file permissions ... OK
- checking whether package ‘callme’ can be installed ... [1s/1s] OK
See the install log for details.
- checking installed package size ... OK
- checking package directory ... OK
- checking ‘build’ directory ... OK
- checking DESCRIPTION meta-information ... OK
- checking top-level files ... OK
- checking for left-over files ... OK
- checking index information ... OK
- checking package subdirectories ... OK
- checking R files for non-ASCII characters ... OK
- checking R files for syntax errors ... OK
- checking whether the package can be loaded ... [0s/0s] OK
- checking whether the package can be loaded with stated dependencies ... [0s/0s] OK
- checking whether the package can be unloaded cleanly ... [0s/0s] OK
- checking whether the namespace can be loaded with stated dependencies ... [0s/0s] OK
- checking whether the namespace can be unloaded cleanly ... [0s/0s] OK
- checking loading without being on the library search path ... [0s/0s] OK
- checking dependencies in R code ... OK
- checking S3 generic/method consistency ... OK
- checking replacement functions ... OK
- checking foreign function calls ... OK
- checking R code for possible problems ... [1s/1s] OK
- checking Rd files ... [0s/0s] OK
- checking Rd metadata ... OK
- checking Rd cross-references ... OK
- checking for missing documentation entries ... OK
- checking for code/documentation mismatches ... OK
- checking Rd \usage sections ... OK
- checking Rd contents ... OK
- checking for unstated dependencies in examples ... OK
- checking installed files from ‘inst/doc’ ... OK
- checking files in ‘vignettes’ ... OK
- checking examples ... [1s/1s] OK
- checking for unstated dependencies in ‘tests’ ... OK
- checking tests ... [1s/1s] OK
Running ‘testthat.R’ [1s/1s]
- checking for unstated dependencies in vignettes ... OK
- checking package vignettes in ‘inst/doc’ ... OK
- checking running R code from vignettes ... [2s/2s] ERROR
Errors in running code in vignettes:
when running code in ‘calling-r-from-c.Rmd’
...
> knitr::knit_engines$set(callme = callme:::callme_engine)
> library(callme)
> call_r_from_c_with_lang1()
When sourcing ‘calling-r-from-c.R’:
Error: could not find function "call_r_from_c_with_lang1"
Execution halted
when running code in ‘data-frames.Rmd’
...
> knitr::knit_engines$set(callme = callme:::callme_engine)
> library(callme)
> create_data_frame_in_c()
When sourcing ‘data-frames.R’:
Error: could not find function "create_data_frame_in_c"
Execution halted
when running code in ‘external-pointers.Rmd’
...
> knitr::knit_engines$set(callme = callme:::callme_engine)
> library(callme)
> cdata <- create_cdata(c(1, 2, pi))
When sourcing ‘external-pointers.R’:
Error: could not find function "create_cdata"
Execution halted
when running code in ‘introduction.Rmd’
...
> knitr::knit_engines$set(callme = callme:::callme_engine)
> library(callme)
> print_with_c("hello")
When sourcing ‘introduction.R’:
Error: could not find function "print_with_c"
Execution halted
when running code in ‘sexp.Rmd’
...
> knitr::knit_engines$set(callme = callme:::callme_engine)
> library(callme)
> what_sexp_is_this(1)
When sourcing ‘sexp.R’:
Error: could not find function "what_sexp_is_this"
Execution halted
when running code in ‘third-party-libraries.Rmd’
...
> knitr::knit_engines$set(callme = callme:::callme_engine)
> library(callme)
> get_zlib_version()
When sourcing ‘third-party-libraries.R’:
Error: could not find function "get_zlib_version"
Execution halted
‘calling-r-from-c.Rmd’ using ‘UTF-8’... failed
‘checking-for-interrupts.Rmd’ using ‘UTF-8’... [0s/0s] OK
‘data-frames.Rmd’ using ‘UTF-8’... failed
‘external-pointers.Rmd’ using ‘UTF-8’... failed
‘introduction.Rmd’ using ‘UTF-8’... failed
‘sexp.Rmd’ using ‘UTF-8’... failed
‘third-party-libraries.Rmd’ using ‘UTF-8’... failed
- checking re-building of vignette outputs ... [20s/24s] OK
- checking PDF version of manual ... [3s/4s] OK
- DONE
Status: 1 ERROR
- using check arguments '--no-clean-on-error '